{"id":34,"date":"2016-10-18T17:39:42","date_gmt":"2016-10-18T17:39:42","guid":{"rendered":"http:\/\/reto.cn\/php\/blog\/wordpress-esperanto\/?page_id=34"},"modified":"2024-02-16T02:13:39","modified_gmt":"2024-02-16T02:13:39","slug":"kontaktu-min","status":"publish","type":"page","link":"https:\/\/reto.cn\/php\/esperanto\/kontaktu-min\/","title":{"rendered":"Kontaktu min"},"content":{"rendered":"<div style=\"width: 110px\" class=\"wp-caption alignleft\"><img decoding=\"async\" loading=\"lazy\" class=\"\" src=\"https:\/\/reto.cn\/bildo\/esperanto\/solis.png\" alt=\"Solis el \u0108inio\" width=\"100\" height=\"128\" \/><p class=\"wp-caption-text\"><em>Solis<\/em> el \u0108inio<\/p><\/div>\n<p>Saluton! \u4f60\u597d\uff01<\/p>\n<p>Mia nomi\u011das Liu Xiaozhe (\u5218\u6653\u54f2), kaj Solis estas mia Esperanta nomo. Mi lo\u011das en la urbo Urumqi (Wulumuqi, \u4e4c\u9c81\u6728\u9f50), regiono (provinco) Xinjiang (\u65b0\u7586), \u0108inio (\u4e2d\u56fd).<\/p>\n<p>Urumqi estas la \u0109efurbo de la regiono Xinjiang. \u011ci estas en la norda Xinjiang, situante apud la montaro Tianshan. En Urumqi estas \u0109irka\u016d 3,5 milionoj da lo\u011dantoj.<\/p>\n<p>La regiono Xinjiang estas en la nordo-okcidento de \u0108inio. \u011ci najbaras kun Mongolio, Rusio, Kazakio, kirgizio, Ta\u011dikio, Afganio, Pakistano, Barato. En Xinjiang estas 21,5 milionoj da lo\u011dantoj.<\/p>\n<div style=\"width: 709px\" class=\"wp-caption aligncenter\"><img decoding=\"async\" loading=\"lazy\" class=\"\" src=\"http:\/\/reto.cn\/bildo\/esperanto\/urumqi.jpg\" alt=\"foto de Urumqi\" width=\"699\" height=\"466\" \/><p class=\"wp-caption-text\"><em>Foto de Urumqi, la \u0109efurbo de regiono Xinjiang, \u0108inio<\/em><\/p><\/div>\n<p>Urumqi estas la plej malproksima urbo al oceano en la mondo. La geografia centro de la azia kontinento estas en Urumqi, kaj la geografia centro de la e\u016droazia kontinento estas en Xinjiang. Long-distance de oceano, Xinjiang estas seka kaj pluvo-malmulta. Pro la seka aero, la temperatura diferenco inter tago kaj nokto estas granda. Tial se vi vizitas Xinjiang, e\u0109 en somero vi kunportu surveston.<\/p>\n<p style=\"text-align: center;\"><iframe loading=\"lazy\" style=\"border: 0;\" src=\"https:\/\/www.google.com\/maps\/embed?pb=!1m18!1m12!1m3!1d12257181.431346087!2d75.9586819482457!3d41.40718617841003!2m3!1f0!2f0!3f0!3m2!1i1024!2i768!4f13.1!3m3!1m2!1s0x3806008cfd7b4dab%3A0xa84116ec366707a1!2sXinjiang%2C+China!5e0!3m2!1sen!2sus!4v1491813067174\" width=\"800\" height=\"600\" frameborder=\"0\" allowfullscreen=\"allowfullscreen\"><\/iframe><\/p>\n<p>Kontaktu min:<\/p>\n<p>Retpo\u015dta adreso:<br \/>\n<a href=\"mailto:ankaw@sina.com\">ankaw@sina.com<\/a><br \/>\n<a href=\"mailto:379561659@qq.com\">379561659@qq.com<\/a><br \/>\nWechat:<br \/>\ncentrolando<br \/>\nQQ:<br \/>\n379561659<\/p>\n","protected":false},"excerpt":{"rendered":"<p>Saluton! \u4f60\u597d\uff01 Mia nomi\u011das Liu Xiaozhe (\u5218\u6653\u54f2), kaj Solis estas mia Esperanta nomo. Mi lo\u011das en la urbo Urumqi (Wulumuqi, \u4e4c\u9c81\u6728\u9f50), regiono (provinco) Xinjiang (\u65b0\u7586), \u0108inio (\u4e2d\u56fd). Urumqi estas la \u0109efurbo de la regiono Xinjiang. \u011ci estas en la norda Xinjiang, situante apud la montaro Tianshan. En Urumqi estas \u0109irka\u016d 3,5 milionoj da lo\u011dantoj. La\u2026 <span class=\"read-more\"><a href=\"https:\/\/reto.cn\/php\/esperanto\/kontaktu-min\/\">\u7ee7\u7eed\u9605\u8bfb Legi pli &raquo;<\/a><\/span><\/p>\n","protected":false},"author":1,"featured_media":0,"parent":0,"menu_order":0,"comment_status":"open","ping_status":"closed","template":"","meta":[],"_links":{"self":[{"href":"https:\/\/reto.cn\/php\/esperanto\/wp-json\/wp\/v2\/pages\/34"}],"collection":[{"href":"https:\/\/reto.cn\/php\/esperanto\/wp-json\/wp\/v2\/pages"}],"about":[{"href":"https:\/\/reto.cn\/php\/esperanto\/wp-json\/wp\/v2\/types\/page"}],"author":[{"embeddable":true,"href":"https:\/\/reto.cn\/php\/esperanto\/wp-json\/wp\/v2\/users\/1"}],"replies":[{"embeddable":true,"href":"https:\/\/reto.cn\/php\/esperanto\/wp-json\/wp\/v2\/comments?post=34"}],"version-history":[{"count":0,"href":"https:\/\/reto.cn\/php\/esperanto\/wp-json\/wp\/v2\/pages\/34\/revisions"}],"wp:attachment":[{"href":"https:\/\/reto.cn\/php\/esperanto\/wp-json\/wp\/v2\/media?parent=34"}],"curies":[{"name":"wp","href":"https:\/\/api.w.org\/{rel}","templated":true}]}}