{"id":512,"date":"2017-02-06T10:56:16","date_gmt":"2017-02-06T10:56:16","guid":{"rendered":"http:\/\/reto.cn\/php\/esperanto\/?page_id=512"},"modified":"2017-02-06T10:56:16","modified_gmt":"2017-02-06T10:56:16","slug":"la-24-sunperiodoj","status":"publish","type":"page","link":"https:\/\/reto.cn\/php\/esperanto\/la-24-sunperiodoj\/","title":{"rendered":"La 24 Sunperiodoj"},"content":{"rendered":"<p>La 24 sunperiodoj povas esti prenata kiel metodo por subtile dividi la sezonojn jene: dividu la ekliptikon(\u015dajna orbito, la\u016d kiu ni teranoj vidas la sunon la\u016diri dum unu jaro ) en 24 partojn per 15\u00b0\u00a0ekde 0\u00b0, (alidire, dividu unu jaron en 24 periodojn), surbaze de tag-\u015dan\u011doj, \u015dan\u011doj de vetero, kreskado de plantoj kaj bestoj, kaj agrikuturadoj,k.a. La nomoj de tiuj divid-punktoj estas Jieqi-oj(\u011dje \u0109i). Ekzemple, kiam la suno estas \u0109e 315\u00b0\u00a0, ni nomas la tagon per \u201cLichun( li \u0109un \u7acb\u6625, la Komenco de Printempo)\u201d\u00a0el la Jieqi-oj. Lichun estas la unua Jieqi-o en la jaro, kaj Dahan(da han \u5927\u5bd2, Plej Malvarmego) la lasta.<\/p>\n<p>Tiu maniero ekaperis anta\u016d pli ol 2000 jaroj kaj perfekti\u011dis dum la dinastioj Qin-Han (221 a.K.- 24 p.K.) , kiam la baseno de Flava-Rivero estis la centro de politiko, ekonomio kaj kulturo. Tial la Jieqi-oj montras naturan kaj agrikulturan karakterojn de tiu regiono, kaj povas helpi agrikulturan produktadon. Iuj Jieqi-oj same kiel Qingming(\u0109ingming\u6e05\u660e, Klaro kaj Brilo) , Dongzhi(dong\u011di \u51ac\u81f3, Vintra Solstico) anka\u016d estas gravaj festoj en \u0109ina vivo.<\/p>\n<p>La 24 Jieqi-oj estas gravaj partoj de \u0109ina tradicia kalendaro, kies monato estas kalkulata la\u016d la rondiro de luno \u0109irka\u016d la tero (luna kalendaro) kaj kies jaro estas kalkultata la\u016d la rondiro de tero \u0109irka\u016d la suno ( suna kalendaro). La funkcio de Jieqi-oj estas akordigi la du kalendarojn la\u016d malsamaj rondiroj per aldoni superaj monatoj en jena rimedo: Unue dividu la Dudek-kvar Jieqi-ojn en du grupojn kun nombroj paraj a\u016d neparaj, poste trovu la monaton sen par-numera Jieqi-o kaj prenu ilin kiel superajn monaton en la jaro.<\/p>\n<p>La 24 Jieqi-oj estis aldonitaj en la Reprezentan Liston de Nemateriaj Kulturaj Hereda\u0135oj de la Homaro dum la 11-a Sesio de Interregistara Komitato pri Protekto de Nematuraj Kulturaj Hereda\u0135oj sub UNESKO je la 30-a de novembro, 2016.<\/p>\n<p>Jen la tablo de la Dudek-kvar Jieqi-oj:<\/p>\n<table>\n<tbody>\n<tr>\n<td width=\"110\">\u0108ina nomo<\/td>\n<td width=\"128\">Esperanta nomo<\/td>\n<td width=\"126\">Suna ekliptika<\/p>\n<p>longitudo<\/td>\n<td width=\"148\">Proksimuma dato la\u016d suna kalendaro<\/td>\n<td width=\"291\">Signifo<\/td>\n<\/tr>\n<tr>\n<td width=\"110\">\u7acb\u6625LIchun<\/td>\n<td width=\"128\">Komenco de Printempo<\/td>\n<td width=\"126\">315<\/td>\n<td width=\"148\">3 a\u016d 4, Feb<\/td>\n<td width=\"291\">La Printempo (tuj) komencas.<\/td>\n<\/tr>\n<tr>\n<td width=\"110\">\u96e8\u6c34Yushui<\/td>\n<td width=\"128\">Pluva Akvo<\/td>\n<td width=\"126\">330<\/td>\n<td width=\"148\">18 a\u016d 19, Feb<\/td>\n<td width=\"291\">Pli abundas pluvokvanto.<\/td>\n<\/tr>\n<tr>\n<td width=\"110\">\u60ca\u86f0 Jingzhe<\/td>\n<td width=\"128\">Insekto-veki\u011do<\/td>\n<td width=\"126\">345<\/td>\n<td width=\"148\">5 a\u016d 6, Mar<\/td>\n<td width=\"291\">Ektondras kaj insektoj vintrodormantaj estas vekitaj.<\/td>\n<\/tr>\n<tr>\n<td width=\"110\">\u6625\u5206 Chunfen<\/td>\n<td width=\"128\">Printempa Ekvinokso<\/td>\n<td width=\"126\">0\uff08360\uff09<\/p>\n<p>&nbsp;<\/td>\n<td width=\"148\">20 a\u016d 21, Mar<\/td>\n<td width=\"291\">La tago kaj nokto estas egalaj en tiu dato de Printempo.<\/td>\n<\/tr>\n<tr>\n<td width=\"110\">\u6e05\u660e Qingming<\/td>\n<td width=\"128\">Klaro kaj Brilo<\/td>\n<td width=\"126\">15<\/td>\n<td width=\"148\">5 Apr<\/td>\n<td width=\"291\">La \u0109ielo fari\u011das hela, klimato varmeta kaj herboj verdi\u011das.<\/td>\n<\/tr>\n<tr>\n<td width=\"110\">\u8c37\u96e8 Guyu<\/td>\n<td width=\"128\">Grenpluvo<\/td>\n<td width=\"126\">30<\/td>\n<td width=\"148\">19 a\u016d 20, Apr<\/td>\n<td width=\"291\">Pli multi\u011das pluvoj, kio tre favoras al plantoj.<\/td>\n<\/tr>\n<tr>\n<td width=\"110\">\u7acb\u590f Lixia<\/td>\n<td width=\"128\">Komenco de Somero<\/td>\n<td width=\"126\">45<\/td>\n<td width=\"148\">5 a\u016d 6 ,Majo<\/td>\n<td width=\"291\">La somero (tuj) komencas.<\/td>\n<\/tr>\n<tr>\n<td width=\"110\">\u5c0f\u6ee1 Xiaoman<\/td>\n<td width=\"128\">Grajnoformi\u011do<\/td>\n<td width=\"126\">60<\/td>\n<td width=\"148\">21, Majo<\/td>\n<td width=\"291\">Tritiko kaj aliaj someraj plantoj ekmaturi\u011das.<\/td>\n<\/tr>\n<tr>\n<td width=\"110\">\u8292\u79cd Mangzhong<\/td>\n<td width=\"128\">Grenmaturi\u011do<\/td>\n<td width=\"126\">75<\/td>\n<td width=\"148\">5 a\u016d 6, Jun<\/td>\n<td width=\"291\">Tritiko, hordeo kaj aliaj plantoj havantaj aristojn ekrikoltas. A\u016dtunaj plantoj semas.<\/td>\n<\/tr>\n<tr>\n<td width=\"110\">\u590f\u81f3 Xiazhi<\/td>\n<td width=\"128\">Somera Solstico<\/td>\n<td width=\"126\">90<\/td>\n<td width=\"148\">21 a\u016d 22, Jun<\/td>\n<td width=\"291\">Venas varma somero. La tago tiam estas la plej longa en la jaro, kaj poste la tago pli mallongi\u011das.<\/td>\n<\/tr>\n<tr>\n<td width=\"110\">\u5c0f\u6691 Xiaoshu<\/td>\n<td width=\"128\">Varmego<\/td>\n<td width=\"126\">105<\/td>\n<td width=\"148\">7 a\u016d 8, Jul<\/td>\n<td width=\"291\">La vetero fari\u011das varmege.<\/td>\n<\/tr>\n<tr>\n<td width=\"110\">\u5927\u6691 Dashu<\/td>\n<td width=\"128\">Plej Varmego<\/td>\n<td width=\"126\">120<\/td>\n<td width=\"148\">22 a\u016d 23, Jul<\/td>\n<td width=\"291\">La plej varmega tempo en la jaro.<\/td>\n<\/tr>\n<tr>\n<td width=\"110\">\u7acb\u79cb Liqiu<\/td>\n<td width=\"128\">Komenco de A\u016dtuno<\/td>\n<td width=\"126\">135<\/td>\n<td width=\"148\">8, A\u016dg<\/td>\n<td width=\"291\">La A\u016dtuno (tuj) komencas.<\/td>\n<\/tr>\n<tr>\n<td width=\"110\">\u5904\u6691 Chushu<\/td>\n<td width=\"128\">Retiri\u011do de Varmego<\/td>\n<td width=\"126\">150<\/td>\n<td width=\"148\">23, A\u016dg<\/td>\n<td width=\"291\">Fini\u011das varmegaj tagoj, la temperaturo pli kaj pli malalti\u011das.<\/td>\n<\/tr>\n<tr>\n<td width=\"110\">\u767d\u9732 Bailu<\/td>\n<td width=\"128\">Blanka Roso<\/td>\n<td width=\"126\">165<\/td>\n<td width=\"148\">7 a\u016d 8, Sept<\/td>\n<td width=\"291\">Roso ekaperas pro malalti\u011danta temperaturo.<\/td>\n<\/tr>\n<tr>\n<td width=\"110\">\u79cb\u5206 Qiufen<\/td>\n<td width=\"128\">A\u016dtuna Ekvinokso<\/td>\n<td width=\"126\">180<\/td>\n<td width=\"148\">23, Sept<\/td>\n<td width=\"291\">La tago kaj nokto estas egalaj en tiu dato de A\u016dtuno.<\/td>\n<\/tr>\n<tr>\n<td width=\"110\">\u5bd2\u9732 Hanlu<\/td>\n<td width=\"128\">Malvarmega Roso<\/td>\n<td width=\"126\">195<\/td>\n<td width=\"148\">8, Okt<\/td>\n<td width=\"291\">Pli malalti\u011das la temperaturo kaj abundas malvarma roso.<\/td>\n<\/tr>\n<tr>\n<td width=\"110\">\u971c\u964d Shuangjiang<\/td>\n<td width=\"128\">Prujnofalo<\/td>\n<td width=\"126\">210<\/td>\n<td width=\"148\">23 a\u016d 24, Okt<\/td>\n<td width=\"291\">Prujno ekaperas.<\/td>\n<\/tr>\n<tr>\n<td width=\"110\">\u7acb\u51ac Lidong<\/td>\n<td width=\"128\">Komenco de Vintro<\/td>\n<td width=\"126\">225<\/td>\n<td width=\"148\">7 a\u016d 8, Nov<\/td>\n<td width=\"291\">La Vintro (tuj) komencas.<\/td>\n<\/tr>\n<tr>\n<td width=\"110\">\u5c0f\u96ea Xiaoxue<\/td>\n<td width=\"128\">Ne\u011do<\/td>\n<td width=\"126\">240<\/td>\n<td width=\"148\">22 a\u016d 23, Nov<\/td>\n<td width=\"291\">ekne\u011das.<\/td>\n<\/tr>\n<tr>\n<td width=\"110\">\u5927\u96ea Daxue<\/td>\n<td width=\"128\">Ne\u011dego<\/td>\n<td width=\"126\">255<\/td>\n<td width=\"148\">7 a\u016d 8, Dec<\/td>\n<td width=\"291\">Multe kaj dense ne\u011das, la tero akumuli\u011das ne\u011damaso.<\/td>\n<\/tr>\n<tr>\n<td width=\"110\">\u51ac\u81f3 Dongzhi<\/td>\n<td width=\"128\">Vintra Solstico<\/td>\n<td width=\"126\">270<\/td>\n<td width=\"148\">22, Dec<\/td>\n<td width=\"291\">Venas frosta vintro. La tago tiam estas la plej mallonga en la jaro, sed poste la tago pli longi\u011das.<\/td>\n<\/tr>\n<tr>\n<td width=\"110\">\u5c0f\u5bd2 Xiaohan<\/td>\n<td width=\"128\">Malvarmego<\/td>\n<td width=\"126\">285<\/td>\n<td width=\"148\">5 a\u016d 6, Jan<\/td>\n<td width=\"291\">La vetero fari\u011das malvarmege.<\/td>\n<\/tr>\n<tr>\n<td width=\"110\">\u5927\u5bd2 Dahan<\/td>\n<td width=\"128\">Plej Malvarmego<\/td>\n<td width=\"126\">300<\/td>\n<td width=\"148\">20, Jan<\/td>\n<td width=\"291\">La plej malvarmega tempo en la jaro.<\/td>\n<\/tr>\n<\/tbody>\n<\/table>\n<div style=\"width: 160px\" class=\"wp-caption alignnone\"><img decoding=\"async\" loading=\"lazy\" class=\"size-full\" src=\"http:\/\/reto.cn\/bildo\/esperanto\/artikoloj\/chen-yinhua.jpg\" width=\"150\" height=\"200\" \/><p class=\"wp-caption-text\">sinjoro Chen Yinhua, la a\u016dtoro<\/p><\/div>\n","protected":false},"excerpt":{"rendered":"<p>La 24 sunperiodoj povas esti prenata kiel metodo por subtile dividi la sezonojn jene: dividu la ekliptikon(\u015dajna orbito, la\u016d kiu ni teranoj vidas la sunon la\u016diri dum unu jaro ) en 24 partojn per 15\u00b0\u00a0ekde 0\u00b0, (alidire, dividu unu jaron en 24 periodojn), surbaze de tag-\u015dan\u011doj, \u015dan\u011doj de vetero, kreskado de plantoj kaj bestoj, kaj\u2026 <span class=\"read-more\"><a href=\"https:\/\/reto.cn\/php\/esperanto\/la-24-sunperiodoj\/\">\u7ee7\u7eed\u9605\u8bfb Legi pli &raquo;<\/a><\/span><\/p>\n","protected":false},"author":1,"featured_media":0,"parent":0,"menu_order":0,"comment_status":"open","ping_status":"closed","template":"","meta":[],"_links":{"self":[{"href":"https:\/\/reto.cn\/php\/esperanto\/wp-json\/wp\/v2\/pages\/512"}],"collection":[{"href":"https:\/\/reto.cn\/php\/esperanto\/wp-json\/wp\/v2\/pages"}],"about":[{"href":"https:\/\/reto.cn\/php\/esperanto\/wp-json\/wp\/v2\/types\/page"}],"author":[{"embeddable":true,"href":"https:\/\/reto.cn\/php\/esperanto\/wp-json\/wp\/v2\/users\/1"}],"replies":[{"embeddable":true,"href":"https:\/\/reto.cn\/php\/esperanto\/wp-json\/wp\/v2\/comments?post=512"}],"version-history":[{"count":0,"href":"https:\/\/reto.cn\/php\/esperanto\/wp-json\/wp\/v2\/pages\/512\/revisions"}],"wp:attachment":[{"href":"https:\/\/reto.cn\/php\/esperanto\/wp-json\/wp\/v2\/media?parent=512"}],"curies":[{"name":"wp","href":"https:\/\/api.w.org\/{rel}","templated":true}]}}