{"id":10933,"date":"2022-03-06T14:04:45","date_gmt":"2022-03-06T06:04:45","guid":{"rendered":"https:\/\/reto.cn\/php\/hanyu\/voc-legitaj-esperantaj-libroj\/vere-au-fantazie\/vere-au-fantazie-15-3-8-4\/"},"modified":"2022-03-06T18:21:59","modified_gmt":"2022-03-06T10:21:59","slug":"sesa-rakonto-pri-afanti","status":"publish","type":"page","link":"https:\/\/reto.cn\/php\/hanyu\/lernado-de-esperanto\/voc-legitaj-esperantaj-libroj\/vere-au-fantazie\/sesa-rakonto-pri-afanti\/","title":{"rendered":"Vere a\u016d fantazie &#8211; Sesa Rakonto Pri Afanti"},"content":{"rendered":"<h3 style=\"text-align: center;\">SESA RAKONTO PRI AFANTI<\/h3>\n<p>Estis belega a\u016dtuna vespero. Balda\u016d la suno subiros. La lumo estis dol\u0109a, la etoso plej paca. A\u016ddi\u011dis neniu bruo, krom kelkaj birdokantoj. Afanti sidis apud sia edzino, ekstere, en la ombro. Kortu\u015da sento de pla\u0109a geedza ama kunuleco plenigis amba\u016d. Malri\u0109aj ili eble estis, sed feli\u0109aj. Feli\u0109aj pro tiu granda, simpla amo.<\/p>\n<p>lom post iom Afanti konsciis, ke delonge li ne man\u011dis. Lin kaptis malsato.<\/p>\n<p>&#8220;\u0108u vi ne preparis kukojn?&#8221; li demandis, memorante pri bona odoro, kiun li sentis revenante hejmen.<\/p>\n<p>&#8220;\u0108u vi ne povus kontentigi vin nur sidi \u0109i tie, \u011dui la naturon, kaj ame rigardi la viza\u011don de via belega edzino?&#8221; \u015di ridete respondis. Miksi amon kun \u015derco estis unu el \u015diaj favorataj amuziloj, kiun li ege \u015datis.<\/p>\n<p>&#8220;Jes ja, mi povus kontenti\u011di per tio,&#8221; venis la rebato, &#8220;sed, se mi man\u011dos bonajn kuketojn, dum mi rigardos vian luman viza\u011don, estos e\u0109 pli kontentige. Mi anta\u016dsentas, ke okazos mira\u0135o: via viza\u011do tiam fari\u011dos ankora\u016d pli bela.&#8221;<\/p>\n<p>\u015ci rigardis lin kiel patrino infanon, kun io danka en la okuloj, kaj ekstaris por iri domen. Al \u015di pla\u0109is, kiom li \u015datas \u015dian kuirarton. Afanti dume ridis silente.<\/p>\n<p>&#8216;Edzinoj estas kvaza\u016d patrinoj&#8217;, li pensis, &#8216;por ami, ili bezonas nutri&#8217;.<\/p>\n<p>Kaj dum \u015di revenis alportante la kuketojn, \u015di ridetis al si.<\/p>\n<p>&#8216;Edzoj estas kiel infanoj&#8217;, \u015di pensis, &#8216;por ami, ili bezonas man\u011di&#8217;.<\/p>\n<p>NOVAJ VORTOJ:<\/p>\n<p>nutri<\/p>\n<p>NOVAJ KUNMETOJ:<\/p>\n<p>sub-iri<\/p>\n<p>reveni al\u00a0<a href=\"https:\/\/reto.cn\/php\/hanyu\/voc-legitaj-esperantaj-libroj\/vere-au-fantazie\/\">Vere a\u016d fantazie<\/a><\/p>\n<p>\u8fd4\u56de\u00a0<a href=\"https:\/\/reto.cn\/php\/hanyu\/voc-legitaj-esperantaj-libroj\/vere-au-fantazie\/\">Vere a\u016d fantazie<\/a><\/p>\n","protected":false},"excerpt":{"rendered":"<p>SESA RAKONTO PRI AFANTI Estis belega a\u016dtuna vespero. Ba\u2026 <span class=\"read-more\"><a href=\"https:\/\/reto.cn\/php\/hanyu\/lernado-de-esperanto\/voc-legitaj-esperantaj-libroj\/vere-au-fantazie\/sesa-rakonto-pri-afanti\/\">\u7ee7\u7eed\u9605\u8bfb Legi pli &raquo;<\/a><\/span><\/p>\n","protected":false},"author":1,"featured_media":0,"parent":10632,"menu_order":0,"comment_status":"open","ping_status":"closed","template":"","meta":{"footnotes":""},"_links":{"self":[{"href":"https:\/\/reto.cn\/php\/hanyu\/wp-json\/wp\/v2\/pages\/10933"}],"collection":[{"href":"https:\/\/reto.cn\/php\/hanyu\/wp-json\/wp\/v2\/pages"}],"about":[{"href":"https:\/\/reto.cn\/php\/hanyu\/wp-json\/wp\/v2\/types\/page"}],"author":[{"embeddable":true,"href":"https:\/\/reto.cn\/php\/hanyu\/wp-json\/wp\/v2\/users\/1"}],"replies":[{"embeddable":true,"href":"https:\/\/reto.cn\/php\/hanyu\/wp-json\/wp\/v2\/comments?post=10933"}],"version-history":[{"count":0,"href":"https:\/\/reto.cn\/php\/hanyu\/wp-json\/wp\/v2\/pages\/10933\/revisions"}],"up":[{"embeddable":true,"href":"https:\/\/reto.cn\/php\/hanyu\/wp-json\/wp\/v2\/pages\/10632"}],"wp:attachment":[{"href":"https:\/\/reto.cn\/php\/hanyu\/wp-json\/wp\/v2\/media?parent=10933"}],"curies":[{"name":"wp","href":"https:\/\/api.w.org\/{rel}","templated":true}]}}