{"id":12252,"date":"2022-08-22T20:28:31","date_gmt":"2022-08-22T12:28:31","guid":{"rendered":"https:\/\/reto.cn\/php\/hanyu\/?page_id=12252"},"modified":"2022-08-22T20:37:33","modified_gmt":"2022-08-22T12:37:33","slug":"eta-antauparolo-de-la-preparinto-de-la-reta-versio","status":"publish","type":"page","link":"https:\/\/reto.cn\/php\/hanyu\/lernado-de-esperanto\/ne-tiel-sed-tiel-ci\/eta-antauparolo-de-la-preparinto-de-la-reta-versio\/","title":{"rendered":"Eta anta\u016dparolo de la preparinto de la reta versio"},"content":{"rendered":"<p>\u0108i tiu libreto estas, la\u016d mia scio, unu el la plej famaj praktikaj gvidiloj, dedi\u0109itaj al la E-stilo. Malgra\u016d tio, ke la verko estis preparita anta\u016d kelkaj jardekoj kaj ke kelkaj pritraktataj punktoj jam ne estas tiel polemikaj, la libro, sendube, e\u0109 nun povas esti ege utila al multaj komencantaj kaj e\u0109 progresantaj E-verkistoj, stilistoj, tradukistoj kaj a\u016dtoroj. Apud tio, en la libro estas detale pritraktitaj kelkaj demandoj, kiuj ver\u015dajne \u0109iam estos \u015dtono de falpu\u015di\u011do por multaj generacioj de esperantistoj (unuavice tio rilatas la demandon pri neologismoj; interalie, la pozicio de la a\u016dtoro estas tre proksima al mi persone).<\/p>\n<p>La prezentata al vi reta versio de la verko ne estas la\u016dlitera kopio de la surpapera. Mi permesis al mi fari sufi\u0109e multajn, sed negrandajn mallongigojn (unuavice tio rilatas la ekzemplojn, kiujn mi trovis ne tre ilustro-kapablaj). Kompense mi kelkfoje donis miajn proprajn komentojn, kiuj estas prezentitaj per aparta koloro.<\/p>\n<p>Mi esperas, ke tiu reta versio malgra\u016d \u0109iuj siaj malperfekta\u0135oj alportos al la leganto plej maksimuman utilon.<\/p>\n<p><em>Mevo, Pavel Mo\u0135ajev<\/em><\/p>\n<p>Reveni al <a href=\"https:\/\/reto.cn\/php\/hanyu\/lernado-de-esperanto\/ne-tiel-sed-tiel-ci\/\">Ne tiel, sed tiel \u0109i<\/a><\/p>\n","protected":false},"excerpt":{"rendered":"<p>\u0108i tiu libreto estas, la\u016d mia scio, unu el la plej fama\u2026 <span class=\"read-more\"><a href=\"https:\/\/reto.cn\/php\/hanyu\/lernado-de-esperanto\/ne-tiel-sed-tiel-ci\/eta-antauparolo-de-la-preparinto-de-la-reta-versio\/\">\u7ee7\u7eed\u9605\u8bfb Legi pli &raquo;<\/a><\/span><\/p>\n","protected":false},"author":1,"featured_media":0,"parent":12241,"menu_order":0,"comment_status":"open","ping_status":"closed","template":"","meta":{"footnotes":""},"_links":{"self":[{"href":"https:\/\/reto.cn\/php\/hanyu\/wp-json\/wp\/v2\/pages\/12252"}],"collection":[{"href":"https:\/\/reto.cn\/php\/hanyu\/wp-json\/wp\/v2\/pages"}],"about":[{"href":"https:\/\/reto.cn\/php\/hanyu\/wp-json\/wp\/v2\/types\/page"}],"author":[{"embeddable":true,"href":"https:\/\/reto.cn\/php\/hanyu\/wp-json\/wp\/v2\/users\/1"}],"replies":[{"embeddable":true,"href":"https:\/\/reto.cn\/php\/hanyu\/wp-json\/wp\/v2\/comments?post=12252"}],"version-history":[{"count":0,"href":"https:\/\/reto.cn\/php\/hanyu\/wp-json\/wp\/v2\/pages\/12252\/revisions"}],"up":[{"embeddable":true,"href":"https:\/\/reto.cn\/php\/hanyu\/wp-json\/wp\/v2\/pages\/12241"}],"wp:attachment":[{"href":"https:\/\/reto.cn\/php\/hanyu\/wp-json\/wp\/v2\/media?parent=12252"}],"curies":[{"name":"wp","href":"https:\/\/api.w.org\/{rel}","templated":true}]}}