{"id":12971,"date":"2022-11-13T10:35:53","date_gmt":"2022-11-13T02:35:53","guid":{"rendered":"https:\/\/reto.cn\/php\/hanyu\/?page_id=12971"},"modified":"2022-11-13T16:47:03","modified_gmt":"2022-11-13T08:47:03","slug":"3-2","status":"publish","type":"page","link":"https:\/\/reto.cn\/php\/hanyu\/lernado-de-esperanto\/gvidlibro-de-esperanta-konversacio\/3-2\/","title":{"rendered":"\u4e16\u754c\u8bed\u4f1a\u8bdd\u6307\u5357 3"},"content":{"rendered":"<h1 style=\"text-align: center;\"><b>3<\/b><b>. <\/b><b>A<\/b><b>\u011d<\/b><b>o <\/b><b>\u5e74\u9f84 <\/b><\/h1>\n<p>Kian a\u011don havas via frato?<\/p>\n<p>\u4f60\u5144\u5f1f\u591a\u5927\u5e74\u7eaa\uff1f<\/p>\n<p>Li estas dudek-jara.<\/p>\n<p>\u4ed6\u4e8c\u5341\u5c81\u3002<\/p>\n<p>Kiun a\u011don havas via patro?<\/p>\n<p>\u4f60\u7236\u4eb2\u591a\u5927\u5c81\u6570\uff1f<\/p>\n<p>Li estas kvindek-jara.<\/p>\n<p>\u4ed6\u4e94\u5341\u5c81\u3002<\/p>\n<p>Kiom da jaroj havas via fileto?<\/p>\n<p>\u4f60\u7684\u5c0f\u513f\u5b50\u51e0\u5c81\u4e86\uff1f<\/p>\n<p>Li havas apena\u016d tri jarojn.<\/p>\n<p>\u4ed6\u521a\u521a\u4e09\u5c81\u3002<\/p>\n<p>En kiu a\u011do vi estas?<\/p>\n<p>\u4f60\u5e74\u7eaa\u591a\u5927\u4e86\uff1f<\/p>\n<p>Mi estas en la dudekses-jara a\u011do.<\/p>\n<p>\u6211\u4e8c\u5341\u516d\u3002<\/p>\n<p>Do ni estas sama\u011daj!<\/p>\n<p>\u90a3\u6211\u4eec\u662f\u540c\u5c81\u4e86\uff01<\/p>\n<p>\u0108u homoj en nia a\u011do povas ellerni lingvon?<\/p>\n<p>\u6211\u4eec\u8fd9\u6837\u5e74\u9f84\u7684\u4eba\u80fd\u5b66\u4f1a\u8bed\u8a00\u5417\uff1f<\/p>\n<p>Jes, oni povas tion fari e\u0109 en pli granda a\u011do. Ne gravas la a\u011do, sed la kura\u011do!<\/p>\n<p>\u80fd\uff0c\u5c31\u662f\u5e74\u9f84\u518d\u5927\u4e9b\u4e5f\u80fd\u3002\u4e0d\u5728\u4e4e\u5e74\u9f84\uff0c\u91cd\u8981\u7684\u662f\u52c7\u6c14\u3002<\/p>\n<p>\u015ci estas pli a\u011da, sed malpli sa\u011da.<\/p>\n<p>\u5979\u5e74\u7eaa\u6bd4\u4eba\u5927\uff0c\u667a\u529b\u6bd4\u4eba\u5dee\u3002<\/p>\n<p>Kvankam nur dektri-jara, \u015di tamen jam fari\u011dis \u0109ampiono en la konkurso.<\/p>\n<p>\u867d\u7136\u53ea\u6709\u5341\u4e09\u5c81\u5979\u5374\u5df2\u7ecf\u5728\u6bd4\u8d5b\u4e2d\u5f97\u4e86\u51a0\u519b\u3002<\/p>\n<p>Lia pli a\u011da frato estas pianisto kaj lia pli juna fratino estas violonisto.<\/p>\n<p>\u4ed6\u54e5\u54e5\u662f\u4f4d\u94a2\u7434\u5bb6\uff0c\u4ed6\u59b9\u59b9\u662f\u4f4d\u5c0f\u63d0\u7434\u5bb6\u3002<\/p>\n<p>La blankharulo estas unu el la veteranaj esperantistoj de nia urbo. Balda\u016d ni celebros la oran jubileon (50-dekjari\u011don) de lia esperanti\u011do.<\/p>\n<p>\u90a3\u4f4d\u767d\u53d1\u8001\u4eba\u662f\u6211\u4eec\u5e02\u7684\u8001\u4e16\u754c\u8bed\u8005\u4e4b\u4e00\u3002\u4e0d\u4e45\u6211\u4eec\u8981\u5e86\u795d\u4ed6\u4ece\u4e8b\u4e16\u754c\u8bed\u4e94\u5341\u5e74\u3002<\/p>\n<p>Lastjare ili festis la ar\u011dentan jubileon de sia geedzeco.<\/p>\n<p>\u53bb\u5e74\u4ed6\u4eec\u5e86\u795d\u4e86\u81ea\u5df1\u7ed3\u5a5a\u4e8c\u5341\u4e94\u5468\u5e74\u3002<\/p>\n<p>\u015cajnas al mi, ke li estas \u0109irka\u016d sesdek-jara, sed efektive li jam superis la a\u011don de okdek jaroj.<\/p>\n<p>\u6211\u770b\u4ed6\u5927\u7ea6\u6709\u516d\u5341\u5c81\uff0c\u5b9e\u9645\u4e0a\u4ed6\u5df2\u7ecf\u516b\u5341\u591a\u5c81\u4e86\u3002<\/p>\n<p>Jes, vere. Li aspektas multe pli juna ol li fakte estas.<\/p>\n<p>\u554a\uff0c\u7684\u786e\u662f\uff0c\u4ed6\u6837\u5b50\u770b\u8d77\u6765\u6bd4\u5b9e\u9645\u4e0a\u5e74\u8f7b\u5f97\u591a\u3002<\/p>\n<p>Tamen lia penso jam ne estas tiel rapida kiel en lia bela a\u011do. Liaj manoj \u0109iam tremetas.<\/p>\n<p>\u53ef\u662f\u4ed6\u7684\u8111\u7b4b\u5df2\u7ecf\u6ca1\u6709\u6b63\u5f53\u5e74\u90a3\u6837\u654f\u6377\u4e86\u3002\u4ed6\u7684\u624b\u7ecf\u5e38\u53d1\u6296\u3002<\/p>\n<p>La a\u011do maljuna ne estas oportuna, \u0109u ne?<\/p>\n<p>\u4fd7\u8bdd\u8bf4\u5e74\u9ad8\u591a\u4e0d\u4fbf\uff0c\u4e0d\u662f\u5417\uff1f<\/p>\n<p>Jes. Tamen la maljunaj ofte havas valorajn spertojn.<\/p>\n<p>\u4e0d\u9519\u3002\u53ef\u662f\u8001\u4eba\u5f80\u5f80\u6709\u5b9d\u8d35\u7ecf\u9a8c\u3002<\/p>\n<p>Li estas la plej a\u011da, do li prenu la honoran lokon.<\/p>\n<p>\u4ed6\u6700\u5e74\u957f\uff0c\u5c31\u8bf7\u4ed6\u5750\u4e0a\u5e2d\u5427\u3002<\/p>\n<h2 style=\"text-align: center;\">\u5907\u7528\u8bcd\u8bed<\/h2>\n<p>Diamante jubilee (60-jari\u011do a\u016d 75-jari\u011do) 60 \u5927\u5e86\u6216 75 \u5927\u5e86\uff0cfeto \u80ce\u513f\uff0cbebo\u3001infaneto \u5a74\u513f\uff0csu\u0109infano \u5976\u5a03\u5a03\uff0cinfano \u513f\u7ae5\uff0cknabo \u7537\u5b69\uff0cknabino \u5973\u5b69\uff0cgeknaboj \u5c11\u5e74\uff0cadolto\u3001plena\u011dulo \u6210\u4eba\uff0cgranda\u011dulo\u3001maljunulo\u3001oldulo \u8001\u4eba\uff0cgejunuloj \u9752\u5e74\uff0cbubo \u987d\u7ae5\u3001\u5c0f\u6dd8\u6c14\uff0cplenkreskulo \u5927\u4eba\uff0cinfana\u011do\uff0cinfaneco \u7ae5\u5e74\uff0cknabeco \u5c11\u5e74\u65f6\u671f\uff0cjuneco \u9752\u5e74\u65f6\u671f\uff0cadoleskanteco \u9752\u6625\u671f\uff0cvira\u011do \u58ee\u5e74\uff0cmaljuneco\u3001oldeco \u8001\u5e74\uff0cmortema \u65e9\u665a\u8981\u6b7b\u7684\uff0cpleja\u011dulo \u65cf\u957f\uff0ckadukulo \u8870\u8001\u7684\u4eba\uff0clongvivulo \u957f\u5bff\u8005\uff0cnovnaskito \u65b0\u751f\u513f\uff0ceternulo \u6c38\u751f\u7684\u4eba<\/p>\n<p>&nbsp;<\/p>\n<p><a href=\"https:\/\/reto.cn\/php\/hanyu\/gvidlibro-de-esperanta-konversacio\/2-2\/\">\u7b2c2\u8bfe<\/a>\u2003<a href=\"https:\/\/reto.cn\/php\/hanyu\/gvidlibro-de-esperanta-konversacio\/\">\u56de\u76ee\u5f55<\/a>\u2003<a href=\"https:\/\/reto.cn\/php\/hanyu\/gvidlibro-de-esperanta-konversacio\/4-2\/\">\u7b2c4\u8bfe<\/a><\/p>\n","protected":false},"excerpt":{"rendered":"<p>3. A\u011do \u5e74\u9f84 Kian a\u011don havas via frato? \u4f60\u5144\u5f1f\u591a\u5927\u5e74\u7eaa\uff1f Li estas \u2026 <span class=\"read-more\"><a href=\"https:\/\/reto.cn\/php\/hanyu\/lernado-de-esperanto\/gvidlibro-de-esperanta-konversacio\/3-2\/\">\u7ee7\u7eed\u9605\u8bfb Legi pli &raquo;<\/a><\/span><\/p>\n","protected":false},"author":9,"featured_media":0,"parent":12966,"menu_order":3,"comment_status":"open","ping_status":"closed","template":"","meta":{"footnotes":""},"_links":{"self":[{"href":"https:\/\/reto.cn\/php\/hanyu\/wp-json\/wp\/v2\/pages\/12971"}],"collection":[{"href":"https:\/\/reto.cn\/php\/hanyu\/wp-json\/wp\/v2\/pages"}],"about":[{"href":"https:\/\/reto.cn\/php\/hanyu\/wp-json\/wp\/v2\/types\/page"}],"author":[{"embeddable":true,"href":"https:\/\/reto.cn\/php\/hanyu\/wp-json\/wp\/v2\/users\/9"}],"replies":[{"embeddable":true,"href":"https:\/\/reto.cn\/php\/hanyu\/wp-json\/wp\/v2\/comments?post=12971"}],"version-history":[{"count":0,"href":"https:\/\/reto.cn\/php\/hanyu\/wp-json\/wp\/v2\/pages\/12971\/revisions"}],"up":[{"embeddable":true,"href":"https:\/\/reto.cn\/php\/hanyu\/wp-json\/wp\/v2\/pages\/12966"}],"wp:attachment":[{"href":"https:\/\/reto.cn\/php\/hanyu\/wp-json\/wp\/v2\/media?parent=12971"}],"curies":[{"name":"wp","href":"https:\/\/api.w.org\/{rel}","templated":true}]}}