{"id":15939,"date":"2023-11-15T17:48:25","date_gmt":"2023-11-15T09:48:25","guid":{"rendered":"https:\/\/reto.cn\/php\/hanyu\/lernado-de-esperanto\/900frazoj\/900frazoj1-28\/"},"modified":"2024-01-08T10:47:04","modified_gmt":"2024-01-08T02:47:04","slug":"900frazoj5","status":"publish","type":"page","link":"https:\/\/reto.cn\/php\/hanyu\/lernado-de-esperanto\/900frazoj\/900frazoj5\/","title":{"rendered":"\u4e16\u754c\u8bed\u4e5d\u767e\u53e5 61-75"},"content":{"rendered":"<h4 style=\"text-align: center;\">\u4e16\u754c\u8bed\u4e5d\u767e\u53e5<br \/>\n5<\/h4>\n<p>&nbsp;<\/p>\n<p><strong>\uff08\u4e94\uff09PRI FAMILIO \u5173\u4e8e\u5bb6\u5ead<\/strong><br \/>\n61.Prezentu al mi vian familion, mi petas. \u0108u bone?<br \/>\n\u8bf7\u7ed9\u6211\u4ecb\u7ecd\u4f60\u7684\u5bb6\u5ead\uff0c\u597d\u5417\uff1f<br \/>\n62.Bone,li estas mia patro,mia patro estas poeto. \u597d\uff0c\u4ed6\u662f\u6211\u7684\u7236\u4eb2\uff0c\u6211\u7684\u7236\u4eb2\u662f\u4f4d\u8bd7\u4eba\u3002<br \/>\n63.Do, \u0108u \u015di estas via patrino? Kio \u015ci estas?<br \/>\n\u90a3\u4e48\uff0c\u5979\u5c31\u662f\u4f60\u7684\u6bcd\u4eb2\uff1f\u5979\u662f\u5e72\u4ec0\u4e48\u7684\uff1f<br \/>\n64.Jes, \u015di estas mia patrino, kaj \u015di estas instruistino.<br \/>\n\u662f\u7684\uff0c\u5979\u5c31\u662f\u6211\u5988\u5988\uff0c\u5979\u662f\u8001\u5e08\u3002<br \/>\n65,\u0108u vi havas avon kaj avinon?<br \/>\n\u4f60\u6709\u7237\u7237\u548c\u5976\u5976\u5417\uff1f<br \/>\n66.Mi havas avon, kaj li lo\u011das en kamparo.<br \/>\n\u6211\u6709\u7237\u7237\uff0c\u4ed6\u4f4f\u5728\u4e61\u4e0b\u3002<br \/>\n67.Anta\u016d du jaroj mia avino forpasis.<br \/>\n\u6211\u5976\u5976\u4e24\u5e74\u524d\u53bb\u4e16\u4e86\u3002<br \/>\n68. \u0108u vi havas gefratojn?<br \/>\n\u4f60\u6709\u5144\u5f1f\u59d0\u59b9\u5417\uff1f<br \/>\n69.Mi havas fratinon kaj du fratojn.<br \/>\n\u6211\u6709\u4e00\u4e2a\u59d0\u59d0\u548c\u4e24\u4e2a\u5144\u5f1f\u3002<br \/>\n70.\u0108u ili geedzi\u011dis?<br \/>\n\u4ed6\u4eec\u7ed3\u5a5a\u4e86\u5417\uff1f<br \/>\n71.Mia fratino jam edzini\u011dis, kaj \u015di havas unu infanon.<br \/>\n\u6211\u59d0\u59d0\u7ed3\u5a5a\u4e86\uff0c\u5979\u6709\u4e00\u4e2a\u5b69\u5b50\u3002<br \/>\n72.Miaj fratoj ankora\u016d ne edzi\u011das, ili estas fra\u016dloj.<br \/>\n\u6211\u5f1f\u5f1f\u8fd8\u6ca1\u6709\u7ed3\u5a5a\uff0c\u4ed6\u4eec\u662f\u5355\u8eab\u6c49\u3002<br \/>\n73.Vi ankora\u016d havas onklon en fremda lando, \u0108u jes?<br \/>\n\u4f60\u8fd8\u6709\u4e00\u4e2a\u53d4\u53d4\u5728\u5916\u56fd\uff0c\u5bf9\u5417\uff1f<br \/>\n74.Jes,mi havas du onklojn.Unu lo\u011das en nordo de \u0108inio, kaj alia lo\u011das en Usono.<br \/>\n\u662f\u7684\uff0c\u6211\u6709\u4e24\u4e2a\u53d4\u53d4\uff0c\u4e00\u4f4d\u5728\u534e\u5317\u751f\u6d3b\uff0c\u4e00\u4f4d\u4fa8\u5c45\u7f8e\u56fd\u3002<br \/>\n75.Via familio estas granda kaj feli\u0109a,\u0109u ne? Jes!<br \/>\n\u4f60\u7684\u5bb6\u5ead\u662f\u5927\u7684\u548c\u5e78\u798f\u7684\uff0c\u5bf9\u5417\uff1f\u662f\u7684\uff01<\/p>\n<p><strong>\u5907\u7528\u5355\u8bcd<\/strong><br \/>\nfian\u0109o \u672a\u5a5a\u592b<br \/>\nonklo \u53d4\u53d4\uff0c\u8205\u8205\uff0c\u59d1\u7236\uff0c\u59e8\u592b<br \/>\nfrato \u5144\u5f1f<br \/>\nfra\u016dlino \u5c0f\u59d0<br \/>\nparenco \u4eb2\u5c5e\uff0c\u4eb2\u621a<br \/>\ninfano \u513f\u7ae5<br \/>\navo \u7956\u7236\uff0c\u5916\u7956\u7236<br \/>\njuneco \u9752\u6625<br \/>\nbenko \u957f\u51f3<br \/>\nknabo \u7537\u5b69<br \/>\nedzo \u4e08\u592b<br \/>\nlito \u5e8a<br \/>\nedzino \u59bb\u5b50<br \/>\nlita\u0135o \u88ab\u8925<br \/>\nhejmo \u5bb6\uff08\u5730\u70b9\uff09<br \/>\nlittuko \u5e8a\u5355<br \/>\nbofrato \u5c0f\u8205\u5b50\uff0c\u5185\u5f1f<br \/>\nlitkovrilo \u88ab\u5b50<br \/>\nbofratino \u5ac2\u5ac2\uff0c\u59e8\u59b9<br \/>\nnoktotablo \u5e8a\u5934\u67dc<br \/>\nbopatro \u5cb3\u7236\uff0c\u516c\u516c<br \/>\nludilo \u73a9\u5177<br \/>\nbopatrino \u5cb3\u6bcd\uff0c\u5a46\u5a46<br \/>\nnepo \u5b59\u5b50<br \/>\nmaljuneco \u8001\u5e74<br \/>\nnevo \u4f84\u5b50\uff0c\u5916\u7525<br \/>\nmeza\u011do \u4e2d\u5e74<br \/>\nnupto \u5a5a\u793c<br \/>\npraavo \u66fe\u7956\u7236<\/p>\n<p>\u8fd4\u56de<a href=\"https:\/\/reto.cn\/php\/hanyu\/lernado-de-esperanto\/900frazoj\/\">\u4e16\u754c\u8bed\u4e5d\u767e\u53e5<\/a>\u76ee\u5f55<\/p>\n","protected":false},"excerpt":{"rendered":"<p>\u4e16\u754c\u8bed\u4e5d\u767e\u53e5 5 &nbsp; \uff08\u4e94\uff09PRI FAMILIO \u5173\u4e8e\u5bb6\u5ead 61.Prezentu al mi v\u2026 <span class=\"read-more\"><a href=\"https:\/\/reto.cn\/php\/hanyu\/lernado-de-esperanto\/900frazoj\/900frazoj5\/\">\u7ee7\u7eed\u9605\u8bfb Legi pli &raquo;<\/a><\/span><\/p>\n","protected":false},"author":1,"featured_media":0,"parent":15904,"menu_order":0,"comment_status":"open","ping_status":"closed","template":"","meta":{"footnotes":""},"_links":{"self":[{"href":"https:\/\/reto.cn\/php\/hanyu\/wp-json\/wp\/v2\/pages\/15939"}],"collection":[{"href":"https:\/\/reto.cn\/php\/hanyu\/wp-json\/wp\/v2\/pages"}],"about":[{"href":"https:\/\/reto.cn\/php\/hanyu\/wp-json\/wp\/v2\/types\/page"}],"author":[{"embeddable":true,"href":"https:\/\/reto.cn\/php\/hanyu\/wp-json\/wp\/v2\/users\/1"}],"replies":[{"embeddable":true,"href":"https:\/\/reto.cn\/php\/hanyu\/wp-json\/wp\/v2\/comments?post=15939"}],"version-history":[{"count":0,"href":"https:\/\/reto.cn\/php\/hanyu\/wp-json\/wp\/v2\/pages\/15939\/revisions"}],"up":[{"embeddable":true,"href":"https:\/\/reto.cn\/php\/hanyu\/wp-json\/wp\/v2\/pages\/15904"}],"wp:attachment":[{"href":"https:\/\/reto.cn\/php\/hanyu\/wp-json\/wp\/v2\/media?parent=15939"}],"curies":[{"name":"wp","href":"https:\/\/api.w.org\/{rel}","templated":true}]}}