{"id":16098,"date":"2023-11-15T17:48:25","date_gmt":"2023-11-15T09:48:25","guid":{"rendered":"https:\/\/reto.cn\/php\/hanyu\/lernado-de-esperanto\/900frazoj\/900frazoj35-2-3\/"},"modified":"2024-01-08T09:36:40","modified_gmt":"2024-01-08T01:36:40","slug":"900frazoj49","status":"publish","type":"page","link":"https:\/\/reto.cn\/php\/hanyu\/lernado-de-esperanto\/900frazoj\/900frazoj49\/","title":{"rendered":"\u4e16\u754c\u8bed\u4e5d\u767e\u53e5 721-735"},"content":{"rendered":"<h4 style=\"text-align: center;\">\u4e16\u754c\u8bed\u4e5d\u767e\u53e5<br \/>\n49<\/h4>\n<p>&nbsp;<\/p>\n<p><strong><b>\uff0849\uff09PROMENADO \u6563\u6b65<\/b><\/strong><\/p>\n<p>721.Ni faru promenadon en la parko, \u0109u bone?<\/p>\n<p>\u6211\u4eec\u5230\u516c\u56ed\u6563\u6563\u6b65\u597d\u5417\uff1f<\/p>\n<p>722.\u0108iutage post vesperman\u011do, mi kutimi\u011das promeni sub la arbombro la\u016d aleo.<\/p>\n<p>\u6bcf\u5929\u665a\u996d\u540e\uff0c\u6211\u4e60\u60ef\u5728\u6797\u836b\u6811\u4e0b\u6563\u6b65\u3002<\/p>\n<p>723.Dum promenado, ni interparolu en Esperanto, \u0109u bone?<\/p>\n<p>\u6211\u4eec\u4e00\u8fb9\u6563\u6b65\uff0c\u4e00\u8fb9\u7528\u4e16\u754c\u8bed\u4f1a\u8bdd\u597d\u5417\uff1f<\/p>\n<p>724.Promenado estas saniga, precipe por maljunuloj.<\/p>\n<p>\u6563\u6b65\u662f\u4e00\u79cd\u6709\u76ca\u7684\u8fd0\u52a8\uff0c\u7279\u522b\u5bf9\u8001\u5e74\u4eba\u3002<\/p>\n<p>725.Gejunuloj anka\u016d \u015datas promeni, precipe tiuj en arda amo.<\/p>\n<p>\u9752\u5e74\u4eba\u4e5f\u559c\u6b22\u6563\u6b65\uff0c\u7279\u522b\u662f\u70ed\u604b\u4e2d\u7684\u9752\u5e74\u4eba\u3002<\/p>\n<p>726.Ni promenu la\u016d la riverbordo, \u0109u bone?<\/p>\n<p>\u6211\u4eec\u6cbf\u7740\u6c5f\u8fb9\u8d70\u8d70\u597d\u5417\uff1f<\/p>\n<p>727.Pardonon. Atendu min momenton. Mi forestu al necesejo.<\/p>\n<p>\u5bf9\u4e0d\u8d77\uff0c\u8bf7\u7b49\u6211\u4e00\u4e0b\uff0c\u6211\u8981\u4e0a\u5395\u6240\u3002<\/p>\n<p>728.Bone. Mi atendu vin \u0109e \u0109i tiu granda arbo.<\/p>\n<p>\u597d\uff0c\u6211\u5728\u8fd9\u68f5\u5927\u6811\u4e0b\u7b49\u4f60\u3002<\/p>\n<p>729.Ni eniru la magazinon por rigardi la vestojn, \u0109u bone?<\/p>\n<p>\u6211\u4eec\u5230\u5546\u5e97\u53bb\u770b\u770b\u8863\u670d\u597d\u5417\uff1f<\/p>\n<p>730.Kiel vi opinias, ke ni iru por glaso da glacigita sorbeto en la glacia\u0135ejo.<\/p>\n<p>\u6211\u4eec\u53bb\u51b7\u996e\u5e97\u559d\u676f\u51b0\u6854\u5b50\u6c34\u597d\u5417\uff1f<\/p>\n<p>731.\u0108u vi ankora\u016d rememoras la versojn pri la krepusko kaj suno sub la plumo de poetoj?<\/p>\n<p>\u4f60\u8fd8\u8bb0\u5f97\u8bd7\u4eba\u5173\u4e8e\u9ec4\u660f\u548c\u5915\u9633\u7684\u8bd7\u53e5\u5417\uff1f<\/p>\n<p>732.Kial tie estas granda homamaso? Ni iru rigardi.<\/p>\n<p>\u90a3\u8fb9\u56f4\u90a3\u4e48\u591a\u4eba\u5e72\u4ec0\u4e48\uff1f\u6211\u4eec\u53bb\u770b\u770b\u5427\uff01<\/p>\n<p>733.Ni devas reiri. \u0108i-vespere ni ankora\u016d havos lecionojn.<\/p>\n<p>\u6211\u4eec\u5f97\u56de\u53bb\u4e86\uff0c\u665a\u4e0a\u8fd8\u8981\u4e0a\u8bfe\u5462\uff01<\/p>\n<p>734.Viaj pa\u015doj estas tro longaj. Vi ne estus dum promenado, sed \u015dajnas militiri.<\/p>\n<p>\u4f60\u8d70\u5f97\u592a\u5feb\u4e86\uff0c\u4e0d\u8c61\u5728\u6563\u6b65\uff0c\u5012\u8c61\u5728\u884c\u519b\u3002<\/p>\n<p>735.Ni promenu \u0109i tie morga\u016d, \u0109u bone?<\/p>\n<p>\u660e\u5929\u6211\u4eec\u8fd8\u5230\u8fd9\u513f\u6765\u6563\u6b65\u597d\u5417\uff1f<\/p>\n<p>\u5907\u7528\u5355\u8bcd<\/p>\n<p>benko.\u957f\u6905<\/p>\n<p>butiko.\u5c0f\u5356\u90e8\uff0c\u4fbf\u5229\u5e97<\/p>\n<p>pado.\u5c0f\u8def\u3001\u5c0f\u9053\u513f<\/p>\n<p>reklamo.\u5e7f\u544a<\/p>\n<p>babilo.\u95f2\u804a<\/p>\n<p>marborde.\u6d77\u5cb8\u8fb9<\/p>\n<p>trotuaro.\u4eba\u884c\u9053<\/p>\n<p>razeno.\u8349\u5730<\/p>\n<p>\u0109areto.\u624b\u63a8\u8f66<\/p>\n<p>kinofilma afi\u015do.\u7535\u5f71\u6d77\u62a5<\/p>\n<p>librokiosko.\u4e66\u4ead\u3001\u62a5\u520a\u4ead<\/p>\n<p>strata \u011dardeno.\u8857\u5fc3\u82b1\u56ed<\/p>\n<p>\u8fd4\u56de<a href=\"https:\/\/reto.cn\/php\/hanyu\/lernado-de-esperanto\/900frazoj\/\">\u4e16\u754c\u8bed\u4e5d\u767e\u53e5<\/a>\u76ee\u5f55<\/p>\n","protected":false},"excerpt":{"rendered":"<p>\u4e16\u754c\u8bed\u4e5d\u767e\u53e5 49 &nbsp; \uff0849\uff09PROMENADO \u6563\u6b65 721.Ni faru promenado\u2026 <span class=\"read-more\"><a href=\"https:\/\/reto.cn\/php\/hanyu\/lernado-de-esperanto\/900frazoj\/900frazoj49\/\">\u7ee7\u7eed\u9605\u8bfb Legi pli &raquo;<\/a><\/span><\/p>\n","protected":false},"author":1,"featured_media":0,"parent":15904,"menu_order":0,"comment_status":"open","ping_status":"closed","template":"","meta":{"footnotes":""},"_links":{"self":[{"href":"https:\/\/reto.cn\/php\/hanyu\/wp-json\/wp\/v2\/pages\/16098"}],"collection":[{"href":"https:\/\/reto.cn\/php\/hanyu\/wp-json\/wp\/v2\/pages"}],"about":[{"href":"https:\/\/reto.cn\/php\/hanyu\/wp-json\/wp\/v2\/types\/page"}],"author":[{"embeddable":true,"href":"https:\/\/reto.cn\/php\/hanyu\/wp-json\/wp\/v2\/users\/1"}],"replies":[{"embeddable":true,"href":"https:\/\/reto.cn\/php\/hanyu\/wp-json\/wp\/v2\/comments?post=16098"}],"version-history":[{"count":0,"href":"https:\/\/reto.cn\/php\/hanyu\/wp-json\/wp\/v2\/pages\/16098\/revisions"}],"up":[{"embeddable":true,"href":"https:\/\/reto.cn\/php\/hanyu\/wp-json\/wp\/v2\/pages\/15904"}],"wp:attachment":[{"href":"https:\/\/reto.cn\/php\/hanyu\/wp-json\/wp\/v2\/media?parent=16098"}],"curies":[{"name":"wp","href":"https:\/\/api.w.org\/{rel}","templated":true}]}}