{"id":16101,"date":"2023-11-15T17:48:25","date_gmt":"2023-11-15T09:48:25","guid":{"rendered":"https:\/\/reto.cn\/php\/hanyu\/lernado-de-esperanto\/900frazoj\/900frazoj35-2-6\/"},"modified":"2023-12-28T08:43:13","modified_gmt":"2023-12-28T00:43:13","slug":"900frazoj46","status":"publish","type":"page","link":"https:\/\/reto.cn\/php\/hanyu\/lernado-de-esperanto\/900frazoj\/900frazoj46\/","title":{"rendered":"\u4e16\u754c\u8bed\u4e5d\u767e\u53e5 676-690"},"content":{"rendered":"<h4 style=\"text-align: center;\">\u4e16\u754c\u8bed\u4e5d\u767e\u53e5<br \/>\n46<\/h4>\n<p><strong><b>\uff0846\uff09PRI LO\u011cADO \u8c08\u8bba\u5bb6<\/b><\/strong><\/p>\n<p>676.Kie vi kreskadas?<\/p>\n<p>\u4f60\u662f\u5728\u54ea\u513f\u957f\u5927\u7684\uff1f<\/p>\n<p>677.Mia hejmo sin lokas en mezgranda urbo, kie trovi\u011das bela pejza\u011do \u6211\u7684\u5bb6\u5728\u4e00\u4e2a\u4e2d\u7b49\u57ce\u5e02\uff0c\u90a3\u513f\u98ce\u666f\u5f88\u4f18\u7f8e\u3002<\/p>\n<p>678.Mi pasigis mian infana\u011don en urbo C.<\/p>\n<p>\u5728C\u57ce\uff0c\u6211\u5ea6\u8fc7\u4e86\u7ae5\u5e74\u65f6\u4ee3\u3002<\/p>\n<p>679.Paro da junaj geedzoj translo\u011di\u011dis najbare de mia hejmo.<\/p>\n<p>\u4e00\u5bf9\u5e74\u8f7b\u7684\u592b\u5987\u642c\u5230\u4e86\u6211\u5bb6\u7684\u9694\u58c1\u3002<\/p>\n<p>680.\u0108u viaj najbaroj \u0109iuj estas amikaj?<\/p>\n<p>\u4f60\u7684\u90bb\u5c45\u90fd\u5f88\u53cb\u597d\u5417\uff1f<\/p>\n<p>681.Via \u0109ambro estas iom malgranda, sed \u011di trovi\u011das en la centro de la urbo. Tio estas tre oportuna.<\/p>\n<p>\u4f60\u7684\u5bb6\u623f\u95f4\u5c0f\u4e86\u70b9\uff0c\u4f46\u5728\u5e02\u4e2d\u5fc3\uff0c\u633a\u65b9\u4fbf\u3002<\/p>\n<p>682.Niaj hejmoj sin trovas proksime. La studa grupo okazigas aktivadojn en mia hejmo.<\/p>\n<p>\u6211\u4eec\u51e0\u5bb6\u5c31\u4f4f\u5728\u9644\u8fd1\uff0c\u5b66\u4e60\u5c0f\u7ec4\u6d3b\u52a8\u5c31\u5728\u6211\u5bb6\u3002<\/p>\n<p>683.\u0108u tiu \u0109ambro estas meblita tre bele?<\/p>\n<p>\u8fd9\u5957\u623f\u95f4\u5e03\u7f6e\u5f97\u5f88\u6f02\u4eae\u3002<\/p>\n<p>684.Metu la sofon \u0109e la fenestron. \u011ci akordi\u011das kun la purpuraj kurtenoj de la fenestro.<\/p>\n<p>\u6c99\u53d1\u9760\u7a97\u653e\uff0c\u914d\u4e0a\u7d2b\u8272\u7684\u7a97\u5e18\u5f88\u534f\u8c03.<\/p>\n<p>685.Kiamodajn meblojn vi havas? \u0108u novmodajn?<\/p>\n<p>\u4f60\u6709\u4ec0\u4e48\u5f0f\u6837\u7684\u5bb6\u4ff1\uff0c\u662f\u65b0\u5f0f\u7684\u5417\uff1f<\/p>\n<p>686.La fenestroj jam fari\u011dis malnovaj. \u011ci bezonas pentradon.<\/p>\n<p>\u7a97\u5b50\u5df2\u65e7\u4e86\uff0c\u9700\u8981\u6cb9\u6f06\u3002<\/p>\n<p>687.La kuirejo kaj lavejo sin trovas sur la unua eta\u011do.<\/p>\n<p>\u53a8\u623f\u548c\u76e5\u6d17\u5ba4\u90fd\u5728\u4e00\u697c\u3002<\/p>\n<p>688.La planko \u015dajnas al mi malbela. Mi volas gin vaksi.<\/p>\n<p>\u6211\u5acc\u5730\u677f\u96be\u770b\uff0c\u6211\u8981\u7ed9\u5b83\u6253\u8721\u3002<\/p>\n<p>689.La bildoj sur la muro devas esti \u015dan\u011ditaj, anka\u016d la kalendaro devas esti \u015dan\u011dita per la nova.<\/p>\n<p>\u5899\u4e0a\u7684\u753b\u8be5\u6362\u4e86\uff0c\u5e74\u5386\u4e5f\u5e94\u6362\u65b0\u7684\u4e86\u3002<\/p>\n<p>690.Ne forgesu akvumi la florojn kaj man\u011digi la orfi\u015dojn, anta\u016d ol iri al laboro.<\/p>\n<p>\u4e0a\u73ed\u524d\uff0c\u522b\u5fd8\u4e86\u6d47\u82b1\u548c\u7ed9\u91d1\u9c7c\u5582\u98df\u3002<\/p>\n<p>\u5907\u7528\u5355\u8bcd<\/p>\n<p>hejmloko.\u5bb6\u4e61<\/p>\n<p>libro\u015dranko.\u4e66\u67dc<\/p>\n<p>naski\u011dloko.\u51fa\u751f\u5730<\/p>\n<p>skribotablo.\u4e66\u684c<\/p>\n<p>familiano.\u5bb6\u5ead\u6210\u5458<\/p>\n<p>se\u011do.\u6905\u5b50<\/p>\n<p>lifto.\u7535\u68af<\/p>\n<p>komodo.\u4e94\u5c49\u67dc<\/p>\n<p>eta\u011ddomo.\u697c\u623f<\/p>\n<p>tableto.\u8336\u51e0<\/p>\n<p>elektra ventumilo.\u7535\u98ce\u6247<\/p>\n<p>infanaj ludiloj.\u513f\u7ae5\u73a9\u5177<\/p>\n<p>&nbsp;<\/p>\n<p>\u8fd4\u56de<a href=\"https:\/\/reto.cn\/php\/hanyu\/lernado-de-esperanto\/900frazoj\/\">\u4e16\u754c\u8bed\u4e5d\u767e\u53e5<\/a>\u76ee\u5f55<\/p>\n","protected":false},"excerpt":{"rendered":"<p>\u4e16\u754c\u8bed\u4e5d\u767e\u53e5 46 \uff0846\uff09PRI LO\u011cADO \u8c08\u8bba\u5bb6 676.Kie vi kreskadas? \u4f60\u662f\u5728\u54ea\u2026 <span class=\"read-more\"><a href=\"https:\/\/reto.cn\/php\/hanyu\/lernado-de-esperanto\/900frazoj\/900frazoj46\/\">\u7ee7\u7eed\u9605\u8bfb Legi pli &raquo;<\/a><\/span><\/p>\n","protected":false},"author":1,"featured_media":0,"parent":15904,"menu_order":0,"comment_status":"open","ping_status":"closed","template":"","meta":{"footnotes":""},"_links":{"self":[{"href":"https:\/\/reto.cn\/php\/hanyu\/wp-json\/wp\/v2\/pages\/16101"}],"collection":[{"href":"https:\/\/reto.cn\/php\/hanyu\/wp-json\/wp\/v2\/pages"}],"about":[{"href":"https:\/\/reto.cn\/php\/hanyu\/wp-json\/wp\/v2\/types\/page"}],"author":[{"embeddable":true,"href":"https:\/\/reto.cn\/php\/hanyu\/wp-json\/wp\/v2\/users\/1"}],"replies":[{"embeddable":true,"href":"https:\/\/reto.cn\/php\/hanyu\/wp-json\/wp\/v2\/comments?post=16101"}],"version-history":[{"count":0,"href":"https:\/\/reto.cn\/php\/hanyu\/wp-json\/wp\/v2\/pages\/16101\/revisions"}],"up":[{"embeddable":true,"href":"https:\/\/reto.cn\/php\/hanyu\/wp-json\/wp\/v2\/pages\/15904"}],"wp:attachment":[{"href":"https:\/\/reto.cn\/php\/hanyu\/wp-json\/wp\/v2\/media?parent=16101"}],"curies":[{"name":"wp","href":"https:\/\/api.w.org\/{rel}","templated":true}]}}