{"id":16103,"date":"2023-11-15T17:48:25","date_gmt":"2023-11-15T09:48:25","guid":{"rendered":"https:\/\/reto.cn\/php\/hanyu\/lernado-de-esperanto\/900frazoj\/900frazoj35-2-8\/"},"modified":"2023-12-28T08:41:45","modified_gmt":"2023-12-28T00:41:45","slug":"900frazoj44","status":"publish","type":"page","link":"https:\/\/reto.cn\/php\/hanyu\/lernado-de-esperanto\/900frazoj\/900frazoj44\/","title":{"rendered":"\u4e16\u754c\u8bed\u4e5d\u767e\u53e5 646-660"},"content":{"rendered":"<h4 style=\"text-align: center;\">\u4e16\u754c\u8bed\u4e5d\u767e\u53e5<br \/>\n44<\/h4>\n<p><strong><b>\uff0844\uff09EDUKO KAJ PROFESIO \u6559\u80b2\u4e0e\u804c\u4e1a<\/b><\/strong><\/p>\n<p>646.Geknaboj ekvizitas lernejon je la a\u011do de sep jaroj. Ili lernas ses jarojn en elementa lernejo.<\/p>\n<p>\u5b69\u5b50\u4eec\u4e03\u5c81\u4e0a\u5b66\uff0c\u4ed6\u4eec\u5728\u5c0f\u5b66\u5b66\u4e60\u516d\u5e74\u3002<\/p>\n<p>647.En mezlernejo, geknaboj povas akiri pli multe da scioj.<\/p>\n<p>\u5728\u4e2d\u5b66\u91cc\uff0c\u5b69\u5b50\u4eec\u83b7\u5f97\u66f4\u591a\u7684\u77e5\u8bc6\u3002<\/p>\n<p>648.Mia juna fratino \u0135us finis sian lernadon de mezlernejo. Hiera\u016d vespere okazis la diplomiti\u011da ceremonio.<\/p>\n<p>\u6211\u7684\u59b9\u59b9\u521a\u4ece\u4e2d\u5b66\u6bd5\u4e1a\uff0c\u6bd5\u4e1a\u5178\u793c\u662f\u6628\u665a\u4e3e\u884c\u7684\u3002<\/p>\n<p>649.Universitatoj elbakas studentojn en instruistojn, kuracistojn, agronomojn kaj in\u011denierojn.<\/p>\n<p>\u5728\u5927\u5b66\u91cc\uff0c\u5b66\u751f\u88ab\u57f9\u517b\u6210\u6559\u5e08\u3001\u533b\u751f\u3001\u519c\u827a\u5e08\u548c\u5de5\u7a0b\u5e08\u3002<\/p>\n<p>650.Li estas diplomito de universitato. Nun li servas kiel in\u011deniero en fabriko.<\/p>\n<p>\u4ed6\u662f\u5927\u5b66\u6bd5\u4e1a\u751f\uff0c\u73b0\u5728\u5728\u5de5\u5382\u5f53\u5de5\u7a0b\u5e08\u3002<\/p>\n<p>651.Nun li faras preparojn por la enira ekzameno de esplorstudentoj.<\/p>\n<p>\u4ed6\u73b0\u5728\u5728\u51c6\u5907\u7814\u7a76\u751f\u8003\u8bd5\u3002<\/p>\n<p>652.Li Ming akiris la diplomon de licencio\/magistro\/doktoro.<\/p>\n<p>\u674e\u660e\u53d6\u5f97\u4e86\u5b66\u58eb\/\u7855\u58eb\/\u535a\u58eb\u5b66\u4f4d\u3002<\/p>\n<p>653.Li havas nur klerecon de mezlernejo kaj li talenti\u011das pere de memlernado.<\/p>\n<p>\u4ed6\u53ea\u6709\u4e2d\u5b66\u5b66\u5386\uff0c\u662f\u9760\u81ea\u5b66\u6210\u624d\u7684\u3002<\/p>\n<p>654.Kvankam li estas laboristo, tamen li havas altan nivelon en Esperanto.<\/p>\n<p>\u4ed6\u662f\u4e00\u4e2a\u5de5\u4eba\uff0c\u4f46\u4ed6\u7684\u4e16\u754c\u8bed\u6c34\u5e73\u5f88\u9ad8\u3002<\/p>\n<p>655.Kion vi faros, kiam vi plenkreski\u011dos? \u0108u vi jam faris decidon?<\/p>\n<p>\u4f60\u957f\u5927\u4ee5\u540e\u60f3\u505a\u4ec0\u4e48\uff1f\u4f60\u51b3\u5b9a\u4e86\u5417\uff1f<\/p>\n<p>656.Tuj kiam mi finos mian trejnadon, mi oficos kiel kasisto de banko.<\/p>\n<p>\u4e00\u5f53\u8bad\u7ec3\u671f\u6ee1\uff0c\u6211\u5c31\u51c6\u5907\u5f53\u4e00\u4e2a\u94f6\u884c\u7684\u51fa\u7eb3\u5458\u3002<\/p>\n<p>657.Mi \u015datas pentradon, sed mi ne volas preni \u011din kiel mian dumvivan profesion.<\/p>\n<p>\u6211\u559c\u6b22\u7ed8\u753b\uff0c\u4f46\u6211\u4e0d\u613f\u628a\u5b83\u4f5c\u4e3a\u6211\u7684\u7ec8\u8eab\u804c\u4e1a\u3002<\/p>\n<p>658.Mia onklo estas kondukisto. Li emeriti\u011dis anta\u016d ne lonege.<\/p>\n<p>\u6211\u7684\u53d4\u53d4\u662f\u9a7e\u9a76\u5458\uff0c\u4ed6\u521a\u521a\u9000\u4f11\u3002<\/p>\n<p>659.Mia salajro ne estas alta, sed mia profesio estas kontentiga.<\/p>\n<p>\u6211\u7684\u5de5\u8d44\u4e0d\u9ad8\uff0c\u4f46\u5de5\u4f5c\u5f88\u7406\u60f3\u3002<\/p>\n<p>660.Ilia memlerna grupo okupi\u011das pri ilia dua profesio.<\/p>\n<p>\u4ed6\u4eec\u8fd9\u4e2a\u81ea\u5b66\u5c0f\u7ec4\u5728\u5f00\u8f9f\u7b2c\u4e8c\u804c\u4e1a.<\/p>\n<p>\u5907\u7528\u5355\u8bcd<\/p>\n<p>orientilo de eduko.\u6559\u80b2\u65b9\u9488<\/p>\n<p>akademia rango.\u5b66\u4f4d<\/p>\n<p>atingi la normon\/sukcesi en ekzameno.\u53ca\u683c<\/p>\n<p>eduko anta\u016d lerna\u011do.\u5b66\u524d\u6559\u80b2<\/p>\n<p>fundamenta scio.\u57fa\u7840\u77e5\u8bc6<\/p>\n<p>fako.\u4e13\u4e1a<\/p>\n<p>kadro.\u5e72\u90e8<\/p>\n<p>edukisto\/pedagogo.\u6559\u80b2\u5bb6<\/p>\n<p>tradukisto\/interpretisto.\u7ffb\u8bd1\u5bb6<\/p>\n<p>profesoro.\u6559\u6388<\/p>\n<p>trejnisto.\u6559\u7ec3<\/p>\n<p>docento\/lektoro.\u8bb2\u5e08<\/p>\n<p>kontisto\/librotenisto.\u4f1a\u8ba1<\/p>\n<p>lernejestro.\u6821\u957f\uff08\u4e2d\u5c0f\u5b66\uff09<\/p>\n<p>rektoro.\u6821\u957f\uff08\u5927\u5b66\uff09<\/p>\n<p>leterportisto\/kuriero.\u90ae\u9012\u5458<\/p>\n<p>instituto\/kolegio.\u5b66\u9662<\/p>\n<p>vintra (somera) ferio.\u5bd2\uff08\u6691\uff09\u5047<\/p>\n<p>policano.\u8b66\u5bdf<\/p>\n<p>servisto.\u670d\u52a1\u5458<\/p>\n<p>ekzameno.\u8003\u8bd5<\/p>\n<p>poento.\u5206\u6570<\/p>\n<p>armeano\/soldato.\u519b\u4eba\/\u6218\u58eb<\/p>\n<p>&nbsp;<\/p>\n<p>\u8fd4\u56de<a href=\"https:\/\/reto.cn\/php\/hanyu\/lernado-de-esperanto\/900frazoj\/\">\u4e16\u754c\u8bed\u4e5d\u767e\u53e5<\/a>\u76ee\u5f55<\/p>\n","protected":false},"excerpt":{"rendered":"<p>\u4e16\u754c\u8bed\u4e5d\u767e\u53e5 44 \uff0844\uff09EDUKO KAJ PROFESIO \u6559\u80b2\u4e0e\u804c\u4e1a 646.Geknaboj ekv\u2026 <span class=\"read-more\"><a href=\"https:\/\/reto.cn\/php\/hanyu\/lernado-de-esperanto\/900frazoj\/900frazoj44\/\">\u7ee7\u7eed\u9605\u8bfb Legi pli &raquo;<\/a><\/span><\/p>\n","protected":false},"author":1,"featured_media":0,"parent":15904,"menu_order":0,"comment_status":"open","ping_status":"closed","template":"","meta":{"footnotes":""},"_links":{"self":[{"href":"https:\/\/reto.cn\/php\/hanyu\/wp-json\/wp\/v2\/pages\/16103"}],"collection":[{"href":"https:\/\/reto.cn\/php\/hanyu\/wp-json\/wp\/v2\/pages"}],"about":[{"href":"https:\/\/reto.cn\/php\/hanyu\/wp-json\/wp\/v2\/types\/page"}],"author":[{"embeddable":true,"href":"https:\/\/reto.cn\/php\/hanyu\/wp-json\/wp\/v2\/users\/1"}],"replies":[{"embeddable":true,"href":"https:\/\/reto.cn\/php\/hanyu\/wp-json\/wp\/v2\/comments?post=16103"}],"version-history":[{"count":0,"href":"https:\/\/reto.cn\/php\/hanyu\/wp-json\/wp\/v2\/pages\/16103\/revisions"}],"up":[{"embeddable":true,"href":"https:\/\/reto.cn\/php\/hanyu\/wp-json\/wp\/v2\/pages\/15904"}],"wp:attachment":[{"href":"https:\/\/reto.cn\/php\/hanyu\/wp-json\/wp\/v2\/media?parent=16103"}],"curies":[{"name":"wp","href":"https:\/\/api.w.org\/{rel}","templated":true}]}}