{"id":16130,"date":"2023-11-15T17:48:25","date_gmt":"2023-11-15T09:48:25","guid":{"rendered":"https:\/\/reto.cn\/php\/hanyu\/lernado-de-esperanto\/900frazoj\/900frazoj35-3-3\/"},"modified":"2024-01-08T09:41:13","modified_gmt":"2024-01-08T01:41:13","slug":"900frazoj58","status":"publish","type":"page","link":"https:\/\/reto.cn\/php\/hanyu\/lernado-de-esperanto\/900frazoj\/900frazoj58\/","title":{"rendered":"\u4e16\u754c\u8bed\u4e5d\u767e\u53e5 856-870"},"content":{"rendered":"<h4 style=\"text-align: center;\">\u4e16\u754c\u8bed\u4e5d\u767e\u53e5<br \/>\n58<\/h4>\n<p><strong><b>\uff0858\uff09MORO KAJ KUTIMO \u98ce\u4fd7\u4e0e\u4e60\u60ef<\/b><\/strong><\/p>\n<ol start=\"856\">\n<li>Jen la enigmo:\u201cEn \u0109iu familio estas kelkaj, sed tra \u0108inio estas nur dek du.\u201d \u0108u vi povas eldiveni?<\/li>\n<\/ol>\n<p>\u201c\u4e2d\u56fd\u4e00\u5bb6\u6709\u51e0\u4e2a\uff0c\u5168\u56fd\u53ea\u6709\u5341\u4e8c\u4e2a\u201d\uff0c\u4f60\u731c\u662f\u4ec0\u4e48\uff1f<\/p>\n<p>857.Tio estas persona aparteneco. Al kiu kategorio vi apartenas?<\/p>\n<p>\u662f\u5c5e\u76f8\uff0c\u4f60\u5c5e\u4ec0\u4e48\uff1f<\/p>\n<p>858.Mi apartenas al la kategorio de Simio (Porko, Bovo, \u0108evalo, Drako, Serpento, Tigro, Muso, Koko, \u015cafo, Hundo).<\/p>\n<p>\u6211\u5c5e\u7334\uff08\u732a\u3001\u725b\u3001\u9a6c\u3001\u9f99\u3001\u86c7\u3001\u864e\u3001\u9f20\u3001\u9e21\u3001\u7f8a\u3001\u72d7\uff09\u3002<\/p>\n<p>859.La \u0109inaj kamparanoj \u015datas kalkuli la\u016d la luna kalendaro, \u0109ar \u011di pli oportunas por kamparaj aktivecoj.<\/p>\n<p>\u4e2d\u56fd\u519c\u6c11\u559c\u6b22\u519c\u5386\uff0c\u56e0\u4e3a\u5b83\u4fbf\u4e8e\u8015\u79cd\u3002<\/p>\n<p>860.\u0108inio havas aliajn naciajn festojn, kiaj la Drakboata Festo kaj la A\u016dtunmeza Festo.<\/p>\n<p>\u4e2d\u56fd\u8fd8\u6709\u4e00\u4e9b\u6c11\u65cf\u8282\u65e5\uff0c\u5982\u7aef\u5348\u8282\u548c\u4e2d\u79cb\u8282\u3002<\/p>\n<p>861.La Drakboata Festo okazas je la kvina tago de la kvina monato la\u016d la luna kalendaro, kaj la A\u016dtunmeza Festo je la dekkvina tago de la oka monato la\u016d la luna kalendaro.<\/p>\n<p>\u7aef\u5348\u8282\u662f\u519c\u5386\u4e94\u6708\u521d\u4e94\uff0c\u4e2d\u79cb\u8282\u662f\u519c\u5386\u516b\u6708\u5341\u4e94\u65e5\u3002<\/p>\n<p>862.La Drakboata Festo estas la tago por memorigi Qu Yuan, la grandan poeton de \u0108inio.<\/p>\n<p>\u7aef\u5348\u8282\u662f\u4e3a\u4e86\u7eaa\u5ff5\u4f1f\u5927\u8bd7\u4eba\u5c48\u539f\u7684\u8282\u65e5\u3002<\/p>\n<p>863.Dum la Drakboata Festo, oni havas tradicion man\u011di \u201cZhongzi-ojn\u201d. Kelkloke oni ankora\u016d remas drakboatojn.<\/p>\n<p>\u7aef\u5348\u8282\u5927\u5bb6\u4e60\u60ef\u5403\u7cbd\u5b50\uff0c\u6709\u7684\u5730\u65b9\u8fd8\u5212\u9f99\u8239\u3002<\/p>\n<p>864.La A\u016dtunmeza Festo estas la tago por memorigi rezistadon kontra\u016d invadantoj.<\/p>\n<p>\u4e2d\u79cb\u8282\u662f\u4e3a\u4e86\u7eaa\u5ff5\u6297\u51fb\u5916\u56fd\u4fb5\u7565\u8005\u7684\u8282\u65e5\u3002<\/p>\n<p>865.Dum la A\u016dtunmeza Festo, oni havas la tradicion man\u011di lunkukojn. Kaj \u0109iuj familianoj kuni\u011das sub la luno.<\/p>\n<p>\u4e2d\u79cb\u8282\u5927\u5bb6\u4e60\u60ef\u5403\u6708\u997c\uff0c\u5e76\u4e14\u4e00\u5bb6\u4eba\u5728\u6708\u4e0b\u56e2\u5706\u3002<\/p>\n<p>866.\u0108e renkonti\u011do kun amikoj, ni kutimas manpremi, sed ne kisi unu la alian.<\/p>\n<p>\u6211\u4eec\u670b\u53cb\u76f8\u89c1\u4e60\u60ef\u63e1\u624b\u800c\u4e0d\u63a5\u543b\u3002<\/p>\n<p>867.Viroj ne surmetas kolorajn vestojn. Ili \u011denerale \u015datas la kostumojn bluajn, grizajn a\u016d kafkolorajn.<\/p>\n<p>\u7537\u540c\u5fd7\u4e0d\u7a7f\u82b1\u8863\u670d\uff0c\u4e00\u822c\u559c\u6b22\u5170\u8272\u3001\u7070\u8272\u6216\u5496\u5561\u8272\u7684\u670d\u88c5\u3002<\/p>\n<p>868.Virinoj \u015datas surmeti kolorajn vestojn kaj nuntempe pli kaj pli multaj virinoj emas frizi siajn harojn.<\/p>\n<p>\u5973\u540c\u5fd7\u559c\u6b22\u7a7f\u82b1\u8863\u670d\uff0c\u73b0\u5728\u8d8a\u6765\u8d8a\u591a\u7684\u4eba\u559c\u6b22\u70eb\u53d1\u3002<\/p>\n<p>869.\u0108inoj havas profunde radiki\u011dintan ideon pri la familio, kaj eksedzi\u011do malofte okazas.<\/p>\n<p>\u4e2d\u56fd\u4eba\u5bb6\u5ead\u89c2\u5ff5\u8f83\u91cd\uff0c\u79bb\u5a5a\u7684\u4e8b\u662f\u5f88\u5c11\u53d1\u751f\u7684\u3002<\/p>\n<p>870.Respektado al maljunuloj kaj helpado al infanoj estas la bona tradicia virto de \u0109inoj.<\/p>\n<p>\u656c\u8001\u6276\u5e7c\u662f\u4e2d\u56fd\u4eba\u6c11\u7684\u4f20\u7edf\u7f8e\u5fb7\u3002<\/p>\n<p>\u5907\u7528\u5355\u8bcd<\/p>\n<p>nacimalplimulto.\u5c11\u6570\u6c11\u65cf<\/p>\n<p>pilgrimi.\u671d\u5723\u8fdb\u9999<\/p>\n<p>kremacio.\u706b\u846c<\/p>\n<p>solidareco de nacioj.\u6c11\u65cf\u56e2\u7ed3<\/p>\n<p>funebra kunveno.\u8ffd\u60bc\u4f1a<\/p>\n<p>drakodanco.\u821e\u9f99\u706f<\/p>\n<p>kulto.\u796d\u7940<\/p>\n<p>idoj de Huangdi.\u796d\u7940\u9ec4\u5e1d\u5b50\u5b59<\/p>\n<p>religio.\u5b97\u6559<\/p>\n<p>teismo.\u6709\u795e\u8bba<\/p>\n<p>ateismo.\u65e0\u795e\u8bba<\/p>\n<p>Konfuceo.\u5b54\u592b\u5b50<\/p>\n<p>pre\u011di.\u7977\u544a<\/p>\n<p>\u0109efa man\u011da\u0135o.\u4e3b\u98df<\/p>\n<p>genezo.\u521b\u4e16\u7eaa<\/p>\n<p>genealogio.\u5bb6\u8c31<\/p>\n<p>Pangu kreis la mondon.\u76d8\u53e4\u5f00\u5929\u5730<\/p>\n<p>naski\u011dloko.\u673a\u5173<\/p>\n<p>&nbsp;<\/p>\n<p>\u8fd4\u56de<a href=\"https:\/\/reto.cn\/php\/hanyu\/lernado-de-esperanto\/900frazoj\/\">\u4e16\u754c\u8bed\u4e5d\u767e\u53e5<\/a>\u76ee\u5f55<\/p>\n","protected":false},"excerpt":{"rendered":"<p>\u4e16\u754c\u8bed\u4e5d\u767e\u53e5 58 \uff0858\uff09MORO KAJ KUTIMO \u98ce\u4fd7\u4e0e\u4e60\u60ef Jen la enigmo:\u201cEn \u0109\u2026 <span class=\"read-more\"><a href=\"https:\/\/reto.cn\/php\/hanyu\/lernado-de-esperanto\/900frazoj\/900frazoj58\/\">\u7ee7\u7eed\u9605\u8bfb Legi pli &raquo;<\/a><\/span><\/p>\n","protected":false},"author":1,"featured_media":0,"parent":15904,"menu_order":0,"comment_status":"open","ping_status":"closed","template":"","meta":{"footnotes":""},"_links":{"self":[{"href":"https:\/\/reto.cn\/php\/hanyu\/wp-json\/wp\/v2\/pages\/16130"}],"collection":[{"href":"https:\/\/reto.cn\/php\/hanyu\/wp-json\/wp\/v2\/pages"}],"about":[{"href":"https:\/\/reto.cn\/php\/hanyu\/wp-json\/wp\/v2\/types\/page"}],"author":[{"embeddable":true,"href":"https:\/\/reto.cn\/php\/hanyu\/wp-json\/wp\/v2\/users\/1"}],"replies":[{"embeddable":true,"href":"https:\/\/reto.cn\/php\/hanyu\/wp-json\/wp\/v2\/comments?post=16130"}],"version-history":[{"count":0,"href":"https:\/\/reto.cn\/php\/hanyu\/wp-json\/wp\/v2\/pages\/16130\/revisions"}],"up":[{"embeddable":true,"href":"https:\/\/reto.cn\/php\/hanyu\/wp-json\/wp\/v2\/pages\/15904"}],"wp:attachment":[{"href":"https:\/\/reto.cn\/php\/hanyu\/wp-json\/wp\/v2\/media?parent=16130"}],"curies":[{"name":"wp","href":"https:\/\/api.w.org\/{rel}","templated":true}]}}