{"id":16133,"date":"2023-11-15T17:48:25","date_gmt":"2023-11-15T09:48:25","guid":{"rendered":"https:\/\/reto.cn\/php\/hanyu\/lernado-de-esperanto\/900frazoj\/900frazoj35-3-6\/"},"modified":"2024-01-08T09:39:59","modified_gmt":"2024-01-08T01:39:59","slug":"900frazoj55","status":"publish","type":"page","link":"https:\/\/reto.cn\/php\/hanyu\/lernado-de-esperanto\/900frazoj\/900frazoj55\/","title":{"rendered":"\u4e16\u754c\u8bed\u4e5d\u767e\u53e5 811-825"},"content":{"rendered":"<h4 style=\"text-align: center;\">\u4e16\u754c\u8bed\u4e5d\u767e\u53e5<br \/>\n55<\/h4>\n<p><strong><b>\uff0855\uff09\u0134URNALOJ KAJ GAZETOJ \u62a5\u520a\u6742\u5fd7<\/b><\/strong><\/p>\n<p>811.Kiom da gazetoj vi abonis? \u011cu Esperanta\u0135oj trovi\u011das en ili?<\/p>\n<p>\u4f60\u8ba2\u4e86\u51e0\u79cd\u6742\u5fd7\uff0c\u6709\u4e16\u754c\u8bed\u6742\u5fd7\u5417\uff1f<\/p>\n<p>812.Mi abonis plurajn gazetojn en Esperanto, inkluzive de \u201cEl Popola \u0108inio\u201d kaj \u201cLa Mondo\u201d de Pekino, \u201cLernado de Esperanto\u201d de Chongqing, kaj \u201dNova Floro\u201d de Huangshi.<\/p>\n<p>\u6211\u8ba2\u4e86\u597d\u51e0\u79cd\u4e16\u754c\u8bed\u6742\u5fd7\uff0c\u6709\u5317\u4eac\u7684\u300a\u4e2d\u56fd\u62a5\u9053\u300b\u548c \u300a\u4e16\u754c\u300b\uff0c\u4e5f\u6709\u91cd\u5e86\u7684\u300a\u4e16\u754c\u8bed\u5b66\u4e60\u300b\u548c\u9ec4\u77f3\u7684\u300a\u65b0\u82b1\u300b\u3002<\/p>\n<p>813.Kvankam \u201cNova Floro\u201d estas mimeografie presita gazeteto, \u011di tamen havas belan aspekton kaj ri\u0109an enhavon. Mi tre \u015datas \u011din.<\/p>\n<p>\u300a\u65b0\u82b1\u300b\u867d\u662f\u4e2a\u6cb9\u5370\u5c0f\u520a\uff0c\u4f46\u7248\u9762\u7cbe\u7f8e\uff0c\u5185\u5bb9\u4e30\u5bcc\uff0c\u6211\u5f88\u559c\u6b22\u8bfb\u3002<\/p>\n<p>814.Mi ne emas tralegi la tutajn pa\u011dojn de \u0135urnalo, sed mi nur fluglegas la titolojn.<\/p>\n<p>\u6211\u4e0d\u770b\u6574\u7248\u62a5\u7eb8\uff0c\u6211\u53ea\u662f\u6d4f\u89c8\u4e00\u4e0b\u5927\u6807\u9898\u3002<\/p>\n<p>815.Mi \u015datas legi la \u0135urnalon \u201cCina Junularo\u201d. \u011ci havas karakterizan trajton.<\/p>\n<p>\u6211\u559c\u6b22\u8bfb\u300a\u4e2d\u56fd\u9752\u5e74\u62a5\u300b\uff0c\u5b83\u5f88\u6709\u7279\u8272\u3002<\/p>\n<p>816.La Gazeto \u201cTalentulo\u201d anka\u016d estas tre bona. Mi preska\u016d tralegas \u011diajn \u0109iujn numerojn.<\/p>\n<p>\u300a\u4eba\u624d\u300b\u6742\u5fd7\u4e5f\u5f88\u597d\uff0c\u6211\u51e0\u4e4e\u6bcf\u671f\u901a\u8bfb\u3002<\/p>\n<p>817.La unua \u0109apitro de la rakonto estas aperigita en \u0109i-numero de la gazeto.<\/p>\n<p>\u8fd9\u4e2a\u6545\u4e8b\u7684\u7b2c\u4e00\u7ae0\u662f\u767b\u5728\u8fd9\u4e00\u671f\u3001\u7684\u6742\u5fd7\u4e0a\u3002<\/p>\n<p>818.Kio estas la totala eldonkvanto de \u0109i tiu \u0135urnalo?<\/p>\n<p>\u8fd9\u79cd\u62a5\u7eb8\u7684\u603b\u53d1\u884c\u57fa\u662f\u591a\u5c11\uff1f<\/p>\n<p>819.Mi ankora\u016d ne legis la lastan numeron de la gazeto. \u0108u \u011di jam eldoni\u011dis?<\/p>\n<p>\u6211\u6ca1\u6709\u770b\u5230\u6700\u8fd1\u4e00\u671f\u7684\u6742\u5fd7\uff0c\u5b83\u5df2\u7ecf\u51fa\u7248\u4e86\u5417\uff1f<\/p>\n<p>820.Nemultaj nova\u0135oj aperas en hodia\u016da jurnalo.<\/p>\n<p>\u4eca\u5929\u62a5\u4e0a\u767b\u7684\u65b0\u95fb\u4e0d\u591a\u3002<\/p>\n<p>821.Mi ser\u0109as la kadron de la klasifikitaj afi\u015doj. \u0108u vi jam trovis \u011din?<\/p>\n<p>\u6211\u6b63\u5728\u627e\u5206\u7c7b\u5e7f\u544a\u680f\uff0c\u4f60\u89c1\u5230\u4e86\u5417\uff1f<\/p>\n<p>822.Legu hodia\u016dan \u0135urnalon por trovi, kiaj filmoj estas prezentataj en diversaj kinejoj.<\/p>\n<p>\u770b\u770b\u4eca\u5929\u7684\u65e5\u62a5\uff0c\u5404\u7535\u5f71\u9662\u6709\u4e9b\u4ec0\u4e48\u7535\u5f71\u3002<\/p>\n<p>823.\u0108u vi jam legis la artikolon pri Verda Majo?<\/p>\n<p>\u4f60\u8bfb\u8fc7\u90a3\u7bc7\u5173\u4e8e\u201c\u7eff\u5ddd\u82f1\u5b50\u201d\u7684\u6587\u7ae0\u5417\uff1f<\/p>\n<p>824.En la lasta numero de \u201cEl Popola \u0108inio\u201d aperas la informo pri la Esperanta kurso en nia urbo.<\/p>\n<p>\u8fd9\u4e00\u671f\u300a\u4e2d\u56fd\u62a5\u9053\u300b\u520a\u767b\u4e86\u6211\u5e02\u4e16\u754c\u8bed\u8bb2\u4e60\u73ed\u7684\u6d88\u606f\u3002<\/p>\n<p>825.La kovrilpa\u011do de \u0109i gazeto estas \u0109iam bele presita.<\/p>\n<p>\u8fd9\u4efd\u6742\u5fd7\u7684\u5c01\u9762\u603b\u662f\u5341\u5206\u7cbe\u7f8e\u3002<\/p>\n<p>\u5907\u7528\u5355\u8bcd<\/p>\n<p>\u0135urnalisto\/raportisto.\u8bb0\u8005<\/p>\n<p>speciala numero.\u7279\u520a<\/p>\n<p>aldono.\u589e\u520a<\/p>\n<p>redaktoro.\u7f16\u8f91<\/p>\n<p>mimeografita.\u6cb9\u5370<\/p>\n<p>\u0109afa artikolo.\u793e\u8bba<\/p>\n<p>tajpita.\u6253\u5b57\u6cb9\u5370<\/p>\n<p>eldonejo.\u51fa\u7248\u793e<\/p>\n<p>tipografio.\u94c5\u5370<\/p>\n<p>eldono.\u7248\u672c<\/p>\n<p>Nova\u0135-agentejo Xinhua.\u65b0\u534e\u901a\u4fe1\u793e<\/p>\n<p>bindita eldono \u7cbe\u88c5\u672c<\/p>\n<p>po\u015dforma eldono.\u8896\u73cd\u672c<\/p>\n<p>Popola Tag\u0135urnalo.\u300a\u4eba\u6c11\u65e5\u62a5\u300b<\/p>\n<p>duonmonata gazeto.\u534a\u6708\u520a<\/p>\n<p>Pekina Revuo.\u300a\u5317\u4eac\u5468\u62a5\u300b<\/p>\n<p>vespera \u0135urnalo.\u665a\u62a5<\/p>\n<p>\u0108ina Tag\u0135urnalo.\u300a\u4e2d\u56fd\u65e5\u62a5\u300b<\/p>\n<p>elektitaj verkoj.\u9009\u96c6<\/p>\n<p>&nbsp;<\/p>\n<p>\u8fd4\u56de<a href=\"https:\/\/reto.cn\/php\/hanyu\/lernado-de-esperanto\/900frazoj\/\">\u4e16\u754c\u8bed\u4e5d\u767e\u53e5<\/a>\u76ee\u5f55<\/p>\n","protected":false},"excerpt":{"rendered":"<p>\u4e16\u754c\u8bed\u4e5d\u767e\u53e5 55 \uff0855\uff09\u0134URNALOJ KAJ GAZETOJ \u62a5\u520a\u6742\u5fd7 811.Kiom da gaz\u2026 <span class=\"read-more\"><a href=\"https:\/\/reto.cn\/php\/hanyu\/lernado-de-esperanto\/900frazoj\/900frazoj55\/\">\u7ee7\u7eed\u9605\u8bfb Legi pli &raquo;<\/a><\/span><\/p>\n","protected":false},"author":1,"featured_media":0,"parent":15904,"menu_order":0,"comment_status":"open","ping_status":"closed","template":"","meta":{"footnotes":""},"_links":{"self":[{"href":"https:\/\/reto.cn\/php\/hanyu\/wp-json\/wp\/v2\/pages\/16133"}],"collection":[{"href":"https:\/\/reto.cn\/php\/hanyu\/wp-json\/wp\/v2\/pages"}],"about":[{"href":"https:\/\/reto.cn\/php\/hanyu\/wp-json\/wp\/v2\/types\/page"}],"author":[{"embeddable":true,"href":"https:\/\/reto.cn\/php\/hanyu\/wp-json\/wp\/v2\/users\/1"}],"replies":[{"embeddable":true,"href":"https:\/\/reto.cn\/php\/hanyu\/wp-json\/wp\/v2\/comments?post=16133"}],"version-history":[{"count":0,"href":"https:\/\/reto.cn\/php\/hanyu\/wp-json\/wp\/v2\/pages\/16133\/revisions"}],"up":[{"embeddable":true,"href":"https:\/\/reto.cn\/php\/hanyu\/wp-json\/wp\/v2\/pages\/15904"}],"wp:attachment":[{"href":"https:\/\/reto.cn\/php\/hanyu\/wp-json\/wp\/v2\/media?parent=16133"}],"curies":[{"name":"wp","href":"https:\/\/api.w.org\/{rel}","templated":true}]}}