{"id":16766,"date":"2024-08-10T10:24:30","date_gmt":"2024-08-10T02:24:30","guid":{"rendered":"https:\/\/reto.cn\/php\/hanyu\/?page_id=16766"},"modified":"2025-11-09T21:05:46","modified_gmt":"2025-11-09T13:05:46","slug":"leciono-15","status":"publish","type":"page","link":"https:\/\/reto.cn\/php\/hanyu\/elementa_kurso\/leciono-15\/","title":{"rendered":"\u4e16\u754c\u8bed\u5165\u95e8 \u7b2c\u5341\u4e94\u8bfe"},"content":{"rendered":"<h3 style=\"text-align: center;\"><strong>Leciono 15<\/strong><\/h3>\n<p>DEKKVINA LECIONO \u7b2c\u5341\u4e94\u8bfe<\/p>\n<p><b>Teksto: <\/b>La Tempo<br \/>\n<b>Gramatiko: <\/b>Numeraloj \u6570\u8bcd<\/p>\n<p><b>I. Novaj Vortoj \u751f\u8bcd\uff1a<\/b><\/p>\n<p>tempo <em>s<\/em>. \u65f6\u95f4<br \/>\ndum <em>prep<\/em>. \u5728\u2026\u2026\u671f\u95f4<br \/>\nmar\u015do <em>s<\/em>. \u8fdb\u519b\uff1b\u957f\u5f81<br \/>\nvalora <em>a<\/em>. \u6709\u4ef7\u503c\u7684<br \/>\njarcento <em>s<\/em>. \u767e\u5e74\uff1b\u4e16\u7eaa<br \/>\nresti <em>v<\/em>. \u7559\u4e0b\uff1b\u5269\u4e0b<br \/>\nkapti <em>v<\/em>. \u6293\u4f4f<br \/>\nminuto <em>s<\/em>. \u5206\uff08\u949f\uff09<br \/>\nmonato <em>s<\/em>. \u6708\uff1b\u6708\u4efd<br \/>\nsekundo <em>s<\/em>. \u79d2\uff08\u949f\uff09<br \/>\nordinara <em>a<\/em>. \u666e\u901a\u7684<br \/>\nsuperjaro <em>s<\/em>. \u95f0\u5e74<br \/>\nsezono <em>s<\/em>. \u5b63\u8282<br \/>\nprintempo <em>s<\/em>. \u6625<br \/>\nsomero <em>s<\/em>. \u590f<br \/>\na\u016dtuno <em>s<\/em>. \u79cb<br \/>\nvintro <em>s<\/em>. \u51ac<br \/>\nokazi <em>v<\/em>. \u4e3e\u884c<br \/>\nfesto <em>s<\/em>. \u8282\u65e5<br \/>\nsemi <em>v<\/em>. \u64ad\u79cd<br \/>\nrikolti <em>v<\/em>. \u6536\u83b7<br \/>\njanuaro <em>s<\/em>. \u4e00\u6708\uff1b\u5143\u6708<br \/>\nfebruaro <em>s<\/em>. \u4e8c\u6708<br \/>\nmarto <em>s<\/em>. \u4e09\u6708<br \/>\naprilo <em>s<\/em>. \u56db\u6708<br \/>\nmajo <em>s<\/em>. \u4e94\u6708<br \/>\njunio <em>s<\/em>. \u516d\u6708<br \/>\njulio <em>s<\/em>. \u4e03\u6708<br \/>\na\u016dgusto <em>s<\/em>. \u516b\u6708<br \/>\nseptembro <em>s<\/em>. \u4e5d\u6708<br \/>\noktobro <em>s<\/em>. \u5341\u6708<br \/>\nnovembro <em>s<\/em>. \u5341\u4e00\u6708<br \/>\ndecembro <em>s<\/em>. \u5341\u4e8c\u6708<br \/>\nuniversala <em>a<\/em>. \u5168\u4e16\u754c\u7684\uff1b\u4e07\u56fd\u7684<br \/>\nkongreso <em>s<\/em>. \uff08\u4ee3\u8868\uff09\u5927\u4f1a<br \/>\nripozi <em>v<\/em>. \u4f11\u606f<br \/>\ncetera <em>a<\/em>. \u5176\u4f59\u7684<br \/>\nsemajno <em>s<\/em>. \u661f\u671f\uff1b\u5468<br \/>\ndiman\u0109o <em>s<\/em>. \u661f\u671f\u65e5<br \/>\nlundo <em>s<\/em>. \u661f\u671f\u4e00<br \/>\nmardo <em>s<\/em>. \u661f\u671f\u4e8c<br \/>\nmerkredo <em>s<\/em>. \u661f\u671f\u4e09<br \/>\nja\u016ddo <em>s<\/em>. \u661f\u671f\u56db<br \/>\nvendredo <em>s<\/em>. \u661f\u671f\u4e94<br \/>\nsabato <em>s<\/em>. \u661f\u671f\u516d<br \/>\nkonsisti <em>v<\/em>. \u7531\u2026\u2026\u7ec4\u6210<br \/>\nskipo <em>s<\/em>. \u73ed<br \/>\ntagskipo <em>s<\/em>. \u767d\u73ed<br \/>\ntriskipa <em>a<\/em>. \u4e09\u73ed\u7684<br \/>\nnoktskipo <em>s<\/em>. \u591c\u73ed<br \/>\nlibera <em>a<\/em>. \u81ea\u7531\u7684<br \/>\nlibertempo <em>s<\/em>. \u4e1a\u4f59\u65f6\u95f4<\/p>\n<p><b>II. Teksto \u8bfe\u6587\uff1a<\/b><\/p>\n<p>La Tempo<\/p>\n<p>Dum nia nova mar\u015do al kvar modernigoj, nenio estas pli valora ol tempo.<\/p>\n<p>De nun \u011dis la 21-a (dudek unua) jarcento restas malpli ol dudek jaroj.<\/p>\n<p>Ni devas kapti \u0109iun minuton, e\u0109 \u0109iun sekundon.<\/p>\n<p>La ordinara jaro havas 365 (tricent sesdek kvin) tagojn. Sed la superjaro havas 366 tagojn.<\/p>\n<p>La jaro havas kvar sezonojn:<br \/>\nprintempo, somero, a\u016dtuno kaj vintro.<\/p>\n<p>Printempo semas, a\u016dtuno rikoltas.<\/p>\n<p>La jaro havas 12 (dek du) monatojn:<br \/>\njanuaro, februaro, marto, aprilo, majo, junio, julio, a\u016dgusto, septembro, oktobro, novembro kaj decembro.<\/p>\n<p>Universala Kongreso de Esperanto okazas \u0109iujare en a\u016dgusto, kaj Zamenhof-festo okazas en decembro.<\/p>\n<p>La jaro havas 52 (kvindek du) semajnojn.<\/p>\n<p>La semajno havas 7 (sep) tagojn.<\/p>\n<p>La nomoj de la sep tagoj estas:<br \/>\ndiman\u0109o, lundo, mardo, merkredo, ja\u016ddo, vendredo kaj sabato.<\/p>\n<p>En diman\u0109o ni ripozas, kaj en ceteraj ses tagoj ni laboras.<\/p>\n<p>Unu tago konsistas el 24 (dudek kvar) horoj, kaj \u0109iutage ni laboras 8 (ok) horojn.<\/p>\n<p>La horo havas 60 (sesdek) minutojn, kaj la minuto 60 (sesdek) sekundojn.<\/p>\n<p>Mi laboras en tagskipo kaj mia fratino estas laboristino de triskipa laboro.<\/p>\n<p>Mi lernas Esperanton en mia libertempo.<\/p>\n<p>Ni pene laboras kaj diligente lernas por kvar modernigoj.<\/p>\n<p><b>III. Gramatiko \u8bed\u6cd5\uff1a<\/b><\/p>\n<p><b>1. \u8bcd\u8bed\u89e3\u91ca\uff08Vortklarigoj\uff09<\/b><\/p>\n<p>\u2460 de&#8230;\u011dis&#8230; \u662f\u4e00\u4e2a\u5e38\u7528\u7684\u4ecb\u8bcd\u8bcd\u7ec4\uff0c\u610f\u4e3a\u201c\u4ece\u2026\u2026\u5230\u2026\u2026\u201d\u5982\uff1ade mateno \u011dis vespero \u4ece\u65e9\u5230\u665a<\/p>\n<p>\u2461 jarcento \u662f\u4e2a\u5408\u6210\u8bcd<br \/>\njar- \u662f\u201c\u5e74\u201d\uff0ccent \u662f\u201c\u4e00\u767e\u201d\uff0cjarcento \u5c31\u662f\u201c\u4e00\u767e\u5e74\u201d\uff08\u4e00\u4e2a\u4e16\u7eaa\uff09<br \/>\n\u540c\u6837 tag- \u662f\u201c\u4e00\u5929\u201d\uff0cdek \u662f\u201c\u5341\u201d\uff0ctagdeko \u5c31\u662f\u201c\u4e00\u65ec\u201d<\/p>\n<p>\u2462 superjaro \u662f\u4e2a\u5408\u6210\u8bcd<br \/>\nsuper \u672c\u662f\u4e00\u4e2a\u4ecb\u8bcd\uff0c\u8fd9\u91cc\u53c8\u53ef\u5f53\u524d\u7f00\u6765\u7528\uff0c\u8868\u793a\u201c\u8fc7\u4efd\uff0c\u6781\u5ea6\uff0c\u591a\u4f59\uff0c\u8d85\u8fc7\u201d\u3002<br \/>\njaro \u524d\u9762\u52a0 super \u5c31\u6210\u201c\u95f0\u5e74\u201d\uff0c\u5982\u679c\u6307\u95f0\u5e74\u7684\u4e8c\u6708\u4efd\u6700\u540e\u4e00\u5929\uff0c\u5c31\u662f supertago\u201c\u95f0\u65e5\u201d\u3002<\/p>\n<p>\u2463 Universala Kongreso de Esperanto \u7b80\u79f0 UK\uff0c\u662f\u56fd\u9645\u4e16\u754c\u8bed\u5927\u4f1a\uff0c\u4ece1905\u5e74\u53ec\u5f00\u7b2c\u4e00\u5c4a\u8d77\uff0c\u52301983\u5e74\u5df2\u5f0068\u5c4a\uff1b\u6bcf\u5e74\u4e03\u3001\u516b\u6708\u95f4\u8f6e\u6d41\u5728\u5404\u56fd\u4e3e\u884c\uff0c\u4e0e\u4f1a\u8005\u6765\u81ea\u8fd1\u767e\u4e2a\u56fd\u5bb6\uff0c\u51e0\u5343\u4eba\uff0c\u4e0d\u7528\u4efb\u4f55\u7ffb\u8bd1\u3002<\/p>\n<p>\u2464 Zamenhof-festo \u67f4\u95e8\u970d\u592b\u8282\uff0c\u6bcf\u5e7412\u670815\u65e5\uff0c\u539f\u662f\u67f4\u95e8\u970d\u592b\u7684\u751f\u65e5\uff0c\u73b0\u6210\u4e3a\u4e16\u754c\u8bed\u8005\u7684\u8282\u65e5\uff0c\u6bcf\u5e7412\u6708\u4e2d\u65ec\uff0c\u5168\u4e16\u754c\u5404\u5730\u4e16\u754c\u8bed\u8005\u4e3e\u884c\u5404\u79cd\u6d3b\u52a8\u4ee5\u5fd7\u7eaa\u5ff5\u3002<\/p>\n<p>\u2465 skipo \u662f\u201c\u4e00\u4e2a\u8f6e\u73ed\u201d\uff0c\u6211\u56fd\u8bb8\u591a\u5de5\u5382\u90fd\u662f\u4e00\u5929\u5e72\u4e09\u73ed\u3002triskipa laboro\uff08\u4e09\u73ed\u52b3\u52a8\uff09\uff0ctag- \u662f\u767d\u5929\uff0ctagskipo \u5c31\u662f\u201c\u767d\u73ed\u201d\uff0cnoktskipo \u5c31\u662f\u201c\u591c\u73ed\u201d\u3002<\/p>\n<p>\u2466 libera \u662f\u201c\u81ea\u7531\u7684\uff0c\u7a7a\u95f2\u7684\u201d\uff0clibertempo\u201c\u81ea\u7531\u65f6\u95f4\u201d\u5373\u201c\u4e1a\u4f59\u65f6\u95f4\u201d<br \/>\nlibertempa lernejo \u4e1a\u4f59\u5b66\u6821\uff0clibertempa kurso \u4e1a\u4f59\u8bb2\u4e60\u73ed\u3002<\/p>\n<p><b>2. \u6570\u8bcd\uff08numeraloj\uff09<\/b><\/p>\n<p>\u2460\u6709\u7684\u4e16\u754c\u8bed\u8bfe\u672c\u628a\u6570\u8bcd\u5f52\u5165\u5f62\u5bb9\u8bcd\uff1a\u5982 du libroj\uff0c\u4f46\u5b83\u5e76\u6ca1\u6709\u5f62\u5bb9\u8bcd\u8bcd\u5c3e\uff0c\u800c\u4e14\u52a0\u4e0a\u4e0d\u540c\u7684\u8bcd\u5c3e-o\u3001-a\u3001-e \u7b49\uff0c\u6570\u8bcd\u5c31\u53ef\u4ee5\u7075\u6d3b\u5730\u53d8\u6210\u522b\u7684\u8bcd\u7c7b\u3002\u6240\u4ee5\u6211\u4eec\u8fd8\u662f\u5355\u72ec\u6765\u5b66\u4e60\u5b83\u3002<\/p>\n<p>\u2461\u57fa\u6570\u8bcd\uff08\u6ca1\u6709\u8bcd\u5c3e\uff09\u517112\u4e2a\uff1a<br \/>\nunu \u4e00 du \u4e8c tri \u4e09 kvar \u56db kvin \u4e94 ses \u516d sep \u4e03 ok \u516b na\u016d \u4e5d dek \u5341 cent \u767e mil \u5343<br \/>\n\u7528\u8fd9\u4e9b\u8bcd\u53ef\u4ee5\u4ece\u4e00\u6570\u5230\u4e5d\u5341\u4e5d\u4e07\u4e5d\u5343\u4e5d\u767e\u4e5d\u5341\u4e5d<\/p>\n<p>\u2462\u4e16\u754c\u8bed\u6570\u8bcd\u6784\u6210\u7684\u65b9\u6cd5\u4e0e\u6c49\u8bed\u76f8\u540c\u3002\u201c\u5341\u4e00\u201d\u5c31\u662f\u201c\u5341\u201d\u52a0\u201c\u4e00\u201d\uff1adek unu\uff1b\u201c\u4e8c\u5341\u201d\u5c31\u662f\u201c\u4e8c\u201d\u4e58\u201c\u5341\u201d\uff1adudek\uff1b\u4e0d\u5fc5\u53e6\u5b66\u53e6\u8bb0\uff0c\u53ea\u8981\u638c\u63e1\u5b83\u4eec\u6784\u6210\u7684\u65b9\u6cd5\u5373\u53ef\u3002<\/p>\n<p>\uff081\uff09\u201c\u5341\u201d\u548c\u201c\u767e\u201d\u4e0e\u522b\u7684\u6570\u8bcd\u5408\u6210\u65f6\uff1a<br \/>\n\u76f8\u4e58\u8fde\u5199\uff0c\u5982 ducent tridek \u4e8c\u767e\u4e09\u5341<br \/>\n\u76f8\u52a0\u5206\u5199\uff0c\u5982 cent du \u4e00\u767e\u96f6\u4e8c<br \/>\ndek tri \u5341\u4e09<br \/>\nkvincent dudek ok \u4e94\u767e\u4e8c\u5341\u516b<\/p>\n<p>\uff082\uff09\u201c\u5343\u201d\u4ee5\u4e0a\u7684\u76f8\u4e58\u3001\u76f8\u52a0\u90fd\u5206\u5199\uff0c<br \/>\n\u5982 kvar mil \u56db\u5343<br \/>\nkvin mil sescent \u4e94\u5343\u516d\u767e<\/p>\n<p>\u2463\u4e16\u754c\u8bed\u6570\u8bcd\u6ca1\u6709\u4e07\uff0c\u5b83\u662f\u4e09\u4f4d\u4e00\u8fdb\uff0c\u598210,000\u5c31\u662f\u201c\u5341\u5343\u201ddek mil\u3002<br \/>\n\u201c100,000\uff08\u5341\u4e07\uff09\u201d\u4e16\u754c\u8bed\u5e94\u8bf4\uff1acent mil<\/p>\n<p>\u2464\u4e16\u754c\u8bed\u91cc\u7684\u96f6\u201cnulo\u201d\uff0c\u767e\u4e07\u201cmiliono\u201d\uff0c\u5341\u4ebf\u201cmiliardo\u201d\uff0c\u5146\u201cbiliono\u201d\u90fd\u5177\u6709\u540d\u8bcd\u7684\u5f62\u5f0f\u5e26\u8bcd\u5c3e -o\u3002\u8bf4\u201c\u516d\u4ebf\u201d\u8981\u8bf4\u6210\u201c\u516d\u767e\u4e2a\u767e\u4e07 sescent milionoj\u201d\u3002<\/p>\n<p>\u2465\u4e16\u754c\u8bed\u7684\u57fa\u6570\u8bcd\u4e5f\u53ef\u4ee5\u52a0 -o \u53d8\u6210\u540d\u8bcd\uff08\u6570\u540d\u8bcd\uff09\u5982\uff1aunuo\uff08\u5355\u4f4d\uff09 dekduo\uff08\u4e00\u6253\uff09 miloj da\uff08\u6210\u5343\u7684\uff09 duo\uff08\u4e00\u5bf9\uff09<br \/>\n\u52a0\u4e86 -o \u7684\u6570\u540d\u8bcd\u4e0d\u80fd\u76f4\u63a5\u548c\u540e\u9762\u7684\u540d\u8bcd\u8fde\u7528\uff0c\u4f8b\u5982\uff1a\u4e0d\u8bf4 dekduo krajonoj \u5e94\u8bf4 dekduo da krajonoj\uff08\u4e00\u6253\u94c5\u7b14\uff09\u3002<\/p>\n<p>\u2466\u6570\u8bcd\u4e5f\u53ef\u4ee5\u52a0\u5f62\u5bb9\u8bcd\u8bcd\u5c3e -a \u53d8\u6210\u5e8f\u6570\u8bcd\uff1adua\uff08\u7b2c\u4e8c\uff09\u3002\u591a\u4f4d\u6570\u7684\u5e8f\u6570\u8bcd\u4ec5\u4ec5\u6700\u540e\u4e00\u4e2a\u8bcd\u52a0 -a\uff0c\u5982\uff1a\uff08la 1981-a\uff09\uff08la mil na\u016dcent okdek unua jaro\uff09<\/p>\n<p>\u2467\u6570\u8bcd\u4e5f\u53ef\u4ee5\u52a0\u526f\u8bcd\u8bcd\u5c3e -e \u53d8\u6210\u526f\u6570\u8bcd\uff0c\u8fd8\u662f\u8868\u793a\u987a\u5e8f\uff0c\u4f8b\u5982\u7528\u5728\u5f00\u4f1a\u7684\u8bae\u7a0b\u4e0a\uff1aunue\uff08\u9996\u5148\uff09\uff0cdue\uff08\u5176\u6b21\uff09<\/p>\n<p>\u2468\u57fa\u6570\u8bcd\u6ca1\u6709\u683c\u7684\u53d8\u5316\uff0c\u5982\uff1a<br \/>\nMi havas du librojn.\uff08du\u4e0d\u5fc5\u5199\u6210du-n\uff09<br \/>\n\u4f46\u52a0\u4e86 -o\uff0c-a \u7b49\u8bcd\u5c3e\u7684\u6570\u8bcd\uff0c\u5c31\u6709\u6570\u548c\u683c\u7684\u53d8\u5316\u3002<br \/>\n\u5982\uff1aMi lernas la duan lecionon.<\/p>\n<p>\u2469\u4e16\u754c\u8bed\u8bed\u6cd5\u5341\u516d\u6761\u4e2d\uff08\u7b2c\u56db\u6761\uff09\u8fd8\u4ecb\u7ecd\u8fc7\u51e0\u4e2a\u540e\u7f00\uff0c\u7b80\u4ecb\u5982\u4e0b\uff1a<\/p>\n<p>1\uff09-on \u5206\u6570<br \/>\n\u5982\uff1adu-ono \u4e8c\u5206\u4e4b\u4e00\uff081\/2\uff09<br \/>\ntri-ono \u4e09\u5206\u4e4b\u4e00\uff081\/3\uff09<br \/>\ndu trionoj \u4e09\u5206\u4e4b\u4e8c\uff082\/3\uff09<br \/>\nTriono de ses estas du. \u516d\u7684\u4e09\u5206\u4e4b\u4e00\u662f\u4e8c\u3002<\/p>\n<p>2\uff09-obl \u500d\u6570<br \/>\n\u5982\uff1aduoblo \u4e8c\u500d triobla \u4e09\u500d\u7684<br \/>\nKvaroble tri estas dek du. \u56db\u500d\u7684\u4e09\u662f\u5341\u4e8c\u3002<\/p>\n<p>3\uff09-op \u96c6\u5408\u6570<br \/>\n\u5982\uff1aIli venas triope. \u4ed6\u4eec\u4e09\u4e2a\uff08\u4e09\u4e2a\u4e09\u4e2a\u5730\uff09\u6765\u3002<br \/>\nkvaropa bando \u56db\u4eba\u5e2e\uff08\u56db\u4e2a\u4eba\u4e00\u8d77\u7684\u5e2e\u6d3e\uff09<\/p>\n<p>4\uff09\u5206\u914d\u6570\u7528\u4ecb\u8bcd po \u8868\u793a<br \/>\n\u5982\uff1aIli ricevis po tri libroj. \u4ed6\u4eec\u6bcf\u4eba\u5f97\u5230\u4e09\u672c\u4e66\u3002<br \/>\n\u6bd4\u8f83 Ili ricevis tri librojn. \u4ed6\u4eec\u5f97\u5230\u4e86\u4e09\u672c\u4e66\u3002<\/p>\n<p>\u246a\u949f\u70b9\u8868\u793a\u6cd5\uff1a<\/p>\n<p>1\uff09\u987a\u8bfb\u6cd5\uff08\u7528\u8fde\u8bcd kaj\uff09\u5982\uff1a<br \/>\n3:10 la tria (horo) kaj dek (minutoj)<br \/>\n4:15 la kvara kaj dek kvin minutoj\uff08\u6216 kvarono\uff09<br \/>\n6:30 la sesa kaj tridek minutoj\uff08\u6216 duono\uff09<br \/>\n8:45 la oka kaj kvardek kvin\uff08\u6216 tri kvaronoj\uff09<br \/>\n12:37 la dek dua kaj tridek sep<\/p>\n<p>2\uff09\u9006\u8bfb\u6cd5\u3010\u7528\u4ecb\u8bcd post\uff081\u201430\u5206\u949f\uff09\u6216 anta\u016d\uff0831\u201459\u5206\u949f\uff09\u3011<br \/>\n3:10 dek post la 3-a<br \/>\n4:15 kvarono\uff08\u6216 dek kvin minutoj\uff09post la 4-a<br \/>\n6:30 duono\uff08\u6216 tridek minutoj\uff09post la sesa<br \/>\n8:45 kvarono\uff08\u6216 dek kvin\uff09anta\u016d la 9-a\uff08\u4e5d\u70b9\u5dee\u4e00\u523b\uff09<br \/>\n12:37 dudek tri minutoj anta\u016d la unua\uff08\u4e00\u70b9\u5dee\u4e8c\u5341\u4e09\u5206\uff09<\/p>\n<p>\u246b\u5404\u79cd\u7b97\u5f0f\uff1a<\/p>\n<p>1\uff09\u52a0\u6cd5\uff1aDu plus tri faras kvin.<br \/>\nKvar kaj kvar estas ok.<\/p>\n<p>2\uff09\u51cf\u6cd5\uff1aDek du minus kvar faras ok.<\/p>\n<p>3\uff09\u4e58\u6cd5\uff1aKvaroble tri faras dek du.<br \/>\nKvar per tri estas dek du.<\/p>\n<p>4\uff09\u9664\u6cd5\uff1aTrione dekdu estas kvar.<br \/>\nDekdu dividite per tri faras kvar.<br \/>\nKvin dividite per du faras du, restas unu.<\/p>\n<p>\u246c da \u662f\u4e2a\u4ecb\u8bcd\uff0c\u5b83\u7f6e\u8eab\u4e24\u4e2a\u5355\u8bcd\u4e4b\u95f4\uff0c\u80fd\u4f7f\u524d\u8005\u5ea6\u91cf\uff08\u4fee\u9970\uff09\u540e\u8005\uff0c\u591a\u7528\u4e8e\u8868\u793a\u6570\u6216\u91cf\u7684\u540d\u8bcd\u6216\u8868\u793a\u4e0d\u5b9a\u6570\u91cf\u7684\u526f\u8bcd\u540e\u3002<br \/>\n\u5982\uff1adekduo da krajoroj \u4e00\u6253\u94c5\u7b14 glaso da akvo \u4e00\u676f\u6c34 \u2014\u2014\u201c\u540d+ da +\u540d\u201d<br \/>\nmulte da homoj \u8bb8\u591a\u4eba kelke da perloj \u51e0\u9897\u73cd\u73e0 pli da lumo \u66f4\u591a\u7684\u5149\u660e tro da bono \u8fc7\u591a\u7684\u597d\u5904 \u2014\u2014\u201c\u526f+ da +\u540d\u201d<br \/>\nda \u540e\u9762\u7684\u540d\u8bcd\u4e0d\u7528\u5bbe\u683c\u8bcd\u5c3e -n\u3002<\/p>\n<p><b>IV. Lega\u0135oj \u8bfb\u7269\uff1a<\/b><\/p>\n<p>armeo \u519b\u961f<br \/>\nvirina \u5987\u5973\u7684<br \/>\npreni \u53d6\uff1b\u62ff\uff1b\u63a5\u53d7<br \/>\novo \u86cb<br \/>\ndifekti \u635f\u574f<br \/>\nvido \u770b\u89c1<br \/>\nta\u016dgi \u9002\u5408<br \/>\na\u016ddo \u542c\u89c1<br \/>\nanta\u016dvidi \u9884\u89c1<br \/>\nestanta \u73b0\u5728\u7684<br \/>\nestonta \u5c06\u6765\u7684<br \/>\nestinta \u8fc7\u53bb\u7684<br \/>\nnombro \u6570\u76ee<br \/>\nrimo \u97f3\u97f5<br \/>\n\u015duo \u978b<br \/>\nkoko \u9e21<br \/>\nbirdo \u9e1f<br \/>\nbeko \u9e1f\u5634\u201d<br \/>\nkrajono \u94c5\u7b14<br \/>\nbando \u961f\uff1b\u5e2e\uff1b\u4f19<br \/>\ninfana \u513f\u7ae5\u7684<br \/>\nmemori \u8bb0\u5fc6<br \/>\nenigmo \u8c1c<br \/>\nSfinkso \u65af\u82ac\u514b\u65af<br \/>\ndato \u65e5\u671f<br \/>\nnaski\u011dtago \u751f\u65e5\uff1b\u8bde\u8fb0<br \/>\npubliki\u011di \u53d1\u8868<br \/>\nanta\u016d \u5728\u2026\u2026\u4e4b\u524d<br \/>\nglaso \u676f\uff1b\u676f\u5b50<br \/>\nperlo \u73cd\u73e0<br \/>\nlumo \u5149\uff1b\u5149\u660e<\/p>\n<p><b>1. Nombro-rimo\uff08\u5b66\u4e60\uff09\u6570\u8bcd\u7684\u987a\u53e3\u6e9c<\/b><br \/>\nUnu, du&#8230; &#8230;via \u015du&#8217;,<br \/>\nTri, kvar&#8230; &#8230;ondas mar&#8217;.<br \/>\nKvin, ses&#8230; &#8230;ne kaj jes,<br \/>\nSep, ok&#8230; &#8230;granda kok&#8217;.<br \/>\nNa\u016d, dek&#8230; &#8230;birda bek&#8217;.<\/p>\n<p><b>2. La jaro<\/b><br \/>\nTridek tagoj en septembro,<br \/>\nEn april&#8217;, juni&#8217;, novembro,<br \/>\nDudek ok en februaro,<br \/>\nDudek na\u016d je superjaro.<br \/>\nRestas sep monatoj, kiuj\uff08kiuj \u662f\u5173\u7cfb\u4ee3\u8bcd\uff0c\u4ee3\u8868\u524d\u9762\u7684 monatoj\uff09<br \/>\nHavas tridek unu \u0109iuj.<\/p>\n<p><b>3. <\/b>La unua de januaro estas la Novjara Tago.\uff08\u5143\u65e6\uff09<br \/>\nLa unua de majo estas la Majunua Festo.\uff08\u4e94\u4e00\u8282\uff09<br \/>\nLa unua de junio estas la Infana Tago.\uff08\u513f\u7ae5\u8282\uff09<br \/>\nLa unua de julio estas Tago de la Komunista Partio de \u0108inio.\uff08\u4e2d\u56fd\u5171\u4ea7\u515a\u751f\u65e5\uff09<br \/>\nLa unua de a\u016dgusto estas Tago de la \u0108ina Popola Liberiga Armeo.\uff08\u4e2d\u56fd\u4eba\u6c11\u89e3\u653e\u519b\u5efa\u519b\u8282\uff09<br \/>\nLa unua de oktobro estas la Nacia Festo.\uff08\u56fd\u5e86\u8282\uff09<br \/>\nLa oka de marto estas Virina Tago.\uff08\u5987\u5973\u8282\uff09<\/p>\n<p><b>4. Proverboj<\/b><br \/>\nUnua venis, unua prenis. \u5148\u6765\u8005\u5148\u53d6\uff08\u6377\u8db3\u5148\u767b\uff09\u3002<br \/>\nUnu ovo\uff08\u86cb\uff09malbona tutan man\u011don difektas. \u4e00\u4e2a\u574f\u86cb\u641e\u574f\u6574\u4e2a\u98df\u54c1\u3002\uff08\u4e00\u7c92\u8001\u9f20\u5c4e\uff0c\u641e\u574f\u4e00\u9505\u7ca5\u3002\uff09<br \/>\nUnu vido pli ol dek a\u016ddoj. \u5341\u95fb\u4e0d\u5982\u4e00\u89c1\u3002\uff08\u767e\u95fb\u4e0d\u5982\u4e00\u89c1\uff09<br \/>\nUzu tempon estantan, anta\u016dvidu estontan, memoru estintan.<br \/>\n\u4f7f\u7528\u73b0\u5728\uff0c\u9884\u89c1\u672a\u6765\uff0c\u8bb0\u4f4f\u8fc7\u53bb\u3002<\/p>\n<p><b>5. Enigmo\uff08\u8c1c\uff09de Sfinkso \u65af\u82ac\u514b\u65af\u4e4b\u8c1c\uff1a<\/b><br \/>\nMatene per kvar, \u65e9\u4e0a\uff08\u7528\uff09\u56db\uff08\u53ea\u811a\uff09\uff0c<br \/>\nTage per du, \u767d\u5929\uff08\u7528\uff09\u4e24\uff08\u53ea\u811a\uff09\uff0c<br \/>\nKaj vespere per tri. \u665a\u4e0a\uff08\u7528\uff09\u4e09\uff08\u53ea\u811a\uff09\u3002<\/p>\n<p><b>V. Konversacio \u4f1a\u8bdd\uff1a<\/b><\/p>\n<p>1. Kioma monato estas januaro?<br \/>\nKioma monato estas februaro?<br \/>\nKioma monato estas marto?<br \/>\nKioma monato estas aprilo?<br \/>\nKioma monato estas majo?<br \/>\nKioma monato estas junio?<br \/>\nKioma monato estas julio?<br \/>\nKioma monato estas a\u016dgusto?<br \/>\nKioma monato estas septembro?<br \/>\nKioma monato estas oktobro?<br \/>\nKioma monato estas novembro?<br \/>\nKioma monato estas decembro?<\/p>\n<p>2. Januaro estas la unua monato de la jaro.<br \/>\nFebruaro estas la dua monato de la jaro.<br \/>\nMarto estas la tria monato de la jaro.<br \/>\nAprilo estas la kvara monato de la jaro.<br \/>\nMajo estas la kvina monato de la jaro.<br \/>\nJunio estas la sesa monato de la jaro.<br \/>\nJulio estas la sepa monato de la jaro.<br \/>\nA\u016dgusto estas la oka monato de la jaro.<br \/>\nSeptembro estas la na\u016da monato de la jaro.<br \/>\nOktobro estas la deka monato de la jaro.<br \/>\nNovembro estas la dekunua monato de la jaro.<br \/>\nDecembro estas la dekdua monato de la jaro.<\/p>\n<p>3. Kioma tago (de la monato) estas hodia\u016d? \u4eca\u5929\u51e0\u53f7\uff1f<br \/>\n4. Kiun daton ni havas hodia\u016d? \u4eca\u5929\u51e0\u6708\u51e0\u53f7\uff1f<br \/>\n5. Hodia\u016d estas la 15-a (dekkvina) de decembro, la naski\u011dtago de Doktoro Zamenhof.<br \/>\n6. Kiu tago (de la semajno) estas hodia\u016d? \u4eca\u5929\u661f\u671f\u51e0\uff1f<br \/>\n7. Hodia\u016d estas lundo (mardo, merkredo, ja\u016ddo, vendredo, sabato, diman\u0109o).<br \/>\n8. Kiam vi iras al la fabriko?<br \/>\n9. Tridek minutojn post la sesa.<br \/>\n10. Kiam publiki\u011dis la unua libro de Esperanto? \u4ec0\u4e48\u65f6\u5019\u53d1\u8868\u4e86\u4e16\u754c\u8bed\u7b2c\u4e00\u4e66\uff1f<br \/>\n11. La dekkvaran de julio, en la jaro mil okcent okdek sepa. \u4e00\u516b\u516b\u4e03\u5e74\u4e03\u6708\u5341\u56db\u65e5<br \/>\n12. Kiam kunvenas via rondo? \u4f60\u4eec\u5c0f\u7ec4\u4ec0\u4e48\u65f6\u5019\u5f00\u4f1a\uff1f<br \/>\n13. Ni kunvenas vespere de \u0109iu diman\u0109o. \u6bcf\u661f\u671f\u65e5\u665a\u4e0a\u5f00\u4f1a\u3002<br \/>\n14. Kiom da jaroj vi havas? \u60a8\u591a\u5927\u5e74\u7eaa\u4e86\uff1f<br \/>\n15. Kiom-jara vi estas? \u60a8\u591a\u5927\uff08\u5e74\u7eaa\uff09\u4e86\uff1f<br \/>\n16. (Mi havas) dudek jarojn. \u6211\u4e8c\u5341\u5c81\u3002<br \/>\n(Mi estas) dudek-jara.<br \/>\n17. Kiom longe vi lernis Esperanton? \u4f60\u5b66\u4e16\u754c\u8bed\u591a\u4e45\u4e86\uff1f<br \/>\n18. Anta\u016d kiom da monatoj vi komencis lerni? \u4f60\u662f\u51e0\u4e2a\u6708\u524d\u5f00\u59cb\u5b66\u7684\u5462\uff1f<br \/>\n19. Anta\u016d du monatoj mi komencis lerni Esperanton. \u4e24\u4e2a\u6708\u524d\u6211\u5f00\u59cb\u5b66\u4e60\u4e16\u754c\u8bed\u3002<br \/>\n20. Kiom da lecionoj vi jam lernis? \u4f60\u5b66\u4e86\u591a\u5c11\u8bfe\u5462\uff1f<br \/>\n21. Mi jam lernis dek kvin lecionojn. \u6211\u5df2\u7ecf\u5b66\u4e86\u5341\u4e94\u8bfe\u3002<\/p>\n<p><b>VI. Ekzerco \u7ec3\u4e60\uff1a<\/b><\/p>\n<p>1. \u5c06\u8bfe\u6587\u53ca\u9605\u8bfb\u6750\u65991\u20143\u8bd1\u6210\u6c49\u8bed\u3002<\/p>\n<p>2. \u56de\u7b54\u4e0b\u5217\u95ee\u9898\uff1a<br \/>\n\u2460 Kio estas la plej valora dum nia nova mar\u015do al la kvar modernigoj?<br \/>\n\u2461 Kiom da jaroj restas de nun \u011dis la 21-a jarcento?<br \/>\n\u2462 Kiom da tagoj havas la ordinara jaro?<br \/>\n\u2463 Kiom da tagoj havas la superjaro?<br \/>\n\u2464 Kiom da sezonoj havas la jaro?<br \/>\n\u2465 En kiu sezono oni semas? En kiu sezono oni rikoltas?<br \/>\n\u2466 Kiom da monatoj havas la jaro?<br \/>\n\u2467 En kiu monato okazas UK \u0109iujare?<br \/>\n\u2468 En kiu monato okazas Zamenhof-festo?<br \/>\n\u2469 Kiom da semajnoj havas la jaro?<br \/>\n\u246a Kiom da tagoj havas la semajno?<br \/>\n\u246b El kiom da horoj konsistas unu tago?<br \/>\n\u246c Kiom da minutoj havas la horo?<br \/>\n\u246d Kiom da sekundoj havas la minuto?<\/p>\n<p>3. \u7ffb\u8bd1\u4e0b\u5217\u77ed\u8bed\uff1a<br \/>\n\u2460 mil okcent dek ok<br \/>\n\u24611983\u5e74<br \/>\n\u2462 na\u016d minutoj anta\u016d la kvina<br \/>\n\u24637 : 45<br \/>\n\u2464 dek sep minutoj post la sesa<br \/>\n\u2465\u4e5d\u70b9\u4e00\u523b<br \/>\n\u2466 glaso da kakao<br \/>\n\u2467\u4e00\u676f\u5a01\u58eb\u5fcc<br \/>\n\u2468 malmulte da lumo<br \/>\n\u2469\u8bb8\u591a\u9e1f<br \/>\n\u246a mil kvin k.m.<br \/>\n\u246b\u4e5d\u767e\u516d\u5341\u4e07\u5e73\u65b9\u516c\u91cc<br \/>\n\u246c dek miloj da libroj<br \/>\n\u246d\u5341\u4ebf\u4e09\u5343\u4e07\u4eba\u53e3<br \/>\n\u246e dekduo da kajeroj<br \/>\n\u246f\u4e00\u6253\u68b3\u5b50<br \/>\n\u2470 paro\uff08\u4e00\u5bf9\uff1b\u4e00\u53cc\uff09da \u015duoj<br \/>\n\u2471\u4e24\u59d0\u59b9<\/p>\n<p>4. \u4e16\u8bd1\u6c49\uff1a<br \/>\n\u2460 Printempo estas la plej bela sezono de la jaro.<br \/>\n\u2461 A\u016dgusto kaj decembro estas la monatoj de esperantistoj.<br \/>\n\u2462 Nia fabriko havas kvin mil laboristojn, kaj nia laborejo havas sescent ma\u015dinojn.<br \/>\n\u2463 Dek kvin minutoj estas kvarono de la horo.<br \/>\n\u2464 En diman\u0109o mi havas multe da libertempo.<br \/>\n\u2465 Nia urbo havas pli ol kvarcent mil lo\u011dantojn.<br \/>\n\u2466 1987 estas la Jaro de la Internacia Lingvo.<br \/>\n\u2467 En somero ni na\u011das, en vintro ni kuras.<br \/>\n\u2468 Printempa Festo estas la plej granda festo en \u0108inio.<br \/>\n\u2469 Diman\u0109o estas komenco de la semajno.<\/p>\n<p>5. \u6c49\u8bd1\u4e16\uff1a<br \/>\n\u2460\u661f\u671f\u516d\u662f\u4e00\u661f\u671f\u7684\u7b2c\u51e0\u5929\u5462\uff1f<br \/>\n\u2461\u4e24\u5e74\u524d\u6211\u5f00\u59cb\u5b66\u82f1\u8bed\uff0c\u4e24\u4e2a\u6708\u524d\u6211\u5f00\u59cb\u5b66\u4e16\u754c\u8bed\u3002<br \/>\n\u2462\u73b0\u5728\u6211\u8fd8\u4e0d\u80fd\u7528\u82f1\u8bed\u6d41\u5229\u9605\u8bfb\uff0c\u53ef\u662f\u6211\u5df2\u8bfb\u4e86\u4e16\u754c\u8bed\u8bd7\u6b4c\u3002<br \/>\n\u2463\u4e03\u6708\u4efd\u6709\u591a\u5c11\u5929\uff1f\u516b\u6708\u4efd\u5462\uff1f<br \/>\n\u2464\u4f60\u4eec\u8bb2\u4e60\u73ed\u6709\u591a\u5c11\u5973\u540c\u5fd7\uff1f<br \/>\n\u2465\u4e94\u500d\u7684\u4e09\u662f\u5341\u4e94\uff0c\u5341\u4e94\u7684\u4e09\u5206\u4e4b\u4e8c\u662f\u5341\u3002<br \/>\n\u2466\u6e56\u5317\u7701\u6709\u56db\u5343\u516b\u767e\u4e07\u4eba\u53e3\u3002<br \/>\n\u2467\u57281987\u5e74\u4e16\u754c\u8bed\u5c31\u5c06\u6709\u81ea\u5df1\u7684\u7b2c100\u4e2a\u5e74\u5934\u4e86\u3002<br \/>\n\u2468\u65b0\u4e2d\u56fd\u6709\u4e09\u5341\u51e0\u5e74\u5386\u53f2\u4e86\u3002<br \/>\n\u2469\u6211\u559c\u6b22\u6625\u5929\uff0c\u56e0\u4e3a\u6625\u5929\u662f\u64ad\u79cd\u7684\u5b63\u8282\uff1b\u6211\u66f4\u559c\u6b22\u79cb\u5929\uff0c\u56e0\u4e3a\u79cb\u5929\u662f\u6536\u83b7\u7684\u5b63\u8282\u3002\uff08\u63d0\u793a\uff0c\u8981\u7528\u540e\u7f00 -ad- \u9020\u51fa\u52a8\u540d\u8bcd semado \u548c rikoltado\u3002\uff09<\/p>\n<p>\u672c\u8bfe\u6717\u8bfb\u8005\uff1a<br \/>\nVo\u0109leginto:<\/p>\n<p>\u4e16\u754c\u8bed\u5165\u95e8\u00a0\u00a0<a href=\"https:\/\/reto.cn\/php\/hanyu\/elementa_kurso\/leciono-14\">\u7b2c\u5341\u56db\u8bfe<\/a><br \/>\n\u4e16\u754c\u8bed\u5165\u95e8\u00a0\u00a0<a href=\"https:\/\/reto.cn\/php\/hanyu\/elementa_kurso\/leciono-16\">\u7b2c\u5341\u516d\u8bfe<\/a><\/p>\n<p>\u8fd4\u56de\u00a0<a href=\"https:\/\/reto.cn\/php\/hanyu\/elementa_kurso\/\">\u80e1\u56fd\u67f1\u4e16\u754c\u8bed\u521d\u7ea7\u6559\u7a0b<\/a><br \/>\nreveni al\u00a0<a href=\"https:\/\/reto.cn\/php\/hanyu\/elementa_kurso\/\"><em>ABC de ESPERANTO<\/em><\/a><\/p>\n","protected":false},"excerpt":{"rendered":"<p>Leciono 15 DEKKVINA LECIONO \u7b2c\u5341\u4e94\u8bfe Teksto: La Tempo Grama\u2026 <span class=\"read-more\"><a href=\"https:\/\/reto.cn\/php\/hanyu\/elementa_kurso\/leciono-15\/\">\u7ee7\u7eed\u9605\u8bfb Legi pli &raquo;<\/a><\/span><\/p>\n","protected":false},"author":1,"featured_media":0,"parent":11077,"menu_order":0,"comment_status":"open","ping_status":"closed","template":"","meta":{"footnotes":""},"_links":{"self":[{"href":"https:\/\/reto.cn\/php\/hanyu\/wp-json\/wp\/v2\/pages\/16766"}],"collection":[{"href":"https:\/\/reto.cn\/php\/hanyu\/wp-json\/wp\/v2\/pages"}],"about":[{"href":"https:\/\/reto.cn\/php\/hanyu\/wp-json\/wp\/v2\/types\/page"}],"author":[{"embeddable":true,"href":"https:\/\/reto.cn\/php\/hanyu\/wp-json\/wp\/v2\/users\/1"}],"replies":[{"embeddable":true,"href":"https:\/\/reto.cn\/php\/hanyu\/wp-json\/wp\/v2\/comments?post=16766"}],"version-history":[{"count":0,"href":"https:\/\/reto.cn\/php\/hanyu\/wp-json\/wp\/v2\/pages\/16766\/revisions"}],"up":[{"embeddable":true,"href":"https:\/\/reto.cn\/php\/hanyu\/wp-json\/wp\/v2\/pages\/11077"}],"wp:attachment":[{"href":"https:\/\/reto.cn\/php\/hanyu\/wp-json\/wp\/v2\/media?parent=16766"}],"curies":[{"name":"wp","href":"https:\/\/api.w.org\/{rel}","templated":true}]}}