{"id":17029,"date":"2024-10-21T23:58:58","date_gmt":"2024-10-21T15:58:58","guid":{"rendered":"https:\/\/reto.cn\/php\/hanyu\/parola_lingvo\/ana_pana\/leciono_01-8\/"},"modified":"2024-10-22T00:43:04","modified_gmt":"2024-10-21T16:43:04","slug":"leciono_08","status":"publish","type":"page","link":"https:\/\/reto.cn\/php\/hanyu\/parola_lingvo\/ana_pana\/leciono_08\/","title":{"rendered":"Ana Pana &#8211; 08 \u2013 Kiu estas Mark?"},"content":{"rendered":"<p><img decoding=\"async\" class=\"alignnone size-medium\" src=\"https:\/\/reto.cn\/parola_lingvo\/ana_pana\/08.png\" \/><\/p>\n<p><audio style=\"width: 8.5cm; height: 0.5cm;\" controls=\"controls\"><source src=\"https:\/\/reto.cn\/parola_lingvo\/ana_pana\/08.mp3\" type=\"audio\/mpeg\" \/><\/audio><\/p>\n<p>Panjo: \u2013 Kion vi faris posttagmeze?<br \/>\nAna: \u2013 Mi estis \u0109e Mark.<br \/>\nPanjo: \u2013 Kiu estas Mark?<br \/>\nAna: \u2013 Li estas nova knabo en mia lernejo.<br \/>\nPanjo: \u2013 Bone. \u0108u vi \u015datis esti \u0109e li?<br \/>\nAna: \u2013 Jes, ni agrable parolis pri diversaj aferoj.<br \/>\nPanjo: \u2013 Mi \u011dojas, ke vi trovis novan amikon.<br \/>\nAna: \u2013 Anka\u016d mi \u011dojas pri tio.<br \/>\nPanjo: \u2013 Kial li komencis en via lernejo meze de la semestro?<br \/>\nAna: \u2013 Liaj gepatroj trovis bonan laboron \u0109i tie.<br \/>\nIli estas iaj diplomatoj.<br \/>\nPanjo: \u2013 Mi komprenas. Ili anta\u016de lo\u011dis en alia urbo, \u0109u?<br \/>\nAna: \u2013 Jes, en \u011cenevo.<br \/>\nPanjo: \u2013 Do, li venas el Svislando en E\u016dropo.<br \/>\nAna: \u2013 Jes, prave.<br \/>\nPanjo: \u2013 \u0108u vi scias, kiom da naciaj lingvoj ekzistas en Svislando?<br \/>\nAna: \u2013 Ne. Mi ne certas. \u0108u eble du? La franca kaj la germana.<br \/>\nPanjo: \u2013 Estas kvar naciaj lingvoj en Svislando!<br \/>\nAna: \u2013 Kiuj krom la franca kaj la germana?<br \/>\nPanjo: \u2013 Anka\u016d la itala kaj la roman\u0109a.<br \/>\nAna: \u2013 Interese.<\/p>\n<p><a href=\"https:\/\/reto.cn\/php\/hanyu\/parola_lingvo\/ana_pana\/\">Reveni al Ana Pana<\/a><\/p>\n<p><a href=\"https:\/\/reto.cn\/php\/hanyu\/parola_lingvo\/ana_pana\/\">\u8fd4\u56de Ana Pana<\/a><\/p>\n","protected":false},"excerpt":{"rendered":"<p>Panjo: \u2013 Kion vi faris posttagmeze? Ana: \u2013 Mi estis \u0109e \u2026 <span class=\"read-more\"><a href=\"https:\/\/reto.cn\/php\/hanyu\/parola_lingvo\/ana_pana\/leciono_08\/\">\u7ee7\u7eed\u9605\u8bfb Legi pli &raquo;<\/a><\/span><\/p>\n","protected":false},"author":1,"featured_media":0,"parent":17005,"menu_order":0,"comment_status":"open","ping_status":"closed","template":"","meta":{"footnotes":""},"_links":{"self":[{"href":"https:\/\/reto.cn\/php\/hanyu\/wp-json\/wp\/v2\/pages\/17029"}],"collection":[{"href":"https:\/\/reto.cn\/php\/hanyu\/wp-json\/wp\/v2\/pages"}],"about":[{"href":"https:\/\/reto.cn\/php\/hanyu\/wp-json\/wp\/v2\/types\/page"}],"author":[{"embeddable":true,"href":"https:\/\/reto.cn\/php\/hanyu\/wp-json\/wp\/v2\/users\/1"}],"replies":[{"embeddable":true,"href":"https:\/\/reto.cn\/php\/hanyu\/wp-json\/wp\/v2\/comments?post=17029"}],"version-history":[{"count":0,"href":"https:\/\/reto.cn\/php\/hanyu\/wp-json\/wp\/v2\/pages\/17029\/revisions"}],"up":[{"embeddable":true,"href":"https:\/\/reto.cn\/php\/hanyu\/wp-json\/wp\/v2\/pages\/17005"}],"wp:attachment":[{"href":"https:\/\/reto.cn\/php\/hanyu\/wp-json\/wp\/v2\/media?parent=17029"}],"curies":[{"name":"wp","href":"https:\/\/api.w.org\/{rel}","templated":true}]}}