{"id":5228,"date":"2019-03-21T11:44:19","date_gmt":"2019-03-21T03:44:19","guid":{"rendered":"http:\/\/reto.cn\/php\/hanyu\/?page_id=5228"},"modified":"2019-03-21T11:44:19","modified_gmt":"2019-03-21T03:44:19","slug":"kurso_6","status":"publish","type":"page","link":"https:\/\/reto.cn\/php\/hanyu\/wangchongfang_mezgrada_kurso\/helpilo\/kurso_6\/","title":{"rendered":"\u4e16\u754c\u8bed\u4e2d\u7ea7\u6559\u7a0b\u5b66\u4e60\u8f85\u5bfc \u7b2c\u516d\u8bfe"},"content":{"rendered":"<p>\t\t\t\t<strong><b>\u7b2c\u516d\u8bfe<\/b><\/strong><\/p>\n<h5>\u7b2c\u516d\u8bfe\u8bfe\u6587\u53c2\u8003\u8bd1\u6587<\/h5>\n<p>&nbsp;<br \/>\n<strong><b>A<\/b><\/strong><br \/>\n<strong><b>\u5173\u4e8e\u4e16\u754c\u8bed\u5b66\u4e60\u7684\u5bf9\u8bdd<\/b><\/strong><br \/>\nA\uff1a\u554a\uff01\u4f60\u5df2\u7ecf\u548c\u5916\u56fd\u4e16\u754c\u8bed\u8005\u901a\u4fe1\u4e86\uff01\u6211\u7fa1\u6155\u4f60\uff0c\u6797\u6d77\u3002<br \/>\nB\uff1a\u4e3a\u4ec0\u4e48\u7fa1\u6155\u6211\u5462\uff1f\u5982\u679c\u4f60\u4f1a\u4e16\u754c\u8bed\uff0c\u4f60\u4e5f\u53ef\u4ee5\u548c\u5916\u56fd\u4e16\u754c\u8bed\u8005\u901a\u4fe1\u7684\u3002<br \/>\nA\uff1a\u53ea\u8981\u6211\u5b66\uff0c\u4e16\u754c\u8bed\u4e5f\u4f1a\u5f15\u8d77\u6211\u7684\u5174\u8da3\u7684\u3002\u53ef\u662f\uff0c\u4f60\u662f\u77e5\u9053\u7684\uff0c\u6211\u4e0d\u559c\u6b22\u5b66\u5916\u56fd\u8bed\u7684\u8bed\u6cd5\u548c\u8bb0\u5fc6\u5916\u8bed\u5355\u8bcd\u3002<br \/>\nB\uff1a\u51e0\u5e74\u524d\u6211\u4e5f\u6709\u548c\u4f60\u540c\u6837\u7684\u770b\u6cd5\u3002\u4f46\u6211\u540e\u6765\u9010\u6e10\u53d1\u89c9\uff1a\u5b66\u4e60\u4e16\u754c\u8bed\u6bd4\u6211\u539f\u5148\u6599\u60f3\u7684\u5bb9\u6613\u5f97\u591a\u3002<br \/>\nA\uff1a\u771f\u7684\u5417\uff1f\u4f60\u662f\u600e\u6837\u5b66\u7684\uff1f\u4f60\u4e0a\u8fc7\u4ec0\u4e48\u8bb2\u4e60\u73ed\uff1f<br \/>\nB\uff1a\u6211\u5f00\u5934\u53c2\u52a0\u4e1a\u4f59\u521d\u7ea7\u73ed\u5b66\u4e60\u3002\u7531\u4e8e\u7f3a\u4e86\u51e0\u5802\u8bfe\uff0c\u9664\u4e86\u8fd9\u4e2a\u73ed\u4e4b\u5916\uff0c\u6211\u53c8\u4e0a\u4e86\u51fd\u6388\u73ed\u3002\u540c\u65f6\uff0c\u6211\u8fd8\u9605\u8bfb\u5728\u56fe\u4e66\u9986\u91cc\u80fd\u591f\u627e\u5230\u7684\u4e16\u754c\u8bed\u520a\u7269\u548c\u4e66\u7c4d\u3002<br \/>\nA\uff1a\u4f60\u7acb\u523b\u5c31\u80fd\u8bfb\u61c2\u6240\u8bfb\u7684\u5185\u5bb9\u5417\uff1f<br \/>\nB\uff1a\u548c\u5176\u4ed6\u6240\u6709\u521d\u5b66\u8005\u4e00\u6837\u6211\u4e0d\u80fd\u7acb\u523b\u5168\u90fd\u8bfb\u61c2\u3002\u6211\u9047\u5230\u8bfe\u6587\u4e2d\u7684\u751f\u8bcd\uff0c\u5c31\u8bd5\u7740\u731c\u6d4b\u8bcd\u4e49\u3002\u731c\u4e0d\u51fa\u7684\u5c31\u5e72\u8106\u5f80\u4e0b\u8bfb\u3002<br \/>\nA\uff1a\u610f\u601d\u4e0d\u5b8c\u5168\u7406\u89e3\u5c31\u5f80\u4e0b\u8bfb\u5417\uff1f\uff01\u8fd9\u5728\u6211\u770b\u6765\u4f3c\u4e4e\u662f\u8352\u8c2c\u7684\u3002<br \/>\nB\uff1a\u4e8b\u5b9e\u5e76\u975e\u5982\u6b64\u3002\u8d77\u5148\uff0c\u6211\u53ea\u9605\u8bfb\u901a\u544a\u3001\u7b80\u5355\u7684\u542f\u4e8b\u548c\u975e\u5e38\u7b80\u5355\u7684\u6545\u4e8b\u3002\u51e0\u4e2a\u6708\u4ee5\u540e\uff0c\u6211\u6109\u5feb\u5730\u770b\u5230\u6211\u8bfb\u61c2\u7684\u5185\u5bb9\u8d8a\u6765\u8d8a\u591a\uff0c\u5b66\u4e60\u7684\u8fdb\u6b65\u8d8a\u6765\u8d8a\u5927\u3002<br \/>\nA\uff1a\u4f60\u7684\u5b66\u4e60\u65b9\u6cd5\u786e\u5b9e\u4e0d\u9519\u3002\u5982\u679c\u53ef\u4ee5\u8fd9\u6837\u8bf4\u7684\u8bdd\uff0c\u4f60\u662f\u7528\u4e00\u79cd\u201c\u81ea\u7136\u7684\u65b9\u6cd5\u201d\u5b66\u4e60\u7684\uff0c\u5bf9\u5417\uff1f<br \/>\nB\uff1a\u5bf9\uff0c\u6211\u7528\u7684\u5c31\u662f\u8fd9\u79cd\u65b9\u6cd5\u3002\u901a\u8fc7\u5927\u91cf\u9605\u8bfb\uff0c\u4eba\u4eec\u53ef\u4ee5\u5b66\u4f1a\u5916\u8bed\uff0c\u5c31\u597d\u50cf\u513f\u7ae5\u901a\u8fc7\u591a\u542c\u53ef\u4ee5\u5b66\u4f1a\u6bcd\u8bed\u4e00\u6837\u3002<br \/>\nA\uff1a\u53ef\u662f\u4f60\u662f\u600e\u6837\u5b66\u4e60\u7528\u4e16\u754c\u8bed\u8bb2\u8bdd\u7684\u5462\uff1f<br \/>\nB\uff1a\u8fd9\u4e0d\u96be\u3002\u6211\u8fc7\u53bb\u5e38\u542c\u3001\u73b0\u5728\u8fd8\u5e38\u542c\u5404\u79cd\u4e16\u754c\u8bed\u5531\u7247\u3001\u5f55\u97f3\u5e26\u548c\u5317\u4eac\u5e7f\u64ad\u7535\u53f0\u7684\u8282\u76ee\u3002<br \/>\nA\uff1a\u6240\u6709\u8fd9\u4e00\u5207\u90fd\u5b58\u5728\u5417\uff1f<br \/>\nB\uff1a\u5f53\u7136\u5b58\u5728\u3002\u8fd8\u6709\u8bb8\u591a\u522b\u7684\u5462\uff0c\u4f8b\u5982\uff1a\u4e16\u754c\u8bed\u5c0f\u7ec4\u7684\u5c0f\u7ec4\u4f1a\uff0c\u4e16\u754c\u8bed\u8005\u7684\u4f1a\u89c1\uff0c\u63a5\u5f85\u5916\u56fd\u4e16\u754c\u8bed\u8005\uff0c\u7b49\u7b49\uff0c\u7b49\u7b49\u3002<br \/>\nA\uff1a\u55ec\uff01\u2026\u2026\u8fd9\u4e9b\u6211\u8fc7\u53bb\u8fd8\u771f\u4e0d\u77e5\u9053\u5462\u3002\u53ef\u662f\u6211\u4e00\u70b9\u65f6\u95f4\u4e5f\u6ca1\u6709\u554a\u3002<br \/>\nB\uff1a\u4e00\u4e2a\u4eba\u5bf9\u67d0\u4e00\u4ef6\u4e8b\u4ea7\u751f\u5174\u8da3\uff0c\u4ed6\u5c31\u4f1a\u6324\u51fa\u65f6\u95f4\u6765\u505a\u8fd9\u4ef6\u4e8b\u7684\u3002<br \/>\nA\uff1a\u6211\u4e0d\u53cd\u5bf9\u4f60\u7684\u8bf4\u6cd5\u3002\u4f46\u662f\u6211\u5728\u4e1a\u4f59\u65f6\u95f4\u91cc\u60f3\u8981\u505a\u7684\u4e8b\u60c5\u592a\u591a\u4e86\u3002<br \/>\nB\uff1a\u4e00\u4e2a\u4eba\u4e0d\u80fd\u4ec0\u4e48\u90fd\u505a\u3002\u56e0\u6b64\uff0c\u4eba\u4eec\u5e94\u8be5\u9996\u5148\u53bb\u505a\u80fd\u591f\u7ed9\u4eba\u5e26\u6765\u6700\u5927\u5229\u76ca\u548c\u6b22\u4e50\u7684\u4e8b\u60c5\u3002<br \/>\nA\uff1a\u90a3\u6211\u5c31\u7acb\u523b\u4e70\u4e00\u672c\u4e16\u754c\u8bed\u8bfe\u672c\u5230\u591c\u6821\u73ed\u53bb\u5b66\u4e60\u4e16\u754c\u8bed\u8fd9\u4e00\u7f8e\u5999\u7684\u8bed\u8a00\u3002<br \/>\nB\uff1a\u4e3a\u4e86\u4fbf\u4e8e\u4f60\u5b66\u4e60\u6211\u5c06\u9001\u7ed9\u4f60\u4e00\u672c\u4e16\u6c49\u8bcd\u5178\u3002\u597d\uff0c\u5e0c\u671b\u4f60\u7acb\u523b\u5f00\u59cb\uff0c\u5982\u679c\u4f60\u5b66\u4e60\u52e4\u594b\uff0c\u575a\u6301\u4e0d\u61c8\uff0c\u4f60\u4e00\u5b9a\u4f1a\u5b66\u5f97\u5f88\u5feb\u3002<br \/>\n&nbsp;<br \/>\n<strong><b>B<\/b><\/strong><br \/>\n<strong><b>\u5947\u602a\u7684\u9057\u5631<\/b><\/strong><br \/>\n\u4ece\u524d\u6709\u4e00\u4e2a\u8001\u4eba\uff0c\u4ed6\u6709\u4e09\u4e2a\u513f\u5b50\u3002\u4ed6\u65e2\u6ca1\u6709\u571f\u5730\uff0c\u4e5f\u6ca1\u6709\u94b1\u8d22\uff0c\u53ea\u6709\u5341\u4e03\u6761\u9a74\u5b50\u3002\u4e34\u6b7b\u65f6\u4ed6\u7acb\u4e0b\u9057\u5631\uff1a<br \/>\n\u2014\u2014\u6211\u5c06\u628a\u6211\u9a74\u5b50\u7684\u4e8c\u5206\u4e4b\u4e00\u5206\u7ed9\u5927\u513f\u5b50\uff1b\u4e09\u5206\u4e4b\u4e00\u5206\u7ed9\u4e8c\u513f\u5b50\uff0c\u4e5d\u5206\u4e4b\u4e00\u5206\u7ed9\u4e09\u513f\u5b50\u3002<br \/>\n\u4ed6\u6b7b\u540e\uff0c\u5f1f\u5144\u4e09\u4eba\u4fbf\u5fd9\u7740\u5206\u9a74\u3002\u4ed6\u4eec\u4e89\u8bba\u4e0d\u4f11\uff0c\u4f46\u662f\u89e3\u51b3\u4e0d\u4e86\u8fd9\u4e2a\u95ee\u9898\u3002\u6700\u540e\u4ed6\u4eec\u51b3\u5b9a\u8bf7\u90a3\u4f4d\u806a\u660e\u4eba\u6765\u534f\u52a9\uff0c\u4ed6\u662f\u4ed6\u4eec\u7236\u4eb2\u7684\u597d\u670b\u53cb\u3002<br \/>\n\u806a\u660e\u4eba\u5f88\u8ba4\u771f\u5730\u542c\u4ed6\u4eec\u8bb2\u8ff0\u8fd9\u4ef6\u4e8b\u5e76\u601d\u7d22\u4e86\u51e0\u5206\u949f\uff0c\u7136\u540e\u4ed6\u8bf4\uff1a<br \/>\n\u2014\u2014\u6211\u6709\u4e00\u6761\u5f88\u8e69\u811a\u7684\u9a74\u5b50\u3002\u5b83\u867d\u7136\u5f88\u7626\uff0c\u4f46\u6211\u8fd8\u662f\u613f\u610f\u628a\u5b83\u501f\u7ed9\u4f60\u4eec\u3002<br \/>\n\u4e8e\u662f\u4ed6\u53eb\u4ed6\u7684\u4ec6\u4eba\u628a\u90a3\u6761\u7626\u9a74\u5b50\u4ece\u9a74\u68da\u91cc\u7275\u6765\uff0c\u5e76\u628a\u5b83\u6392\u5728\u90a3\u5341\u4e03\u6761\u9a74\u5b50\u7684\u65c1\u8fb9\u3002<br \/>\n\u5341\u516b\u6761\u9a74\u5b50\u4f9d\u6b21\u6392\u597d\u540e\uff0c\u4ed6\u5c31\u5927\u58f0\u5bf9\u5927\u513f\u5b50\u8bf4\uff1a<br \/>\n\u2014\u2014\u4f60\u6709\u6743\u83b7\u53d6\u4e8c\u5206\u4e4b\u4e00\uff1b\u8bf7\u7275\u8d70\u4e5d\u6761\uff01<br \/>\n\u7136\u540e\u4ed6\u5bf9\u4e8c\u513f\u5b50\u8bf4\uff1a<br \/>\n\u2014\u2014\u4f60\u6709\u6743\u83b7\u5f97\u4e09\u5206\u4e4b\u4e00\uff1b\u8bf7\u7275\u8d70\u516d\u6761\uff01<br \/>\n\u6700\u540e\u4ed6\u5bf9\u5c0f\u513f\u5b50\u8bf4\uff1a<br \/>\n\u2014\u2014\u4f60\u6709\u6743\u83b7\u53d6\u4e5d\u5206\u4e4b\u4e00\uff1b\u8bf7\u7275\u8d70\u4e24\u6761\uff01<br \/>\n\u4e09\u4e2a\u513f\u5b50\u6bcf\u4eba\u90fd\u7275\u8d70\u4e86\u81ea\u5df1\u6240\u5206\u5f97\u7684\u9a74\u5b50\u3002\u4ed6\u4eec\u90fd\u5f88\u6ee1\u610f\uff0c\u56e0\u4e3a\u4ed6\u4eec\u90fd\u591a\u5f97\u4e86\u9a74\u5b50\uff08\u5b9e\u9645\u5f97\u5230\u7684\u591a\u4e8e\u6709\u6743\u5f97\u5230\u7684\uff09\u3002\u53ea\u5728\u5feb\u8981\u79bb\u5f00\u7684\u65f6\u5019\uff0c\u4ed6\u4eec\u624d\u53d1\u89c9\u4ed6\u4eec\u7275\u8d70\u7684\u53ea\u662f\u5341\u4e03\u6761\u9a74\u5b50\uff0c\u800c\u806a\u660e\u4eba\u7684\u90a3\u6761\u9a74\u5b50\u8fd8\u7559\u5728\u90a3\u91cc\u3002\u7531\u4e8e\u4e0d\u7406\u89e3\u5176\u4e2d\u7684\u9053\u7406\uff0c\u5f1f\u5144\u4e09\u4eba\u4fbf\u66f4\u52a0\u94a6\u4f69\u90a3\u4e2a\u806a\u660e\u4eba\uff0c\u8ba4\u4e3a\u4ed6\u662f\u4e00\u4e2a\u8d85\u4eba\u3002<br \/>\n&nbsp;<br \/>\n\u8c1c\u8bed<br \/>\n\u8bf7\u731c\u4e00\u731c<br \/>\n\u8fd9\u662f\u4ec0\u4e48\uff1f<\/p>\n<ol>\n<li>\u6211\u4ece\u4e00\u5904\u8fdb\u53bb\uff0c\u4ece\u4e24\u5904\u51fa\u6765\u3002<\/li>\n<li>\u6211\u4ece\u4e00\u5904\u8fdb\u53bb\uff0c\u4ece\u4e09\u5904\u51fa\u6765\u3002<\/li>\n<li>\u6211\u590f\u5929\uf979\uff0c\u51ac\u5929\u70ed\u3002<\/li>\n<\/ol>\n<p>\uff08\u8c1c\u5e95\uff1a1. \u88e4\u5b50 \u00a02. \u886c\u886b \u00a03. \u6696\u7089\uff09<br \/>\n&nbsp;<br \/>\n\u690d\u6811<br \/>\n\u8bf7\u5206\u4e09\u884c\u79cd\u4e5d\u68f5\u6811\uff0c\u6bcf\u884c\u987b\u7531\u56db\u68f5\u6811\u7ec4\u6210\u3002\u4f60\u600e\u4e48\u79cd\u8fd9\u4e5d\u68f5\u6811\u5462\uff1f<br \/>\n\u7b54\u6848\uff1a\u5e94\u8be5\u8fd9\u6837\u79cd\uff1a<\/p>\n<h5><img decoding=\"async\" loading=\"lazy\" class=\"alignnone size-medium\" src=\"http:\/\/reto.cn\/kurso\/wangchongfang\/arboj.jpg\" width=\"150\" height=\"115\" \/><\/h5>\n<h5>\u7ec3\u4e60\u53c2\u8003\u7b54\u6848<\/h5>\n<ol>\n<li>\u6bd4\u8f83\u4e0b\u5217\u6bcf\u7ec4\u53e5\u5b50\u7684\u610f\u601d\uff1a<\/li>\n<\/ol>\n<p>1 \u00a0\u5982\u679c\u4e0d\u4e0b\u96e8\uff0c\u6211\u5c31\u6765\u3002\uff08se\u8868\u793a\u6761\u4ef6\uff09<br \/>\n\u5047\u5982\u4e0d\u4e0b\u96e8\uff0c\u6211\u5c31\u6765\u3002\uff08se\u8868\u793a\u5047\u8bbe\uff09<br \/>\n2 \u00a0\u5982\u679c\u4f60\u6765\uff0c\u5c31\u4f1a\u66f4\u597d\u3002\uff08se\u8868\u793a\u6761\u4ef6\uff09<br \/>\n\u8981\u662f\u4f60\u6765\uff0c\u5c31\u66f4\u597d\u4e86\u3002\uff08se\u8868\u793a\u5047\u8bbe\uff09<\/p>\n<ol>\n<li>\u5c06\u4e0b\u5217\u53e5\u5b50\u8bd1\u6210\u6c49\u8bed\uff0c\u6ce8\u610f\u52a8\u8bcd\u5047\u5b9a\u5f0f\u7684\u7528\u6cd5\uff1a<\/li>\n<li>\u8981\u662f\u6211\u77e5\u9053\u8fd9\u4ef6\u4e8b\uff0c\u6211\u5c31\u4f1a\u544a\u8bc9\u4f60\u3002<\/li>\n<li>\u5979\u5f88\u6f02\u4eae\uff1b\u8981\u662f\u5979\u4e0d\u7a7f\u90a3\u79cd\u5947\u7279\u7684\u8863\u670d\uff0c\u5979\u5c31\u66f4\u6f02\u4eae\u4e86\u3002<\/li>\n<li>\u5047\u5982\u6211\u8eab\u4f53\u5065\u5eb7\uff0c\u6211\u5c31\u5e78\u798f\u4e86\u3002<\/li>\n<li>\u5047\u5982\u6211\u7684\u670b\u53cb\u7528\u529f\u5b66\u4e60\uff0c\u4ed6\u7684\u5b66\u95ee\u5c31\u4f1a\u8d85\u8fc7\u6240\u6709\u5176\u4ed6\u5b66\u751f\u3002<\/li>\n<li>\u8981\u662f\u6211\u6709\u7fc5\u8180\uff0c\u6211\u5c31\u5728\u5c71\u7684\u4e0a\u7a7a\u98de\u7fd4\u3002<\/li>\n<li>\u5047\u5982\u4ed6\u9884\u5148\u628a\u771f\u5b9e\u60c5\u51b5\u544a\u8bc9\u6211\uff0c\u6211\u5c31\u4e0d\u4f1a\u72af\u9519\u8bef\u3002<\/li>\n<li>\u4ed6\u8981\u662f\u77e5\u9053\u6211\u5728\u8fd9\u91cc\uff0c\u4ed6\u5c31\u4f1a\u7acb\u523b\u5230\u6211\u8fd9\u91cc\u6765\u7684\u3002<\/li>\n<li>\u8981\u662f\u8fd9\u4e2a\u5b66\u751f\u529f\u8bfe\u5b66\u5f97\u597d\uff0c\u6559\u5e08\u5c31\u4e0d\u4f1a\u8d23\u5907\u4ed6\u4e86\u3002<\/li>\n<li>\u5047\u5982\u6211\u6709\u65f6\u95f4\uff0c\u6211\u5c31\u5230\u4f60\u90a3\u513f\u53bb\u4e86\u3002<\/li>\n<li>\u8981\u662f\u4f60\u77e5\u9053\u4ed6\u662f\u8c01\uff0c\u4f60\u5c31\u4f1a\u66f4\u7231\u4ed6\u7684\u3002<\/li>\n<\/ol>\n<p>&nbsp;<br \/>\nIII. \u586b\u5165\u9002\u5f53\u7684\u7684\u52a8\u8bcd\u8bcd\u5c3e\uff1a<\/p>\n<ol>\n<li>as, us, us; \u00a02. is, is, as, is, us, us; \u00a03. is, is, is, is, as, us, us<\/li>\n<\/ol>\n<p>&nbsp;<\/p>\n<ol>\n<li>\u4eff\u7167\u4f8b\u9898\u6539\u5199\u4e0b\u5217\u53e5\u5b50\u5e76\u5bf9\u539f\u53e5\u548c\u6539\u5199\u7684\u53e5\u5b50\u63d0\u95ee\uff1a<\/li>\n<li>Legi estas interese. \u2192 La legado estas interesa.<\/li>\n<\/ol>\n<p>Kiel estas legi? \u2192 Kia estas la legado?<\/p>\n<ol start=\"2\">\n<li>Atendi estas vane. \u2192 La atendo estas vana.<\/li>\n<\/ol>\n<p>Kiel estas atendi? \u2192 Kia estas la atendo?<\/p>\n<ol start=\"3\">\n<li>Kanti estas amuze. \u2192 La kantado estas amuza.<\/li>\n<\/ol>\n<p>Kiel estas kanti \u2192 Kia estas la kantado?<\/p>\n<ol start=\"4\">\n<li>Respondi estas malfacile. \u2192 La respondo estas malfacila.<\/li>\n<\/ol>\n<p>Kiel estas respondi? \u2192 Kia estas la respondo?<\/p>\n<ol start=\"5\">\n<li>Esperi estas necese. \u2192 La espero estas necesa.<\/li>\n<\/ol>\n<p>Kiel estas esperi? \u2192 Kia estas la espero?<\/p>\n<ol start=\"6\">\n<li>Kuri estas rapide. \u2192 La kurado estas rapida.<\/li>\n<\/ol>\n<p>Kiel estas kuri? \u2192 Kia estas la kurado?<br \/>\n&nbsp;<\/p>\n<ol>\n<li>\u7528\u4ecb\u8bcdpor, sen, anstata\u016d, krom\u586b\u5145\uff1a<\/li>\n<\/ol>\n<p>&nbsp;<\/p>\n<ol>\n<li>sen \u00a02. krom \u00a03. por \u00a04. sen \u00a05. anstata\u016d \u00a06. sen \u00a07. por \u00a08. anstata\u016d \u00a09. krom \u00a010. por<\/li>\n<\/ol>\n<p>&nbsp;<\/p>\n<ol>\n<li>\u5c06\u4e0b\u5217\u53e5\u5b50\u8bd1\u6210\u6c49\u8bed\uff0c\u6ce8\u610f\u52a8\u8bcd\u201cdevi, voli, povi, kapabli\u6216povoscii + \u52a8\u8bcd\u4e0d\u5b9a\u5f0f\u201d\u7684\u7528\u6cd5\uff1a<\/li>\n<\/ol>\n<p>&nbsp;<\/p>\n<ol>\n<li>\u4f60\u4e0d\u5e94\u8be5\u6253\u4ed6\u3002<\/li>\n<li>\u4f60\u5e94\u8be5\u7761\u89c9\uff0c\u56e0\u4e3a\u4f60\u592a\u7d2f\u4e86\u3002<\/li>\n<li>\u4ed6\u6536\u5230\u4e86\u6211\u7684\u4fe1\uff0c\u4f46\u4e0d\u613f\u7ed9\u6211\u590d\u4fe1\u3002<\/li>\n<li>\u6211\u8981\u628a\u771f\u5b9e\u60c5\u51b5\u544a\u8bc9\u4f60\u3002<\/li>\n<li>\u4e24\u53ea\u624b\u505a\u4e8b\u6bd4\u4e00\u53ea\u624b\u505a\u4e8b\u505a\u5f97\u591a\u3002<\/li>\n<li>\u4ed6\u968f\u65f6\u90fd\u53ef\u80fd\u6765\u3002<\/li>\n<li>\u8fc4\u4eca\u4e3a\u6b62\u6211\u5bf9\u5b83\u4ec0\u4e48\u4e5f\u6ca1\u6709\u80fd\u591f\u505a\u3002<\/li>\n<li>\u4ed6\u6709\u80fd\u529b\u505a\u90a3\u4ef6\u4e8b\u3002<\/li>\n<li>\u4ed6\u4eec\u4f1a\u8bb2\u4e16\u754c\u8bed\u3002<\/li>\n<li>\u5979\u53ea\u4f1a\u5531\u6b4c\u8df3\u821e\u3002<\/li>\n<\/ol>\n<p>&nbsp;<br \/>\nVII. \u5c06\u4e0b\u5217\u53e5\u5b50\u8bd1\u6210\u4e16\u754c\u8bed\uff1a<br \/>\n&nbsp;<\/p>\n<ol>\n<li>Ni volas korespondi kun fremdlandaj esperantistoj.<\/li>\n<li>Se vi lernus Esperanton, vi certe lernus pli bone ol mi.<\/li>\n<li>Lerni la gramatikon de Esperanto ne estas malfacile.<\/li>\n<li>Anta\u016d \u0109io mi devas danki k-don Zhang, kiu donacis al mi Esperantan-\u0109inan vortaron.<\/li>\n<li>Post la morto de tiu maljunulo (a\u016d: Post kiam la maljunulo mortis), la tri filoj komencis dividi inter si la azenojn.<\/li>\n<li>Kvankam lia azeno estis tre malgrasa, tamen li volis prunti (a\u016d: pruntedoni) \u011din al ili.<\/li>\n<li>Mi pruntis (a\u016d: prunteprenis) libron el (la) biblioteko.<\/li>\n<li>Vi aspektis kiel junulo.<\/li>\n<li>Li partoprenis en la hiera\u016da festeno.<\/li>\n<li>Vi devas tuj solvi tiun \u0109i problemon.<\/li>\n<li>Li prenis (la) plumon por skribi (a\u016d: kaj skribis).<\/li>\n<li>Anstata\u016d labori, ili sin amuzas.<\/li>\n<\/ol>\n<p>&nbsp;<br \/>\n\u8fd4\u56de<a href=\"https:\/\/reto.cn\/php\/hanyu\/wangchongfang_mezgrada_kurso\/helpilo\/\">\u300a\u738b\u5d07\u82b3\u4e16\u754c\u8bed\u5b9e\u7528\u4e2d\u7ea7\u8bfe\u672c\u300b\u5b66\u4e60\u8f85\u5bfc\u76ee\u5f55<\/a>\t\t<\/p>\n","protected":false},"excerpt":{"rendered":"<p>\u7b2c\u516d\u8bfe \u7b2c\u516d\u8bfe\u8bfe\u6587\u53c2\u8003\u8bd1\u6587 &nbsp; A \u5173\u4e8e\u4e16\u754c\u8bed\u5b66\u4e60\u7684\u5bf9\u8bdd A\uff1a\u554a\uff01\u4f60\u5df2\u7ecf\u548c\u5916\u56fd\u4e16\u754c\u8bed\u8005\u901a\u4fe1\u4e86\uff01\u6211\u7fa1\u6155\u2026 <span class=\"read-more\"><a href=\"https:\/\/reto.cn\/php\/hanyu\/wangchongfang_mezgrada_kurso\/helpilo\/kurso_6\/\">\u7ee7\u7eed\u9605\u8bfb Legi pli &raquo;<\/a><\/span><\/p>\n","protected":false},"author":1,"featured_media":0,"parent":5162,"menu_order":10,"comment_status":"closed","ping_status":"closed","template":"","meta":{"footnotes":""},"_links":{"self":[{"href":"https:\/\/reto.cn\/php\/hanyu\/wp-json\/wp\/v2\/pages\/5228"}],"collection":[{"href":"https:\/\/reto.cn\/php\/hanyu\/wp-json\/wp\/v2\/pages"}],"about":[{"href":"https:\/\/reto.cn\/php\/hanyu\/wp-json\/wp\/v2\/types\/page"}],"author":[{"embeddable":true,"href":"https:\/\/reto.cn\/php\/hanyu\/wp-json\/wp\/v2\/users\/1"}],"replies":[{"embeddable":true,"href":"https:\/\/reto.cn\/php\/hanyu\/wp-json\/wp\/v2\/comments?post=5228"}],"version-history":[{"count":0,"href":"https:\/\/reto.cn\/php\/hanyu\/wp-json\/wp\/v2\/pages\/5228\/revisions"}],"up":[{"embeddable":true,"href":"https:\/\/reto.cn\/php\/hanyu\/wp-json\/wp\/v2\/pages\/5162"}],"wp:attachment":[{"href":"https:\/\/reto.cn\/php\/hanyu\/wp-json\/wp\/v2\/media?parent=5228"}],"curies":[{"name":"wp","href":"https:\/\/api.w.org\/{rel}","templated":true}]}}