{"id":5269,"date":"2019-03-21T18:06:51","date_gmt":"2019-03-21T10:06:51","guid":{"rendered":"http:\/\/reto.cn\/php\/hanyu\/?page_id=5269"},"modified":"2019-03-21T18:06:51","modified_gmt":"2019-03-21T10:06:51","slug":"kurso_14","status":"publish","type":"page","link":"https:\/\/reto.cn\/php\/hanyu\/wangchongfang_mezgrada_kurso\/helpilo\/kurso_14\/","title":{"rendered":"\u4e16\u754c\u8bed\u4e2d\u7ea7\u6559\u7a0b\u5b66\u4e60\u8f85\u5bfc \u7b2c\u5341\u56db\u8bfe"},"content":{"rendered":"<p>\t\t\t\t<strong><b>\u7b2c\u5341\u56db\u8bfe<\/b><\/strong><\/p>\n<h5>\u7b2c\u5341\u56db\u8bfe\u8bfe\u6587\u53c2\u8003\u8bd1\u6587<\/h5>\n<p>&nbsp;<br \/>\n<strong><b>A<\/b><\/strong><br \/>\n<strong><b>\u996e\u98df<\/b><\/strong><br \/>\n\u5403\u996d\u5728\u6211\u4eec\u7684\u751f\u6d3b\u4e2d\u8d77\u7740\u975e\u5e38\u91cd\u8981\u7684\u4f5c\u7528\u3002\u867d\u7136\u6211\u4eec\u4e0d\u662f\u4e3a\u5403\u996d\u800c\u751f\u6d3b\uff0c\u4f46\u4e0d\u5403\u996d\u6211\u4eec\u5c31\u4e0d\u53ef\u80fd\u751f\u6d3b\u548c\u52b3\u52a8\u3002<br \/>\n\u6bcf\u4e2a\u4eba\u90fd\u4f1a\u5403\u996d\uff1a\u628a\u98df\u7269\u653e\u8fdb\u53e3\u4e2d\uff0c\u5c1d\u5c1d\u5b83\u7684\u5473\u9053\uff0c\u7ec6\u7ec6\u5480\u56bc\uff0c\u7136\u540e\u628a\u5b83\u54bd\u4e0b\u53bb\u3002\u88ab\u5480\u56bc\u8fc7\u7684\u98df\u7269\u4e0e\u553e\u6db2\u6df7\u5408\uff0c\u7ecf\u8fc7\u54bd\u5589\u8fdb\u5165\u80a0\u80c3\uff0c\u4ee5\u4fbf\u6d88\u5316\u3002<br \/>\n\u6211\u4eec\u5403\u690d\u7269\u751f\u4ea7\u51fa\u6765\u7684\u4e1c\u897f\u3002\u690d\u7269\u4e0d\u4f46\u7ed9\u6211\u4eec\u4ee5\u7cae\u98df\u3001\u852c\u83dc\u3001\u6c34\u679c\u7b49\uff0c\u800c\u4e14\u8fd8\u7ed9\u6211\u4eec\u63d0\u4f9b\u8089\u3001\u5976\u3001\u9ec4\u6cb9\u548c\u86cb\uff0c\u8fd9\u4e9b\u4e1c\u897f\u662f\u4ece\u5403\u7cae\u98df\u7684\u52a8\u7269\u8eab\u4e0a\u6765\u7684\u3002<br \/>\n\u4eba\u901a\u5e38\u6bcf\u5929\u5403\u4e09\u9910\uff0c\u5373\u65e9\u6668\u5403\u65e9\u996d\uff0c\u4e2d\u5348\u5403\u4e2d\u996d\uff0c\u665a\u95f4\u5403\u665a\u996d\u3002\u6709\u7684\u56fd\u5bb6\u4eba\u4eec\u4e2d\u5348\u5403\u5f97\u5f88\u4e30\u76db\uff0c\u665a\u996d\u5403\u5f97\u6bd4\u8f83\u7b80\u5355\uff1b\u6709\u7684\u56fd\u5bb6\u5219\u76f8\u53cd\uff0c\u4e2d\u5348\u5403\u5f97\u6bd4\u8f83\u7b80\u5355\u800c\u665a\u996d\u5403\u5f97\u5f88\u4e30\u76db\u3002\u8fd9\u4e24\u79cd\u4e60\u60ef\uff0c\u60a8\u6bd4\u8f83\u559c\u6b22\u54ea\u4e00\u79cd\uff1f<br \/>\n\u8fdc\u53e4\u65f6\u4ee3\u91ce\u86ee\u4eba\u53ea\u5403\u751f\u7684\u98df\u7269\u3002\u73b0\u5728\u51e0\u4e4e\u5404\u4e2a\u6c11\u65cf\u90fd\u6709\u81ea\u5df1\u7684\u70f9\u996a\u827a\u672f\u3002\u4f17\u6240\u5468\u77e5\uff0c\u4e2d\u56fd\u7684\u70f9\u996a\u662f\u4e16\u754c\u4e0a\u4e09\u5927\u70f9\u996a\u827a\u672f\u4e4b\u4e00\u3002\u53e6\u5916\u4e24\u5927\u70f9\u996a\u827a\u672f\u662f\u6cd5\u56fd\u548c\u5308\u7259\u5229\u7684\u70f9\u996a\u827a\u672f\u3002<br \/>\n\u53a8\u5e08\u7528\u5404\u79cd\u65b9\u5f0f\u505a\u996d\u505a\u83dc\u3002\u4f8b\u5982\uff0c\u4ed6\u4eec\u7528\u7089\u5b50\u70d8\uff0c\u5728\u706b\u524d\u6216\u706b\u4e0a\u70e4\uff0c\u5728\u70e7\u5f00\u7684\u6cb9\u6216\u6cb9\u8102\u4e2d\u714e\u70b8\uff0c\u4ed6\u4eec\u7528\u7096\u9505\u3001\u5e73\u5e95\u9505\u7b49\u505a\u996d\u83dc\uff0c\u8fd9\u7c7b\u5668\u5177\u53eb\u505a\u708a\u4e8b\u7528\u5177\u3002\u505a\u597d\u7684\u83dc\u76db\u5728\u76d8\u5b50\u3001\u789f\u5b50\u3001\u6c64\u76c6\u6216\u5176\u4ed6\u7684\u5668\u76bf\u4e2d\u3002\u4eba\u4eec\u5403\u996d\u9700\u8981\u9910\u5177\u3002\u6b27\u6d32\u4eba\u4e60\u60ef\u4e0a\u4f7f\u7528\u6c64\u5319\u3001\u5200\u5b50\u3001\u53c9\u5b50\uff0c\u800c\u4e2d\u56fd\u4eba\u3001\u65e5\u672c\u4eba\u548c\u5176\u4ed6\u4e00\u4e9b\u4e1c\u4e9a\u6c11\u65cf\u4f7f\u7528\u201c\u7b77\u5b50\u201d\u548c\u201c\u7897\u201d\u3002<br \/>\n\u4e3a\u4e86\u7ef4\u6301\u751f\u547d\uff0c\u6211\u4eec\u9700\u8981\u996e\u6c34\u3002\u6211\u4eec\u559d\u6c34\u3001\u559d\u8336\u3001\u559d\u5496\u5561\u3002\u6211\u4eec\u4e5f\u559d\u767d\u9152\u3001\u8461\u8404\u9152\u6216\u5176\u4ed6\u542b\u9152\u7cbe\u7684\u996e\u6599\u3002\u73bb\u7483\u676f\u548c\u4f4e\u77ee\u7684\u676f\u5b50\u662f\u559d\u996e\u6599\u7684\u5668\u5177\uff0c\u58f6\u548c\u74f6\u5219\u662f\u76db\u996e\u6599\u7684\u5668\u5177\u3002\u7ecf\u5e38\u9157\u9152\uff0c\u5373\u7ecf\u5e38\u996e\u9152\u4f5c\u4e50\u7684\u4eba\u662f\u9152\u9b3c\u3002\u9157\u9152\u662f\u4ee4\u4eba\u618e\u6076\u7684\u5e76\u4e14\u5e38\u5e38\u662f\u5bb6\u5ead\u7684\u751a\u81f3\u662f\u793e\u4f1a\u7684\u67d0\u4e9b\u4e0d\u5e78\u4e8b\u4ef6\u7684\u8d77\u56e0\u3002<br \/>\n\u5728\u65e5\u5e38\u751f\u6d3b\u4e2d\u4eba\u4eec\u5e94\u8be5\u5411\u6bcd\u4eb2\u5b66\u505a\u5bb6\u52a1\u548c\u70f9\u8c03\uff1a\u600e\u6837\u716e\u5927\u7c73\u996d\u548c\u63c9\u9762\uff0c\u600e\u6837\u70e4\u5236\u9762\u5305\u548c\u7cd5\u997c\uff0c\u600e\u6837\u505a\u5404\u5f0f\u5404\u6837\u7684\u6c64\u548c\u83dc\u80b4\uff0c\u600e\u6837\u70e4\u8089\u548c\u6cb9\u714e\u571f\u8c46\u3001\u9e21\u86cb\u3001\u9c7c\u7b49\u3002<br \/>\n\u4f46\u662f\u5728\u793e\u4f1a\u751f\u6d3b\u4e2d\u8fd9\u4e9b\u77e5\u8bc6\u8fd8\u4e0d\u591f\u3002\u4eba\u4eec\u8fd8\u5e94\u8be5\u77e5\u9053\u5bb4\u4f1a\u7684\u89c4\u5219\uff1a\u600e\u6837\u6446\u9910\u5177\u3001\u600e\u6837\u4e0a\u83dc\u548c\u600e\u6837\u62db\u5f85\u5bbe\u5ba2\u3002<br \/>\n\u4e3a\u4e86\u4f7f\u83dc\u80b4\u5473\u7f8e\uff0c\u6211\u4eec\u5728\u70f9\u996a\u65f6\u8981\u7ed9\u83dc\u52a0\u76d0\u3001\u8c03\u5473\u6c41\u548c\u918b\u3001\u7cd6\u3001\u5927\u849c\u3001\u80e1\u6912\u548c\u5176\u4ed6\u8c03\u5473\u54c1\u3002\u76d0\u4f7f\u98df\u7269\u54b8\uff0c\u918b\u4f7f\u98df\u7269\u9178\uff0c\u7cd6\u4f7f\u98df\u7269\u751c\uff0c\u80e1\u6912\u4f7f\u98df\u7269\u8fa3\u3002<br \/>\n\u4fd7\u8bed\u8bf4\uff1a\u4eba\u4eec\u4e0d\u8be5\u4e89\u8bba\u53e3\u5473\u95ee\u9898\uff0c\u56e0\u4e3a\u5404\u4eba\u6709\u5404\u4eba\u7684\u53e3\u5473\uff0c\u56e0\u6b64\u6ca1\u6709\u4e00\u79cd\u98df\u7269\u4eba\u4eba\u90fd\u559c\u7231\u3002\u8fd9\u5c31\u662f\u4e3a\u4ec0\u4e48\u8bf4\u70f9\u996a\u662f\u4e00\u79cd\u8270\u96be\u7684\u3001\u771f\u6b63\u7684\u827a\u672f\u7684\u539f\u56e0\u3002<br \/>\n\u4eba\u4eec\u505a\u5ba2\u65f6\u5e94\u8be5\u6d25\u6d25\u6709\u5473\u5730\u591a\u5403\u4e3b\u4eba\u7528\u6765\u6b3e\u5f85\u5ba2\u4eba\u7684\u7f8e\u5473\u83dc\u80b4\u3002\u8fd9\u5bf9\u5973\u53a8\u5e08\u6765\u8bf4\u662f\u6700\u5927\u7684\u8d5e\u626c\uff0c\u8fd9\u65f6\u5979\u5e94\u8be5\u63a5\u53d7\u5bbe\u5ba2\u7684\u795d\u9152\u3002<br \/>\n&nbsp;<br \/>\n<strong><b>B<\/b><\/strong><br \/>\n<strong><b>\u8611\u83c7\u70e7\u725b\u6392<\/b><\/strong><br \/>\n\u4e00\u4e2a\u540d\u53eb\u7ea6\u7ff0\u2022\u5e03\u5c14\u7684\u82f1\u56fd\u5546\u4eba\u5728\u897f\u73ed\u7259\u65c5\u884c\u3002\u4f46\u662f\u7531\u4e8e\u4ed6\u4e0d\u4f1a\u897f\u73ed\u7259\u8bed\uff0c\u4ed6\u4e0d\u80fd\u548c\u897f\u73ed\u7259\u4eba\u4ea4\u8c08\uff0c\u56e0\u800c\u5e38\u5e38\u78b0\u5230\u4e00\u4e9b\u4e0d\u6109\u5feb\u7684\u4e8b\u3002<br \/>\n\u5728\u4e00\u4e2a\u5c0f\u57ce\u9547\u91cc\u4ed6\u8d70\u8fdb\u4e00\u5bb6\u9910\u9986\u70b9\u4e86\u4e00\u4efd\u4ed6\u6700\u7231\u5403\u7684\u83dc\u2014\u2014\u8611\u83c7\u70e7\u725b\u6392\u3002\u4f46\u4f8d\u8005\u542c\u4e0d\u61c2\u4ed6\u7684\u8bdd\u3002\u4ed6\u8d8a\u662f\u89e3\u91ca\uff0c\u4f8d\u8005\u8d8a\u662f\u50bb\u770b\u7740\u4ed6\uff0c\u6700\u540e\u4ed6\u60f3\u51fa\u4e00\u4e2a\u597d\u4e3b\u610f\u3002\u4ed6\u62ff\u8d77\u4e00\u5f20\u7eb8\u548c\u4e00\u652f\u94c5\u7b14\uff0c\u5728\u7eb8\u4e0a\u753b\u4e86\u4e00\u5934\u6f02\u4eae\u7684\u725b\u548c\u4e00\u4e2a\u8611\u83c7\uff0c\u5f97\u610f\u5730\u628a\u7eb8\u9012\u7ed9\u4f8d\u8005\u3002\u4f8d\u8005\u770b\u4e86\u4e00\u4e0b\u56fe\uff0c\u7acb\u523b\u660e\u767d\u4e86\u82f1\u56fd\u4eba\u7684\u610f\u56fe\uff0c\u63a5\u7740\u5c31\u53bb\u529e\u8fd9\u4ef6\u4e8b\u3002<br \/>\n\u90a3\u4e2a\u82f1\u56fd\u4eba\u6ee1\u610f\u5730\u5750\u5728\u684c\u8fb9\u7b49\u5f85\uff0c\u4f46\u7b49\u4e86\u597d\u4e45\uff0c\u4f8d\u8005\u8fd8\u6ca1\u6709\u56de\u6765\u3002\u4ed6\u9965\u80a0\u8f98\u8f98\uff0c\u89c9\u5f97\u5f88\u607c\u706b\uff0c\u4e5f\u5f88\u5012\u9709\u3002\u6700\u540e\u4f8d\u8005\u7ec8\u4e8e\u6c57\u6d41\u6d43\u80cc\u5730\u6765\u4e86\uff0c\u4ed6\u9762\u5e26\u80dc\u5229\u7684\u5fae\u7b11\u628a\u4e00\u5f20\u6597\u725b\u5165\u573a\u5238\u548c\u4e00\u628a\u96e8\u4f1e\u2014\u2014\u771f\u7cdf\u7cd5\uff01\u2014\u2014\u9012\u7ed9\u90a3\u4e2a\u82f1\u56fd\u4eba\u3002<br \/>\n\u82f1\u56fd\u4eba\u6cae\u4e27\u5730\u770b\u7740\u5165\u573a\u5238\u548c\u96e8\u4f1e\uff0c\u660e\u767d\u4e86\u56fd\u9645\u8bed\u7684\u91cd\u5927\u4ef7\u503c\uff0c\u4ed6\u56de\u5bb6\u540e\u5c31\u7acb\u523b\u7ed9\u81ea\u5df1\u4e70\u4e86\u4e00\u672c\u4e16\u754c\u8bed\u8bfe\u672c\u3002<br \/>\n&nbsp;<br \/>\n\u7a76\u7adf\u662f\u4ec0\u4e48\u539f\u56e0<br \/>\n\u5f7c\u5f97\u548c\u739b\u4e3d\u4ece\u7236\u4eb2\u90a3\u513f\u5404\u5f97\u5230\u4e94\u4e2a\u82f9\u679c\uff0c\u51b3\u5b9a\u6bcf\u5929\u5404\u5403\u4e00\u4e2a\u3002<br \/>\n\u5f7c\u5f97\u603b\u662f\u6311\u81ea\u5df1\u82f9\u679c\u4e2d\u6700\u597d\u5403\u7684\u5403\u3002<br \/>\n\u739b\u4e3d\u603b\u662f\u6311\u81ea\u5df1\u82f9\u679c\u4e2d\u6700\u4e0d\u597d\u7684\u5403\u3002<br \/>\n\u4ed6\u4eec\u5c31\u8fd9\u6837\u5403\u90a3\u4e9b\u82f9\u679c\u3002\u7ed3\u679c\u600e\u6837\u5462\uff1f<br \/>\n\u5f7c\u5f97\u603b\u662f\u5403\u7684\u597d\u82f9\u679c\uff0c\u800c\u739b\u4e3d\u603b\u662f\u5403\u7684\u574f\u82f9\u679c\u3002<br \/>\n\u7a76\u7adf\u662f\u4ec0\u4e48\u539f\u56e0\u5462\uff1f\u8bf7\u60f3\u4e00\u60f3\uff01<br \/>\n&nbsp;<br \/>\n\u8c1a\u8bed<br \/>\n\u8c1a\u8bed\u51fa\u81ea\u4e00\u4e2a\u4eba\u7684\u601d\u60f3\uff0c\u5374\u96c6\u4e2d\u4e86\u5927\u5bb6\u7684\u667a\u6167\u3002<br \/>\n\u4f5c\u8c01\u7684\u5ba2\u4eba\uff0c\u8fc7\u8c01\u7684\u8282\u65e5\u3002<br \/>\n\u6c34\u5bf9\u70e7\u719f\u4e86\u7684\u9c7c\u6beb\u65e0\u7528\u5904\u3002<br \/>\n\u9971\u6c49\u4e0d\u77e5\u997f\u6c49\u9965\u3002<br \/>\n\u5bf9\u75c5\u4eba\u662f\u6ecb\u8865\uff0c\u5bf9\u5c0f\u9e21\u662f\u6b7b\u4ea1\u3002<br \/>\n\u77e5\u8bc6\u597d\u6bd4\u6c99\u5730\u4e0b\u7684\u6cc9\u6c34\uff0c\u6316\u5f97\u8d8a\u6df1\uff0c\u5b83\u8d8a\u6e05\u6f88\u3002<br \/>\n\u6709\u5f97\u5fc5\u6709\u5931\u3002<br \/>\n&nbsp;<br \/>\n<strong><b>\u00a0<\/b><\/strong><br \/>\n<strong><b>\u00a0<\/b><\/strong><\/p>\n<h5>\u7ec3\u4e60\u53c2\u8003\u7b54\u6848<\/h5>\n<p>&nbsp;<\/p>\n<ol>\n<li>\u5c06\u4e0b\u5217\u5404\u8bcd\u8bd1\u6210\u4e16\u754c\u8bed\uff1a\uff08\u7565\uff09<\/li>\n<\/ol>\n<p>&nbsp;<\/p>\n<ol>\n<li>\u9488\u5bf9\u62ec\u53f7\u4e2d\u7684\u8bcd\u7528\u201ckiu\u201d\u6216\u201ckio\u201d\u586b\u5145\uff1a<\/li>\n<li>Kio \u00a02. Kiuj \u00a03. Kion \u00a04. Kiun \u00a05. Kiun \u00a06. Kiun \u00a07. Kio \u00a08. Kiuj<\/li>\n<\/ol>\n<p>&nbsp;<br \/>\nIII. \u6717\u8bfb\u4e0b\u5217\u5bf9\u8bdd\uff1a<br \/>\n\u9644\u53c2\u8003\u8bd1\u6587\uff1a<\/p>\n<ol>\n<li>\u4f60\u4eec\u8fd9\u91cc\u6709\u56db\u4e2a\u4eba\u7684\u684c\u4f4d\u5417\uff1f<\/li>\n<\/ol>\n<p>B.\u5728\u8fd9\u513f\u8fd8\u662f\u5728\u697c\u4e0a\uff1f<\/p>\n<ol>\n<li>\u5728\u8fd9\u513f\u3002\u8bf7\u628a\u83dc\u5355\u62ff\u7ed9\u6211\u3002<\/li>\n<li>\u00a0\u9910\u524d\u4f60\u4eec\u662f\u4e0d\u60f3\u559d\u70b9\u4ec0\u4e48\uff1f<\/li>\n<li>\u559d\u554a\uff08\u8bf7\u6ce8\u610f\u8fd9\u91cc\u9700\u8981\u7528jes\u56de\u7b54\uff09\u3002\u8bf7\u62ff\u4e24\u5c0f\u74f6\u679c\u6c41\u548c\u4e24\u676f\u8461\u8404\u9152\u6765\u3002<\/li>\n<li>\u6211\u8fd9\u5c31\u7ed9\u60a8\u62ff\u3002\u8bf7\u60a8\u5148\u70b9\u83dc\u3002\uff08intertempe\u7684\u610f\u601d\u662f\u201c\u5728\u5176\u95f4\u201d\uff0c\u6307\u5728\u4e24\u4ef6\u4e8b\u7684\u7a7a\u9699\u65f6\u95f4\u91cc\u3002\u8fd9\u91cc\u7684\u610f\u601d\u662f\u5728B\u53bb\u62ff\u679c\u6c41\u548c\u8461\u8404\u9152\u7684\u65f6\u5019\u8bf7A\u5148\u70b9\u83dc\u3002\uff09<\/li>\n<\/ol>\n<p>&nbsp;<\/p>\n<ol>\n<li>\u8bf4\u51fa\u4e0b\u5217\u6d3e\u751f\u8bcd\u7684\u610f\u601d\uff1a\uff08\u7b54\u6848\u7565\uff09<\/li>\n<\/ol>\n<p>&nbsp;<\/p>\n<ol>\n<li>\u586b\u5165\u7f3a\u5c11\u7684\u5b57\u6bcd\uff1a<\/li>\n<li>-es \u00a02. -es \u00a03. -a \u00a04. -es \u00a05. -es \u00a06. -es \u00a07. -es \u00a08. -an \u00a09. -a \u00a010. -es<\/li>\n<\/ol>\n<p>&nbsp;<\/p>\n<ol>\n<li>\u9009\u62e9\u586b\u5145\uff1a<\/li>\n<li>ankora\u016d \u00a02. balda\u016d \u00a03. apena\u016d \u00a04. almena\u016d \u00a05. apena\u016d \u00a06. preska\u016d \u00a07. plu \u00a08. pli<\/li>\n<\/ol>\n<p>&nbsp;<br \/>\nVII. \u5c06\u4e0b\u5217\u53e5\u5b50\u8bd1\u6210\u6c49\u8bed\uff1a<\/p>\n<ol>\n<li>\u6211\u4e5f\u6709\u4f60\u90a3\u6837\u7684\u4e66\u3002<\/li>\n<li>\u623f\u95f4\u91cc\u9ed1\u5f97\u4f38\u624b\u4e0d\u89c1\u4e94\u6307\u3002<\/li>\n<li>\u6709\u5176\u7236\u5fc5\u6709\u5176\u5b50\u3002<\/li>\n<li>\u6211\u5076\u7136\u9047\u89c1\u4e00\u4f4d\u8fc7\u53bb\u7684\u670b\u53cb\uff0c\u4ed6\u7684\u540d\u5b57\u6211\u5fd8\u4e86\u3002<\/li>\n<li>\u6211\u9047\u89c1\u4e86\u6211\u7684\u8868\u54e5\u53ca\u8868\u5ac2\uff08\u6216\u5802\u54e5\u53ca\u5802\u5ac2\uff09\u548c\u8868\u5ac2\uff08\u6216\u5802\u5ac2\uff09\u7684\u7236\u6bcd\u3002<\/li>\n<li>\u5b83\u4ecd\u65e7\u662f\u4e00\u53ea\u7a7a\u4e2d\u7684\u9ebb\u96c0\uff08\u8c1a\u8bed\u3002\u610f\u5373\u8fd8\u53ea\u662f\u8ba1\u5212\u4e2d\u7684\u3001\u5c1a\u672a\u5b9e\u73b0\u7684\u4e8b\u3002\uff09<\/li>\n<li>\u4eba\u9020\u8bed\u81f3\u5c11\u6bd4\u4efb\u4f55\u4e00\u79cd\u81ea\u7136\u8bed\u5bb9\u6613\u4e94\u5341\u500d\u3002<\/li>\n<li>\u4ed6\u8138\u4e0a\u6709\u4e00\u4e9b\u4e0d\u6613\u5bdf\u89c9\u7684\u76b1\u7eb9\u3002<\/li>\n<li>\u6211\u5df2\u7ecf\u505a\u5f97\u6bd4\u4f60\u591a\u4e86\uff0c\u6211\u4e0d\u518d\u505a\u4e86\u3002<\/li>\n<li>\u4e16\u754c\u8bed\u662f\u4e00\u79cd\u4eba\u4eba\u90fd\u53ef\u4ee5\u7528\u6765\u4e3a\u81ea\u5df1\u7684\u5229\u76ca\u670d\u52a1\u7684\u5de5\u5177\uff0c\u4f60\u4e5f\u7528\u5b83\u6765\u4e3a\u4f60\u7684\u5229\u76ca\u670d\u52a1\u5427\u3002<\/li>\n<li>\u5982\u679c\u4f60\u7ed9\u4eba\u4ee5\u8702\u871c\uff0c\u4e5f\u5e94\u7ed9\u4eba\u4ee5\u7fb9\u5319\u3002\uff08\u8c1a\u8bed\uff09<\/li>\n<li>\u5979\u79bb\u5f00\u6211\u5df2\u7ecf\u5f88\u4e45\u4e86\u3002<\/li>\n<li>\u4ed6\u5230\u5b66\u6821\u65f6\uff0c\u7b2c\u4e00\u8bfe\u521a\u7ed3\u675f\u3002<\/li>\n<li>\u4ed6\u7acb\u5373\u76f8\u4fe1\u6700\u4e0d\u53ef\u4fe1\u7684\u4e8b\u60c5\uff0c\u4ed6\u786e\u5b9e\u662f\u4e00\u4e2a\u8f7b\u4fe1\u7684\u4eba\u3002<\/li>\n<li>\u4ed6\u4eec\u5f53\u7740\u4f60\u7684\u9762\u5632\u7b11\u4f60\u3002<\/li>\n<li>\u4eba\u5e94\u8be5\u6709\u5065\u5eb7\u7684\u8eab\u4f53\uff1a\u8eab\u4f53\u4e0d\u5065\u5eb7\uff0c\u4ec0\u4e48\u4e5f\u5e72\u4e0d\u4e86\u3002<\/li>\n<li>\u6211\u6c38\u8fdc\u4e0d\u4f1a\u653e\u5f03\u6211\u7684\u7406\u60f3\uff0c\u4e0d\u7ba1\u6211\u7684\u53cd\u5bf9\u8005\u8bf4\u4e9b\u4ec0\u4e48\uff0c\u4e5f\u4e0d\u7ba1\u4ed6\u4eec\u662f\u4ec0\u4e48\u4eba\u3002<\/li>\n<li>\u542c\uff0c\u949f\u5728\u6572\u5341\u4e8c\u70b9\u3002<\/li>\n<li>\u4ed6\u7231\u5979\u80dc\u8fc7\u7231\u4ed6\u81ea\u5df1\u3002<\/li>\n<li>\u4ed6\u5f88\u7231\u5e72\u51c0\uff0c\u4ed6\u8863\u670d\u4e0a\u8fb9\u4e00\u7c92\u7070\u5c18\u90fd\u6ca1\u6709\u3002<\/li>\n<\/ol>\n<p>21\uff0e\u5bbd\u9614\u7684\u6c5f\u6cb3\u662f\u7531\u5fae\u5c0f\u7684\u6c34\u6ef4\u6c47\u96c6\u800c\u6210\u7684\u3002\uff08\u8c1a\u8bed\uff09<\/p>\n<ol start=\"22\">\n<li>\u4ed6\u4eec\u4e94\u4e2a\u4eba\u4e00\u8d77\u6251\u5230\u4ed6\u8eab\u4e0a\uff0c\u4f46\u4ed6\u628a\u4ed6\u4eec\u5168\u90fd\u6253\u8d25\u4e86\u3002<\/li>\n<li>\u58eb\u5175\u4eec\u4e00\u4e2a\u4e00\u4e2a\u5730\uff08\u6216\u5355\u884c\u5730\uff09\u4ece\u5c0f\u6865\u4e0a\u8d70\u8fc7\u3002<\/li>\n<li>\u6211\u4eec\u8bb8\u591a\u4eba\u5408\u5728\u4e00\u8d77\u5e72\u5c06\u6bd4\u5206\u5f00\u5e72\u63d0\u65e9\u5b8c\u5de5\u3002<\/li>\n<li>\u4ed6\u4eec\u4fe9\u4eb2\u5bc6\u5730\u633d\u7740\u80f3\u818a\u6563\u6b65\u3002<\/li>\n<li>\u8fd9\u672c\u4e66\u670960\u9875\uff0c\u56e0\u6b64\uff0c\u5982\u679c\u6211\u6bcf\u5929\u8bfb15\u9875\uff0c\u62114\u5929\u5c31\u53ef\u4ee5\u8bfb\u5b8c\u5168\u4e66\u3002<\/li>\n<li>\u5bbe\u5ba2\u4eec\u6bcf\u4eba\u559d\u4e86\u4e24\u676f\u8461\u8404\u9152\u3002<\/li>\n<li>\u5bbe\u5ba2\u4eec\u4e09\u4e2a\u4e00\u6279\u5730\u5230\u6765\u3002<\/li>\n<li>\u6bcf\u5f20\u684c\u5b50\u4e0a\u653e\u4e24\u4e2a\u74f6\u5b50\u3002<\/li>\n<li>\u8d8a\u662f\u95f2\u626f\uff0c\u8d8a\u662f\u5bf9\u81ea\u5df1\u6709\u5bb3\u3002<\/li>\n<li>\u86cb\u8d8a\u716e\u8d8a\u8001\u3002<\/li>\n<li>\u6c34\u8d8a\u810f\u8d8a\u89c1\u4e0d\u5230\u5e95\u3002<\/li>\n<li>\u6211\u8d8a\u662f\u4e86\u89e3\u4ed6\uff0c\u8d8a\u662f\u559c\u6b22\u4ed6\u3002<\/li>\n<li>\u4eba\u7684\u9700\u6c42\u8d8a\u5c11\uff0c\u8d8a\u5e78\u798f\u3002<\/li>\n<li>\u8d8a\u5feb\u8d8a\u597d\u3002<\/li>\n<\/ol>\n<p>&nbsp;<br \/>\nVIII. \u5c06\u4e0b\u5217\u53e5\u5b50\u8bd1\u6210\u4e16\u754c\u8bed\uff1a<\/p>\n<ol>\n<li>Li ankora\u016d ser\u0109as sian kajeron, sed ankora\u016d ne trovis \u011din.2. Ni balda\u016d ekiros.<\/li>\n<li>Tiu, kiu hiera\u016d parolis en la tekunveno, havas almena\u016d tridek jarojn.<\/li>\n<li>Li parolis tro\u00a0rapide, ke mi povu bone lin kompreni.5. Ni restos en la kamparo apena\u016d unu monaton.<\/li>\n<li>Li kvaza\u016d\u00a0volas diri ion.<\/li>\n<li>Mi preska\u016d falis.<\/li>\n<li>Mia hejmvila\u011do (a\u016d: hejmurbo) estas apena\u016d du cent kilometrojn for de Pekino.<\/li>\n<li>Mi \u0135us a\u016ddis, ke lia patro mortis (a\u016d forpasis) jam anta\u016d du jaroj.<\/li>\n<li>Ne plu babilu. Tuj komencu labori!<\/li>\n<li>Kiam ajn li venos, mi mem lin akceptos.<\/li>\n<li>Mi volas iri ien ajn.<\/li>\n<li>E\u0109 en diman\u0109oj li ne ripozas. Li ja estas laborema.<\/li>\n<li>Troa man\u011dado estas malutila al la sano. (a\u016d: Troa man\u011dado difektas la sanon.)<\/li>\n<li>Ju pli multe li pensas, des pli malmulte li parolas.<\/li>\n<li>Por miaj tri infanoj mi a\u0109etis dek du pomojn, kaj al \u0109iu el la infanoj mi donis po kvar.<\/li>\n<li>Ili \u0109iam promenas duope.<\/li>\n<\/ol>\n<p>\u8fd4\u56de<a href=\"https:\/\/reto.cn\/php\/hanyu\/wangchongfang_mezgrada_kurso\/helpilo\/\">\u300a\u738b\u5d07\u82b3\u4e16\u754c\u8bed\u5b9e\u7528\u4e2d\u7ea7\u8bfe\u672c\u300b\u5b66\u4e60\u8f85\u5bfc\u76ee\u5f55<\/a>\t\t<\/p>\n","protected":false},"excerpt":{"rendered":"<p>\u7b2c\u5341\u56db\u8bfe \u7b2c\u5341\u56db\u8bfe\u8bfe\u6587\u53c2\u8003\u8bd1\u6587 &nbsp; A \u996e\u98df \u5403\u996d\u5728\u6211\u4eec\u7684\u751f\u6d3b\u4e2d\u8d77\u7740\u975e\u5e38\u91cd\u8981\u7684\u4f5c\u7528\u3002\u867d\u7136\u6211\u4eec\u4e0d\u662f\u4e3a\u5403\u2026 <span class=\"read-more\"><a href=\"https:\/\/reto.cn\/php\/hanyu\/wangchongfang_mezgrada_kurso\/helpilo\/kurso_14\/\">\u7ee7\u7eed\u9605\u8bfb Legi pli &raquo;<\/a><\/span><\/p>\n","protected":false},"author":1,"featured_media":0,"parent":5162,"menu_order":22,"comment_status":"closed","ping_status":"closed","template":"","meta":{"footnotes":""},"_links":{"self":[{"href":"https:\/\/reto.cn\/php\/hanyu\/wp-json\/wp\/v2\/pages\/5269"}],"collection":[{"href":"https:\/\/reto.cn\/php\/hanyu\/wp-json\/wp\/v2\/pages"}],"about":[{"href":"https:\/\/reto.cn\/php\/hanyu\/wp-json\/wp\/v2\/types\/page"}],"author":[{"embeddable":true,"href":"https:\/\/reto.cn\/php\/hanyu\/wp-json\/wp\/v2\/users\/1"}],"replies":[{"embeddable":true,"href":"https:\/\/reto.cn\/php\/hanyu\/wp-json\/wp\/v2\/comments?post=5269"}],"version-history":[{"count":0,"href":"https:\/\/reto.cn\/php\/hanyu\/wp-json\/wp\/v2\/pages\/5269\/revisions"}],"up":[{"embeddable":true,"href":"https:\/\/reto.cn\/php\/hanyu\/wp-json\/wp\/v2\/pages\/5162"}],"wp:attachment":[{"href":"https:\/\/reto.cn\/php\/hanyu\/wp-json\/wp\/v2\/media?parent=5269"}],"curies":[{"name":"wp","href":"https:\/\/api.w.org\/{rel}","templated":true}]}}