{"id":5280,"date":"2019-03-21T18:37:23","date_gmt":"2019-03-21T10:37:23","guid":{"rendered":"http:\/\/reto.cn\/php\/hanyu\/?page_id=5280"},"modified":"2019-03-21T18:37:23","modified_gmt":"2019-03-21T10:37:23","slug":"kurso_15","status":"publish","type":"page","link":"https:\/\/reto.cn\/php\/hanyu\/wangchongfang_mezgrada_kurso\/helpilo\/kurso_15\/","title":{"rendered":"\u4e16\u754c\u8bed\u4e2d\u7ea7\u6559\u7a0b\u5b66\u4e60\u8f85\u5bfc \u7b2c\u5341\u4e94\u8bfe"},"content":{"rendered":"<p>\t\t\t\t<strong><b>\u7b2c\u5341\u4e94\u8bfe<\/b><\/strong><\/p>\n<h5>\u7b2c\u5341\u4e94\u8bfe\u8bfe\u6587\u53c2\u8003\u8bd1\u6587<\/h5>\n<p>&nbsp;<br \/>\n<strong><b>A<\/b><\/strong><br \/>\n<strong><b>\u4f4f\u5b85<\/b><\/strong><br \/>\n\u4eba\u4eec\u4e3a\u8eb2\u907f\u6076\u52a3\u5929\u6c14\u800c\u5c45\u4f4f\u7684\u573a\u6240\u5c31\u662f\u4f4f\u5b85\u3002\u56fd\u5bb6\u4e0d\u540c\uff0c\u6587\u660e\u7a0b\u5ea6\u4e0d\u540c\uff0c\u4eba\u4eec\u7684\u4f4f\u6240\u4e5f\u5927\u4e0d\u76f8\u540c\u3002\u539f\u59cb\u4eba\u4f4f\u5728\u6d1e\u7a74\u91cc\uff0c\u6e38\u7267\u6c11\u4f4f\u5728\u5e10\u7bf7\u91cc\uff0c\u73b0\u4ee3\u4eba\u4f4f\u5728\u623f\u5c4b\u91cc\u3002<br \/>\n\u623f\u5c4b\u662f\u4f9b\u4eba\u5c45\u4f4f\u7684\u5efa\u7b51\u7269\uff0c\u7528\u7c97\u7cd9\u7684\u3001\u6709\u65f6\u662f\u4e0d\u575a\u5b9e\u7684\u6750\u6599\u5efa\u6210\u7684\u5341\u5206\u7b80\u964b\u7684\u5c0f\u623f\u5b50\u53eb\u505akabano\uff08\u7b80\u964b\u5c0f\u5c4b\uff09\uff1b\u5efa\u5728\u519c\u6751\u6216\u6d77\u8fb9\u4f9b\u590f\u5b63\u5c45\u4f4f\u7684\u6f02\u4eae\u7684\u623f\u5b50\u53eb\u505asomerdomo\u6216vilao\uff08\u522b\u5885\uff09\u3002\u57ce\u5e02\u4e2d\u5927\u591a\u6570\u623f\u5b50\u662f\u697c\u623f\uff0c\u697c\u623f\u7684\u5404\u5c42\u697c\u4e4b\u95f4\u7528\u5404\u79cd\u5f62\u5f0f\u7684\u5bbd\u5927\u7684\u697c\u68af\u76f8\u4e92\u8fde\u901a\u2014\u2014 \u5982\u679c\u60a8\u4f4f\u5728\u697c\u623f\u91cc\uff0c\u5728\u4e00\u3001\u4e8c\u3001\u4e09\u5c42\u697c\u4e2d\u60a8\u6bd4\u8f83\u559c\u6b22\u54ea\u4e00\u5c42\u697c\u5462\uff1f\u2014\u2014\u0109ielskrapanto\uff08\u6469\u5929\u5927\u697c\uff09\u662f\u4e00\u79cd\u9ad8\u5f97\u597d\u50cf\u8981\u8ddf\u5929\u63a5\u89e6\u4f3c\u7684\u5927\u697c\uff0c\u4f17\u6240\u5468\u77e5\uff0c\u7ebd\u7ea6\u5c31\u662f\u4ee5\u6469\u5929\u5927\u697c\u800c\u95fb\u540d\u7684\u3002apartamento\uff08\u516c\u5bd3\uff09\u662f\u7531\u901a\u5e38\u5728\u4e00\u5c42\u697c\u4e0a\u7684\u597d\u51e0\u4e2a\u76f8\u4e92\u8fde\u901a\u7684\u623f\u95f4\u7ec4\u6210\u7684\u4f4f\u5b85\uff1bhotelo\uff08\u65c5\u9986\uff09\u662f\u65c5\u5ba2\u4ea4\u4ed8\u8d39\u7528\u5c31\u53ef\u4ee5\u5c45\u4f4f\u800c\u4e14\u5f80\u5f80\u8fd8\u53ef\u4ee5\u5728\u91cc\u9762\u5c31\u9910\u7684\u573a\u6240\u3002kastelo\uff08\u57ce\u5821\uff09\u662f\u8fc7\u53bb\u5c01\u5efa\u4e3b\u5c45\u4f4f\u7684\u7b51\u6709\u5821\u5792\u7684\u9ad8\u5927\u7684\u623f\u5c4b\uff1bpalaco\uff08\u5bab\u6bbf\uff09\u5219\u662f\u56fd\u738b\u3001\u7687\u5e1d\u6216\u5176\u4ed6\u56fd\u5bb6\u5143\u9996\u7684\u534e\u4e3d\u7684\u9ad8\u5927\u4f4f\u623f\u3002<br \/>\n\u4eba\u4eec\u7ecf\u5e38\u5730\u4ee5\u4e3b\u4eba\u8eab\u4efd\u7279\u522b\u662f\u548c\u81ea\u5df1\u7684\u5bb6\u4eba\u5728\u4e00\u8d77\u5c45\u4f4f\u7684\u623f\u5c4b\u53eb\u505ahejmo\uff08\u5bb6\uff09\u3002\u5bb6\u662flo\u011dejo\uff08\u4f4f\u6240\uff09\uff0c\u4f46\u4e0d\u662f\u6240\u6709\u7684lo\u011dejo\u90fd\u662f\u5bb6\u3002\u597d\u5566\uff0c\u60a8\u662f\u5426\u5df2\u7ecf\u5f88\u597d\u5730\u61c2\u5f97lo\u011dejo\u3001domo\u548chejmo\u8fd9\u4e09\u4e2a\u8bcd\u7684\u533a\u522b\u4e86\u5462\uff1f<br \/>\n\u6309\u7167\u536b\u751f\u7684\u89c2\u70b9\u4f4f\u5b85\u5e94\u8be5\u9ad8\u5927\u800c\u660e\u4eae\uff0c\u5e76\u4e14\u5e94\u8be5\u6709\u8db3\u591f\u7684\u901a\u98ce\u53e3\u3002\u51ac\u5b63\u5e94\u8be5\u7528\u6696\u6c14\u800c\u4e0d\u5e94\u8be5\u7528\u7089\u5b50\u6216\u58c1\u7089\u63d0\u9ad8\u4f4f\u5b85\u7684\u5ba4\u6e29\uff0c\u56e0\u4e3a\u7089\u5b50\u548c\u58c1\u7089\u6240\u4ea7\u751f\u7684\u70df\u5f80\u5f80\u591a\u4e8e\u6240\u4ea7\u751f\u7684\u70ed\u3002<br \/>\n\u73b0\u4ee3\u4f4f\u5b85\u901a\u5e38\u7531\u5367\u5ba4\u3001\u5ba2\u5385\u3001\u53a8\u623f\u3001\u996d\u5385\u3001\u6d17\u6fa1\u95f4\u548c\u5395\u6240\u7b49\u7ec4\u6210\u3002kabineto\u662f\u8111\u529b\u52b3\u52a8\u8005\u7684\u5de5\u4f5c\u5ba4\uff0csalono\u662f\u4e13\u6307\u5728\u897f\u6b27\u4eba\u4eec\u7528\u6765\u63a5\u5f85\u5ba2\u4eba\u548c\u6765\u8bbf\u8005\u7684\u5927\u623f\u95f4\u3002<br \/>\n\u51e0\u4e4e\u6240\u6709\u7684\u4f4f\u5b85\u91cc\u90fd\u6709\u5bb6\u5177\uff1a\u5e8a\u3001\u4e94\u6597\u6a71\u3001\u8863\u6a71\u3001\u4e66\u67b6\u3001\u684c\u5b50\u3001\u6905\u5b50\u3001\u957f\u9760\u80cc\u6905\u3001\u957f\u6c99\u53d1\u3001\u6276\u624b\u6905\u2026\u2026\u4f46\u5e76\u975e\u5230\u5904\u5982\u6b64\uff01\u6e38\u7267\u6c11\u7684\u5e10\u7bf7\u91cc\u5c31\u53ea\u6709\u5730\u6bef\u548c\u5750\u57ab\u3002<br \/>\n\u4eca\u65e5\u7684\u5bb6\u5177\u7ecf\u5386\u4e86\u6f2b\u957f\u7684\u9053\u8def\u624d\u83b7\u5f97\u4e86\u73b0\u5728\u7684\u5f62\u5f0f\u3002\u4e2d\u56fd\u4eba\u662f\u6700\u65e9\u5236\u6210\u5bb6\u5177\u7684\u7684\u6c11\u65cf\u4e4b\u4e00\u3002\u5728\u53e4\u4ee3\u6211\u4eec\u7684\u7ec6\u6728\u5de5\u5320\u5df2\u7ecf\u4f1a\u4f7f\u7528\u597d\u591a\u79cd\u6728\u5de5\u5de5\u5177\uff1a\u952f\u5b50\u3001\u5228\u5b50\u3001\u51ff\u5b50\u7b49\uff0c\u7528\u8fd9\u4e9b\u5de5\u5177\u4e2d\u56fd\u7684\u5bb6\u5177\u5de5\u5320\u5236\u4f5c\u3001\u96d5\u523b\u4e86\u5404\u79cd\u5bb6\u5177\u5e76\u521b\u9020\u51fa\u6211\u4eec\u4e2d\u56fd\u98ce\u683c\u7684\u5bb6\u5177\u5f0f\u6837\u3002\u5728\u5f53\u4ee3\u6211\u4eec\u7684\u5bb6\u5177\u5de5\u5320\u8fd8\u5728\u5bfb\u6c42\u7740\u65b0\u7684\u5f0f\u6837\uff1a\u5f0f\u6837\u7684\u6f14\u53d8\u5e76\u672a\u7ed3\u675f\uff0c\u800c\u662f\u5728\u7ee7\u7eed\u8fdb\u884c\u7740\u3002\u6700\u8fd1\u4eba\u4eec\u5df2\u7ecf\u5f00\u59cb\u7528\u5851\u6599\u751a\u81f3\u7528\u91d1\u5c5e\u7ba1\u8bd5\u5236\u5bb6\u5177\u3002<br \/>\n\u4e16\u754c\u8bed\u8c1a\u8bed\u8bf4\uff1a\u81ea\u5bb6\u7684\u5c0f\u5c4b\u5c31\u50cf\u4eb2\u5a18\u4e00\u6837\uff0c\u7136\u800c\u5e76\u975e\u6211\u4eec\u6bcf\u4e2a\u4eba\u90fd\u80fd\u7406\u89e3\u8fd9\u53e5\u8c1a\u8bed\u7684\u786e\u5207\u542b\u4e49\uff0c\u56e0\u4e3a\u6211\u4eec\u5bf9\u81ea\u5df1\u7684\u5bb6\u5df2\u975e\u5e38\u4e60\u60ef\uff0c\u5f80\u5f80\u610f\u8bc6\u4e0d\u5230\u5b83\u7684\u6e29\u6696\u3002\u53ea\u6709\u90a3\u4e9b\u957f\u671f\u79bb\u5bb6\u5916\u51fa\u7684\u4eba\u624d\u80fd\u4f53\u4f1a\u5f97\u5230\u5bb6\u548c\u5bb6\u5ead\u7684\u771f\u6b63\u542b\u4e49\u3002<br \/>\n&nbsp;<br \/>\nB<br \/>\n\u674e\u767d\u8bd7\u4e8c\u9996<br \/>\n\u9759\u591c\u601d<br \/>\n\u5e8a\u524d\u660e\u6708\u5149\uff0c<br \/>\n\u7591\u662f\u5730\u4e0a\u971c\u3002<br \/>\n\u4e3e\u5934\u671b\u660e\u6708\uff0c<br \/>\n\u4f4e\u5934\u601d\u6545\u4e61\u3002<br \/>\n&nbsp;<br \/>\n\u79cb\u6d66\u6b4c\uff08\u5176\u5341\u4e94\uff09<br \/>\n\u767d\u53d1\u4e09\u5343\u4e08\uff0c<br \/>\n\u7f18\u6101\u4f3c\u4e2a\u957f\u3002<br \/>\n\u4e0d\u77e5\u660e\u955c\u91cc\uff0c<br \/>\n\u4f55\u5904\u5f97\u79cb\u971c\u3002<br \/>\n\uff08\u9009\u81eaK. Kalocsay\u8bd1\u300a\u6c38\u6052\u7684\u82b1\u675f\u300b\uff09<br \/>\n&nbsp;<br \/>\n\u8da3\u95fb<br \/>\n1<br \/>\n\u4eba\u4eec\u8bf7\u4e00\u4e2a\u4eba\u8bb2\u6f14\u3002\u4ed6\u8bb2\u4e86\u4e24\u4e2a\u5c0f\u65f6\u3002\u9a6c\u514b\u2022 \u5410\u6e29\u5750\u5728\u4f4d\u4e0a\u542c\u7740\u3002\u90a3\u4e2a\u4eba\u8bb2\u5b8c\u4ee5\u540e\uff0c\u9a6c\u514b \u2022 \u5410\u6e29\u5411\u4ed6\u8d70\u53bb\u3002<br \/>\n\u2014\u2014 \u60a8\u8bb2\u5f97\u5f88\u52a8\u542c\u3002\u2014\u2014 \u4ed6\u5bf9\u90a3\u4e2a\u4eba\u8bf4\u3002 \u2014\u2014 \u53ef\u662f\u60a8\u8bb2\u6f14\u4e2d\u7684\u6bcf\u4e00\u4e2a\u8bcd\u90fd\u5728\u67d0\u672c\u4e66\u4e2d\uff01\u8fd9\u672c\u4e66\u6211\u5bb6\u91cc\u6709\u3002<br \/>\n\u2014\u2014 \u4e0d\uff0c\u60a8\u6ca1\u6709\u3002\u2014\u2014 \u90a3\u4eba\u5927\u58f0\u8bf4\u3002<br \/>\n\u2014\u2014 \u6709\uff0c\u6211\u5bb6\u91cc\u6709\u3002\u2014\u2014 \u9a6c\u514b\u2022\u5410\u6e29\u91cd\u590d\u8bf4\u3002<br \/>\n\u2014\u2014 \u597d\u5427\uff0c\u5c31\u628a\u90a3\u672c\u4e66\u5bc4\u7ed9\u6211\u5427\u3002\u6211\u5012\u8981\u770b\u4e00\u770b\u3002<br \/>\n\u2014\u2014 \u597d\uff0c\u2014\u2014 \u9a6c\u514b \u2022 \u5410\u6e29\u8bf4\uff0c\u2014\u2014 \u8bf7\u628a\u4f60\u7684\u5730\u5740\u7ed9\u6211\u3002\u6211\u5c06\u628a\u90a3\u672c\u4e66\u5bc4\u7ed9\u4f60\u3002<br \/>\n\u4e24\u5929\u540e\u90a3\u4e2a\u4eba\u6536\u5230\u4ed6\u4e00\u4e2a\u90ae\u5305\uff0c\u90ae\u5305\u91cc\u5305\u7684\u662f\u4e00\u90e8\u5927\u8bcd\u5178\u3002<br \/>\n&nbsp;<br \/>\n2<br \/>\n\u5f7c\u5f97\u4e00\u751f\u4e2d\u7b2c\u4e00\u6b21\u4e58\u706b\u8f66\u65c5\u884c\u3002<br \/>\n\u706b\u8f66\u5728\u96a7\u9053\u4e2d\u884c\u9a76\u3002\u96a7\u9053\u5f88\u957f\uff0c\u8fd9\u671f\u95f4\u4ed6\u6ca1\u6709\u8bf4\u8bdd\u3002\u5217\u8f66\u4ece\u96a7\u9053\u5f00\u51fa\u65f6\uff0c\u4ed6\u95ee\u6bcd\u4eb2\uff1a<br \/>\n\u2014\u2014 \u544a\u8bc9\u6211\uff0c\u5988\u5988\uff0c\u662f\u4e0d\u662f\u5df2\u7ecf\u5230\u4e86\u660e\u5929\uff1f<br \/>\n&nbsp;<\/p>\n<h5>\u7ec3\u4e60\u53c2\u8003\u7b54\u6848<\/h5>\n<p>&nbsp;<\/p>\n<ol>\n<li>\u5c06\u4e0b\u5217\u5404\u8bcd\u8bd1\u6210\u4e16\u754c\u8bed\uff1a\uff08\u7565\uff09<\/li>\n<\/ol>\n<p>&nbsp;<\/p>\n<ol>\n<li>\u5c06\u4e0b\u5217\u53e5\u5b50\u8bd1\u6210\u4e16\u754c\u8bed\uff1a<\/li>\n<li>\u6211\u8d70\u8fdb\u623f\u95f4\u65f6\u4ed6\u6b63\u5728\u5199\u4e00\u5c01\u957f\u4fe1\u3002<\/li>\n<li>\u6211\u54e5\u54e5\u6765\u7684\u65f6\u5019\uff0c\u4f60\u5df2\u7ecf\u5403\u8fc7\u5348\u996d\u4e86\u5417\uff1f<\/li>\n<li>\u6211\u5df2\u7ecf\u901a\u8bfb\u4e86\u8fd9\u672c\u4e66\uff0c\u56e0\u6b64\u5b83\u7684\u5168\u90e8\u5185\u5bb9\u6211\u90fd\u77e5\u9053\u3002<\/li>\n<li>\u6211\u6628\u5929\u65e9\u6668\u5230\u6211\u59d0\u59d0\u90a3\u513f\u7684\u65f6\u5019\uff0c\u5979\u6b63\u8981\u51fa\u53bb\u3002<\/li>\n<li>\u505a\u5b8c\u5de5\u4f5c\u540e\u6211\u6b63\u8981\u5230\u6211\u670b\u53cb\u90a3\u91cc\u53bb\uff0c\u4f46\u4ed6\u6253\u7535\u8bdd\u544a\u8bc9\u6211\u8bf4\u4ed6\u8981\u5230\u6211\u8fd9\u91cc\u6765\u3002<\/li>\n<li>\u4f60\u660e\u5929\u80fd\u5b8c\u6210\u8fd9\u9879\u4f5c\u4e1a\u5417\uff1f\u2014\u2014\u4e0d\u80fd\uff0c\u8001\u5e08\uff0c\u6211\u660e\u5929\u5b8c\u4e0d\u6210\u8fd9\u9879\u4f5c\u4e1a\uff0c\u56e0\u4e3a\u5b83\u5f88\u96be\u3002<\/li>\n<li>\u4ed6\u5df2\u7ecf\u6210\u5e74\u4e86\uff0c\u4f46\u4ed6\u8fd8\u662f\u8fd9\u4e48\u5929\u771f\u3002<\/li>\n<li>\u8981\u662f\u6211\u4eec\u5df2\u7ecf\u7ed3\u5a5a\uff0c\u6211\u4eec\u73b0\u5728\u5c31\u4f1a\u8fc7\u7740\u5e78\u798f\u7684\u751f\u6d3b\u4e86\u3002<\/li>\n<li>\u6211\u60f3\uff0c\u5047\u5982\u4f60\u5728\u90a3\u6bb5\u65f6\u95f4\u91cc\u6ca1\u6709\u6765\u59a8\u788d\u6211\uff0c\u6211\u662f\u53ef\u4ee5\u628a\u4e00\u5207\u505a\u5b8c\u7684\u3002<\/li>\n<li>\u4f60\u6628\u5929\u665a\u4e0a\u4e3a\u4ec0\u4e48\u4e0d\u5230\u6211\u8fd9\u91cc\u6765\uff1f\u2014\u2014\u56e0\u4e3a\u4e00\u76f4\u5de5\u4f5c\u52308\u70b9\u949f\uff0c\u6211\u592a\u75b2\u52b3\u4e86\uff0c\u51b5\u4e14\uff08\u5373\u4f7f\u60f3\u53bb\uff09\u6211\u4e5f\u6ca1\u6709\u65f6\u95f4\u5230\u4f60\u90a3\u513f\u53bb\u3002<\/li>\n<li>\u8fd9\u672c\u4e66\u662f\u4ed6\u8d60\u9001\u7ed9\u7ea6\u7ff0\u7684\u3002<\/li>\n<li>\u8fd9\u68f5\u6811\u88ab\u4ed6\u753b\u5927\u4e86\u3002<\/li>\n<li>\u5982\u679c\u4e0d\u4f5c\u58f0\uff0c\u5373\u4f7f\u50bb\u5b50\u4e5f\u4f1a\u88ab\u5f53\u6210\u806a\u660e\u4eba\u3002<\/li>\n<li>\u5b66\u5230\u624b\u7684\u4e1c\u897f\u662f\u4e0d\u4f1a\u4e22\u5931\u7684\u3002\uff08\u8c1a\u8bed\uff09<\/li>\n<li>\u8bf7\u653e\u5fc3\uff0c\u6211\u7684\u5168\u90e8\u6b20\u503a\u4e0d\u4e45\u5c31\u4f1a\u507f\u8fd8\u7ed9\u4f60\u3002<\/li>\n<li>\u6211\u901a\u77e5\u4f60\uff1a\u4ece\u73b0\u5728\u8d77\u6211\u5f1f\u5f1f\u7684\u503a\u52a1\u5c06\u7531\u6211\u6765\u507f\u8fd8\u3002<\/li>\n<li>\u5728\u4f60\u623f\u5b50\u6b63\u5728\u5efa\u9020\u7684\u65f6\u5019\uff0c\u6211\u7684\u623f\u5b50\u65e9\u5df2\u5efa\u597d\u3002<\/li>\n<li>\u8981\u662f\u6211\u7684\u7b14\u4e3a\u4e0d\u88ab\u4f60\u8fd9\u4e48\u5de7\u5999\u5730\u85cf\u8d77\u6765\uff0c\u6211\u73b0\u5728\u5c31\u4e0d\u4f1a\u8fd9\u4e48\u957f\u65f6\u95f4\u5730\u5bfb\u627e\u5b83\u3002<\/li>\n<li>\u5b83\u662f\u4e00\u6240\u65b0\u5efa\u6210\u7684\u623f\u5c4b\u5417\uff1f\u2014\u2014\u4e0d\uff0c\u6211\u8ba4\u4e3a\u5b83\u5df2\u5efa\u6210\u591a\u5e74\u4e86\u3002<\/li>\n<li>\u4f60\u7684\u7cd5\u70b9\u5df2\u7ecf\u5168\u90e8\u5403\u6389\u4e86\u5417\uff1f\u2014\u2014\u662f\u7684\uff0c\u5b69\u5b50\u4eec\u5df2\u628a\u5b83\u5168\u5403\u4e86\u3002<\/li>\n<\/ol>\n<p>&nbsp;<br \/>\nIII. \u5728\u4e0d\u6539\u53d8\u53e5\u610f\u7684\u524d\u63d0\u4e0b\u5c06\u4e0b\u5217\u590d\u6742\u65f6\u6001\u7684\u53e5\u5b50\u6539\u4e3a\u7b80\u5355\u65f6\u6001\u7684\u53e5\u5b50\uff1a<\/p>\n<ol>\n<li>Mi nun legas la leteron.<\/li>\n<li>Mi jam legis la leteron.<\/li>\n<li>Mi intencas legi la leteron.<\/li>\n<li>Kiam li venos al mi, mi jam anta\u016de legos la libron. (a\u016d: Anta\u016d ol li venos al mi, mi legos la libron. a\u016d: Li venos al mi, post kiam mi legos la libron.)<\/li>\n<li>Mi skribis al li la leteron tiam, kiam li alvenis. (a\u016d: Mi \u011duste skribis al li la leteron, kiam li alvenis.)<\/li>\n<li>Kiam vi vidis min en la salono, li jam anta\u016de rakontis al mi la historion. (a\u016d: Anta\u016d ol vi vidis min en la salono, li rakontis al mi la historion. a\u016d: Vi vidis min en la salono, post kiam li rakontis al mi la historion.)<\/li>\n<li>Li jam falis, kiam mi alkuris. (a\u016d: Li falis, anta\u016d ol mi alkuris. a\u016d: Post kiam li falis, mi alkuris.)<\/li>\n<li>La suno balda\u016d subiros.<\/li>\n<li>Kiam li jam anta\u016de skribos la leteron, mi revenos. (a\u016d: Post kiam li skribos la leteron, mi revenos. a\u016d: Li skribos la leteron, anta\u016d ol mi revenos.)<\/li>\n<\/ol>\n<p>&nbsp;<\/p>\n<ol>\n<li>\u5c06\u4e0b\u5217\u53e5\u5b50\u8bd1\u6210\u6c49\u8bed\uff1a<\/li>\n<li>\u8fd9\u4f4d\u5973\u88c1\u7f1d\u5c06\u7ed9\u6211\u8868\u59d0\u505a\u4e00\u4ef6\u8863\u670d\u3002<\/li>\n<li>\u6211\u7684\u6765\u8bbf\u4f7f\u4ed6\u611f\u5230\u6109\u5feb\u3002<\/li>\n<li>\u96be\u9053\u739b\u4e3d\u5a05\u4e0d\u613f\u505a\u4e00\u4ef6\u4f7f\u5979\u5ac2\u5b50\uff08\u6216\u5f1f\u5ab3\u3001\u59d1\u5b50\uff09\u611f\u5230\u6109\u5feb\u7684\u4e8b\u5417\uff1f<\/li>\n<li>\u592a\u9633\u628a\u4ed6\u4eec\u6652\u5f97\u9edd\u9ed1\u3002\uff08\u76f4\u8bd1\uff1a\u592a\u9633\u4f7f\u4ed6\u4eec\u6210\u4e86\u9ed1\u4eba\u3002\uff09<\/li>\n<li>\u94c1\u8def\u3001\u98de\u673a\u548c\u65e0\u7ebf\u7535\u4f7f\u5730\u7403\u7f29\u5c0f\u4e86\uff0c\u4ec5\u6709\u7236\u6bcd\u8bed\u5df2\u4e0d\u518d\u9002\u5e94\u4eba\u4e0e\u4eba\u3001\u6c11\u65cf\u4e0e\u6c11\u65cf\u4e4b\u95f4\u7684\u76f8\u4e92\u4ea4\u5f80\u4e86\u3002<\/li>\n<li>\u516d\u5341\u79d2\u4e3a\u4e00\u5206\u949f\uff0c\u4e00\u5206\u949f\u5305\u542b\u516d\u5341\u79d2\u3002<\/li>\n<li>\u706f\u5149\u628a\u9ed1\u677f\u4e0a\u7684\u5b57\u7167\u5f97\u6e05\u6670\u53ef\u89c1\u3002<\/li>\n<li>\u4e24\u4e2a\u4eba\u7684\u80fd\u529b\u6bd4\u4e00\u4e2a\u4eba\u7684\u80fd\u529b\u5927\u3002\uff08\u76f4\u8bd1\u4e3a\uff1a\u4e24\u4e2a\u4eba\u80fd\u591f\u505a\u7684\u4e8b\u6bd4\u4e00\u4e2a\u4eba\u80fd\u591f\u505a\u7684\u4e8b\u591a\u3002\uff09<\/li>\n<li>\u4eba\u7528\u81ea\u5df1\u7684\u5341\u4e2a\u6307\u5934\u53ef\u4ee5\u505a\u4efb\u4f55\u4e8b\u3002<\/li>\n<li>\u4e09\u5341\u52a0\u56db\u5341\u4e94\u7b49\u4e8e\u4e03\u5341\u4e94\u3002<\/li>\n<li>\u4e00\u767e\u5e74\u4e3a\u4e00\u4e16\u7eaa\u3002<\/li>\n<li>\u4e24\u53ea\u9774\u5b50\u5408\u6210\u4e00\u53cc\u9774\u5b50\u3002<\/li>\n<li>\u6279\u8bc4\u5bb9\u6613\u5b9e\u5e72\u96be\u3002\uff08\u8c1a\u8bed\uff09<\/li>\n<li>\u4e0d\u5e72\u603b\u6bd4\u5e72\u9519\u4e86\u597d\u3002\uff08\u8c1a\u8bed\uff09<\/li>\n<li>\u8bf4\u4e0e\u505a\u9694\u7740\u5927\u6d77\u3002\uff08\u8c1a\u8bed\uff09<\/li>\n<li>\u4e8b\u60c5\u505a\u5f97\u6f02\u4eae\u4f1a\u4f7f\u505a\u4e8b\u60c5\u7684\u4eba\u53d7\u5230\u79f0\u8d5e\u3002\uff08\u8c1a\u8bed\uff09<\/li>\n<li>\u6c34\u6ef4\u6c47\u6210\u5927\u6d77\u3002\uff08\u8c1a\u8bed\uff09<\/li>\n<li>\u6559\u7687\u7684\u4f84\u5b50\u5bb9\u6613\u5f53\u4e0a\u7ea2\u8863\u4e3b\u6559\u3002\uff08\u8c1a\u8bed\uff09<\/li>\n<li>\u624b\u4e0d\u7d2f\uff0c\u9762\u5305\u505a\u4e0d\u6210\u3002\uff08\u8c1a\u8bed\uff09<\/li>\n<li>\u56fd\u738b\u53eb\u4eba\u7ed9\u4ed6\u505a\u4e86\u4e00\u9876\u91d1\u738b\u51a0\u3002\uff08farigi\u7684\u610f\u601d\u662f\u201c\u4f7f\uff08\u522b\u4eba\uff09\u505a\u201d\uff09<\/li>\n<\/ol>\n<p>&nbsp;<\/p>\n<ol>\n<li>\u5c06\u4e0b\u5217\u53e5\u5b50\u8bd1\u6210\u6c49\u8bed\uff0c\u6ce8\u610f\u53e5\u4e2d\u4ecb\u8bcd\u7684\u7528\u6cd5\uff1a<\/li>\n<\/ol>\n<p>AL<\/p>\n<ol>\n<li>\u4ed6\u52a0\u5165\u4e86\u4e16\u754c\u8bed\u5c0f\u7ec4\u3002<\/li>\n<li>\u4ed6\u665a\u5e74\u732e\u8eab\u4e8e\u6211\u4eec\u7684\u4e8b\u4e1a\u3002<\/li>\n<li>\u4ed6\u543b\u5979\u7684\u8138\u86cb\u513f\u3002<\/li>\n<li>\u5973\u4e3b\u4eba\u5bf9\u6240\u6709\u4eba\u90fd\u5f88\u4eb2\u5207\u3002<\/li>\n<li>\u4f8d\u8005\u7ed9\u5979\u5f00\u95e8\u3002<\/li>\n<li>\u4ed6\u4e0d\u65f6\u5730\u770b\u949f\u3002<\/li>\n<li>\u522b\u6559\u9c7c\u513f\u6e38\u6cf3\u3002\uff08\u8c1a\u8bed\u3002\u610f\u601d\u548c\u201c\u4e0d\u8981\u73ed\u95e8\u5f04\u65a7\u201d\u8fd1\u4f3c\u3002\uff09<\/li>\n<li>\u6211\u6839\u672c\u6ca1\u6709\u60f3\u5230\u8fd9\u4e00\u70b9\uff08\u6216\u8fd9\u4ef6\u4e8b\uff09\u3002<\/li>\n<li>\u4ed6\u548c\u6211\u63e1\u624b\u3002<\/li>\n<li>\u4f60\u600e\u4e48\u5566\uff1f\uff08\u76f4\u8bd1\u4e3a\uff1a\u4f60\u53d1\u751f\u4e86\u4ec0\u4e48\u4e8b\uff1f\uff09<\/li>\n<li>\u5b6a\u751f\u5144\u5f1f\u5f7c\u6b64\u957f\u5f97\u76f8\u4f3c\u3002<\/li>\n<li>\u591a\u4e8f\u4f60\u7684\u52aa\u529b\uff0c\u6211\u4eec\u6210\u529f\u4e86\u3002<\/li>\n<li>\u4ed6\u610f\u8bc6\u5230\u4ed6\u7231\u4e0a\u4e86\u739b\u4e3d\u5a05\u3002\uff08\u76f4\u8bd1\u4e3a\uff1a\u4ed6\u610f\u8bc6\u5230\u5bf9\u739b\u4e3d\u5a05\u7684\u7231\u3002\uff09<\/li>\n<li>\u8fd9\u662f\u4e00\u5c01\u7ed9\u4f60\u7684\u4fe1\u3002<\/li>\n<\/ol>\n<p>ANSTATA\u016c<\/p>\n<ol>\n<li>\u4ed6\u6ca1\u6709\u7ed9\u6211\u5012\uff08\u6216\uff1a\u7aef\u6765\uff09\u5496\u5561\u800c\u7ed9\u6211\u5012\uff08\u6216\uff1a\u7aef\u6765\uff09\u8336\u3002<\/li>\n<li>\u4f60\u6ca1\u6709\u6253\u4fdd\u7f57\u800c\u6253\u8def\u6613\u3002<\/li>\n<li>\u5b66\u4e60\u591a\u79cd\u8bed\u8a00\u662f\u4ee5\u5355\u8bcd\u800c\u4e0d\u662f\u4ee5\u4e8b\u5b9e\u5145\u585e\u4eba\u4eec\u7684\u8bb0\u5fc6\u7684\u3002<\/li>\n<li>\u4ec0\u4e48\u4e5f\u4ee3\u66ff\u4e0d\u4e86\u5065\u5eb7\u3002<\/li>\n<li>\u4ed6\u5c06\u4ee3\u66ff\u6211\uff0c\u800c\u4eba\u4eec\u5c06\u4f1a\u4ee5\u4f60\u7684\u5144\u5f1f\u66ff\u6362\u4ed6\u3002<\/li>\n<\/ol>\n<p>ANTA\u016c<\/p>\n<ol>\n<li>\u6211\u5728\u4f60\u9762\u524d\u5c31\u8fde\u6700\u5c0f\u7684\u79d8\u5bc6\u4e5f\u4ece\u6765\u6ca1\u6709\u9690\u7792\u8fc7\u3002<\/li>\n<li>\u4eba\u4eec\u9996\u5148\u5e94\u8be5\u5b8c\u6210\u81ea\u5df1\u7684\u4efb\u52a1\u3002<\/li>\n<li>\u4e16\u754c\u8bed\u4f18\u4e8e\u4f0f\u4f4d\u666e\u514b\u8bed\uff08\u4e00\u79cd\u65e9\u5df2\u6d88\u4ea1\u7684\u4eba\u9020\u56fd\u9645\u8bed\uff09\u662f\u4e0d\u5bb9\u7f6e\u7591\u7684\u3002<\/li>\n<li>\u83ab\u8981\u732a\u524d\u6295\u73e0\u3002\uff08\u8c1a\u8bed\uff0c\u6709\u660e\u73e0\u6697\u6295\u3001\u5bf9\u725b\u5f39\u7434\u4e4b\u610f\u3002\uff09<\/li>\n<li>\u5927\u96e8\u524d\u5e38\u5e38\u54cd\u96f7\u6253\u95ea\u3002<\/li>\n<li>\u8bf7\u5728\u5929\u9ed1\u524d\u56de\u6765\u3002<\/li>\n<li>\u6211\u4eec\u5e94\u8be5\u4e0d\u6015\u963b\u6320\uff0c\u6c38\u8fdc\u524d\u8fdb\u3002<\/li>\n<li>\u628a\u63e1\u73b0\u5728\uff0c\u9884\u89c1\u5c06\u6765\uff0c\u94ed\u8bb0\u8fc7\u53bb\u3002\uff08\u8c1a\u8bed\uff09<\/li>\n<li>\u5979\u7ad9\u5728\u95e8\u540e\u3002<\/li>\n<\/ol>\n<p>&nbsp;<br \/>\nAPUD<\/p>\n<ol>\n<li>\u9ed1\u677f\u4e0a\u65b9\u6302\u7740\u4e00\u5e45\u6211\u56fd\u7684\u5730\u56fe\uff0c\u9ed1\u677f\u7684\u65c1\u8fb9\u6302\u7740\u4e16\u754c\u5730\u56fe\u3002<\/li>\n<li>\u8bf7\u628a\u6905\u5b50\u653e\u5728\u684c\u5b50\u65c1\u8fb9\u3002<\/li>\n<li>\u5c0f\u5077\u4e0d\u5728\u81ea\u5bb6\u9644\u8fd1\u5077\u4e1c\u897f\u3002\uff08\u8c1a\u8bed\uff09<\/li>\n<li>\u9664\u4e86\u7236\u6bcd\u8bed\u4e4b\u5916\u6211\u4eec\u8fd8\u4f7f\u7528\u4e00\u79cd\u5171\u540c\u7684\u8bed\u8a00\u3002\uff08apud\u5728\u8fd9\u91cc\u8868\u793a\u201c\u5e76\u5217\u201d\u3001\u201c\u5e76\u5b58\u201d\uff09<\/li>\n<\/ol>\n<p>\u0108E<\/p>\n<ol>\n<li>\u4ed6\u4eec\u5e76\u80a9\u5750\u7740\u3002<\/li>\n<li>\u8fd9\u4e00\u5bf9\u8001\u5e74\u592b\u5987\u6b63\u5750\u7740\u5403\u665a\u996d\u3002<\/li>\n<li>\u4ed6\u4fdd\u4e0d\u4f4f\u5bc6\u3002<\/li>\n<li>\u6211\u4e0d\u4f4f\u5728\u6211\u54e5\u54e5\u5bb6\u91cc\uff0c\u6211\u5355\u72ec\u5c45\u4f4f\uff0c\u4f46\u6211\u7684\u4f4f\u5904\u5c31\u5728\u4ed6\u7684\u4f4f\u5904\u65c1\u8fb9\u3002<\/li>\n<li>\u6211\u4e0a\u6b21\u662f\u5728\u4f60\u5bb6\u91cc\u770b\u89c1\u4ed6\u7684\u3002<\/li>\n<li>\u4ed6\u662f\u8fd9\u6240\u5927\u5b66\u7684\u6559\u6388\u3002<\/li>\n<li>\u8fd9\u79cd\u9519\u8bef\u5728\u521d\u5b66\u8005\u7684\u4e60\u4f5c\u4e2d\u662f\u5f88\u5e38\u89c1\u7684\u3002<\/li>\n<li>\u90a3\u91cc\u7684\u5c71\u6bd4\u6211\u4eec\u8fd9\u91cc\u7684\u5c71\u9ad8\u3002<\/li>\n<li>\u4ed6\u5e38\u5e38\u4e3a\u4e00\u4ef6\u6781\u5c0f\u7684\u4e8b\u800c\u751f\u6c14\u3002<\/li>\n<li>\u5217\u8f66\u5c06\u5728\u90a3\u4e2a\u8f66\u7ad9\u505c\u5341\u5206\u949f\u3002<\/li>\n<li>\u6211\u660e\u5929\u8981\u5230\u6211\u53d4\u53d4\u5bb6\u53bb\u3002<\/li>\n<li>\u4ed6\u5f00\u7740\u7a97\u5b50\u7761\u89c9\u3002<\/li>\n<li>\u4e3b\u4eba\u5728\u573a\u4ed6\u4e0d\u6562\u8bb2\u8bdd\u3002<\/li>\n<li>\u8981\u59cb\u7ec8\u628a\u4e16\u754c\u8bed\u8bcd\u5178\u5e26\u5728\u624b\u8fb9\u3002<\/li>\n<li>\u4ed6\u5728\u9e21\u53eb\u65f6\u6d88\u5931\u3002<\/li>\n<li>\u6211\u5728\u4e2d\u5348\u9047\u89c1\u4e86\u4ed6\u3002<\/li>\n<\/ol>\n<p>&nbsp;<\/p>\n<ol>\n<li>\u8bf4\u51fa\u4e0b\u5217\u6d3e\u751f\u8bcd\u7684\u610f\u601d\uff1a\uff08\u7565\uff09<\/li>\n<\/ol>\n<p>&nbsp;<br \/>\nVII. \u7ed9\u4e0b\u5217\u4e24\u7bc7\u77ed\u6587\u52a0\u4e0a\u6807\u70b9\u5e76\u5728\u5fc5\u8981\u7684\u5730\u65b9\u5c06\u5c0f\u5199\u5b57\u6bcd\u6539\u4e3a\u5927\u5199\u5b57\u6bcd\uff1a<br \/>\n1<br \/>\nDum religia leciono la instruisto klarigis, ke Dio estas \u0109ie \u0109eestanta, kaj ke li \u0109ion scias. \u201cTio ne estas vera, sinjoro instruisto,\u201d interrompis lin la eta Jo\u0109jo, \u201c\u0108ar ne vidante Adamon kaj Evan, kiuj \u015dtelis kaj man\u011dis la malpermesitan frukton kaj ka\u015di\u011dis, li demandis: \u2018Adamo, kie vi estas?\u201d<br \/>\n2<br \/>\nGrabowski konati\u011dis kun juna virino. Li ofte deklamis en Esperanto ion al \u015di \u0109e la orelo.<br \/>\nIun vesperon la mastrino diris al li:<br \/>\n\u201cSinjoro, bonvolu deklami ian versa\u0135on en via fama lingvo Esperanto. Vi \u0109iam parolas pri \u011di, sed neniam per \u011di.\u201d<br \/>\nGrabowski deklamis. Kiam li finis, iu \u0109eestanto diris:<br \/>\n\u201cSed \u011di estas ja terure malbelsona!\u201d<br \/>\n\u201cMi petas pardonon, sinjoro. La kulpo trovi\u011das ne en Esperanto, sed en mi, \u0109ar mi deklamis itale poemon de fama itala poeto.\u201d<br \/>\n\u8fd4\u56de<a href=\"https:\/\/reto.cn\/php\/hanyu\/wangchongfang_mezgrada_kurso\/helpilo\/\">\u300a\u738b\u5d07\u82b3\u4e16\u754c\u8bed\u5b9e\u7528\u4e2d\u7ea7\u8bfe\u672c\u300b\u5b66\u4e60\u8f85\u5bfc\u76ee\u5f55<\/a>\t\t<\/p>\n","protected":false},"excerpt":{"rendered":"<p>\u7b2c\u5341\u4e94\u8bfe \u7b2c\u5341\u4e94\u8bfe\u8bfe\u6587\u53c2\u8003\u8bd1\u6587 &nbsp; A \u4f4f\u5b85 \u4eba\u4eec\u4e3a\u8eb2\u907f\u6076\u52a3\u5929\u6c14\u800c\u5c45\u4f4f\u7684\u573a\u6240\u5c31\u662f\u4f4f\u5b85\u3002\u56fd\u5bb6\u4e0d\u540c\uff0c\u6587\u660e\u2026 <span class=\"read-more\"><a href=\"https:\/\/reto.cn\/php\/hanyu\/wangchongfang_mezgrada_kurso\/helpilo\/kurso_15\/\">\u7ee7\u7eed\u9605\u8bfb Legi pli &raquo;<\/a><\/span><\/p>\n","protected":false},"author":1,"featured_media":0,"parent":5162,"menu_order":25,"comment_status":"closed","ping_status":"closed","template":"","meta":{"footnotes":""},"_links":{"self":[{"href":"https:\/\/reto.cn\/php\/hanyu\/wp-json\/wp\/v2\/pages\/5280"}],"collection":[{"href":"https:\/\/reto.cn\/php\/hanyu\/wp-json\/wp\/v2\/pages"}],"about":[{"href":"https:\/\/reto.cn\/php\/hanyu\/wp-json\/wp\/v2\/types\/page"}],"author":[{"embeddable":true,"href":"https:\/\/reto.cn\/php\/hanyu\/wp-json\/wp\/v2\/users\/1"}],"replies":[{"embeddable":true,"href":"https:\/\/reto.cn\/php\/hanyu\/wp-json\/wp\/v2\/comments?post=5280"}],"version-history":[{"count":0,"href":"https:\/\/reto.cn\/php\/hanyu\/wp-json\/wp\/v2\/pages\/5280\/revisions"}],"up":[{"embeddable":true,"href":"https:\/\/reto.cn\/php\/hanyu\/wp-json\/wp\/v2\/pages\/5162"}],"wp:attachment":[{"href":"https:\/\/reto.cn\/php\/hanyu\/wp-json\/wp\/v2\/media?parent=5280"}],"curies":[{"name":"wp","href":"https:\/\/api.w.org\/{rel}","templated":true}]}}