{"id":5604,"date":"2019-05-24T22:24:59","date_gmt":"2019-05-24T14:24:59","guid":{"rendered":"http:\/\/reto.cn\/php\/hanyu\/?page_id=5604"},"modified":"2022-02-02T13:01:22","modified_gmt":"2022-02-02T05:01:22","slug":"paso-dua","status":"publish","type":"page","link":"https:\/\/reto.cn\/php\/hanyu\/paso_al_plena_posedo\/paso-dua\/","title":{"rendered":"\u7b2c2\u8bfe Pa\u015do Dua"},"content":{"rendered":"<div class=\"page\">\n<div class=\"text\">\n<p>\u9ad8\u7ea7\u4e16\u754c\u8bed\u6559\u7a0b \u7b2c2\u8bfe<\/p>\n<h1>Pa\u015doj al plena posedo<\/h1>\n<div class=\"page\">\n<div class=\"text\">\n<h2 style=\"text-align: center;\">PA\u015cO DUA<\/h2>\n<h1>VORTARO<\/h1>\n<p><b>BINDO<\/b>: ekstera\u0135o de libro.<br \/>\n<b>\u0108IFI<\/b>: malglatigi.<br \/>\n<b>DIO<\/b>: supernatura reganta esta\u0135o.<br \/>\n<b>DIVERSA<\/b>: malsameca.<br \/>\n<b>ESENCO<\/b>: la \u0109efa, plej necesa parto de io.<br \/>\n<b>FALSA<\/b>: malvera.<br \/>\n<b>FRAPI<\/b>: bateti.<br \/>\n<b>GLATA<\/b>: priskribas ion, sur kiu mano facile glitas.<br \/>\n<b>INSTRUI<\/b>: lernigi.<br \/>\n<b>KADRO<\/b>: tio, per kiu oni \u0109irka\u016digas, ekzemple fotografa\u0135on.<br \/>\n<b>KLARA<\/b>: malkonfuza.<br \/>\n<b>KLASO<\/b>: aro de lernantoj, kiuj lernas kune.<br \/>\n<b>LITERO<\/b>: alfabeta signo.<br \/>\n<b>LUDI<\/b>: fari ion por nura plezuro.<br \/>\n<b>MATURA<\/b>: plenkreskinta, plenpova.<br \/>\n<b>ONKLO<\/b>: frato de la patro a\u016d patrino.<br \/>\n<b>PARDONI<\/b>: malsevere trakti iun.<br \/>\n<b>PLEKTI<\/b>: regule interkunigi la\u016d longe, ekzemple harojn.<br \/>\n<b>PROBLEM<\/b>: malfacila demando.<br \/>\n<b>PSALMO<\/b>: speciala religia kanto.<br \/>\n<b>RELIGIO<\/b>: kredo pri supernaturaj aferoj.<br \/>\n<b>ROBO<\/b>: longa virina vesto.<br \/>\n<b>SERIOZA<\/b>: zorge atent<span class=\"rem\">(ind)<\/span>a.<br \/>\n<b>SPEGULO<\/b>: glata, brila a\u0135o, per kiu oni povas vidi sin.<br \/>\n<b>\u015cLOSI<\/b>: fermi, ekzemple pordon, per speciala ilo.<br \/>\n<b>\u015cPARI<\/b>: atente reteni, ekzemple monon.<br \/>\n<b>TRUO<\/b>: malplena\u0135o en io.<br \/>\n<b>VIZITADI<\/b>: \u0109eesti; regule aliradi.<br \/>\n<b>ZONO<\/b>: io, kion oni metas \u0109irka\u016d la korpomezon.<\/p>\n<h1>LEGA\u0134O<\/h1>\n<h2>LA PSALMARO<\/h2>\n<p>Kiam Anna-Klara en sia sepa jaro vizitadis la unuan klason, iun tagon \u015di petis de mi psalmlibro .<\/p>\n<p>\u201cKial?\u201d mi demandis.<\/p>\n<p>\u201c\u0108ar anka\u016d Gustavo havas.\u201d<\/p>\n<p>\u201cPovas esti,\u201d mi respondis, \u201csed mi neniam a\u016ddis, ke tiel etaj knabinoj havus psalmaron.\u201d<\/p>\n<p>\u201cSed anka\u016d Gustavo havas.\u201d<\/p>\n<p>Kion fari, mi iris a\u0109eti psalmaron.<\/p>\n<p>Mi trovis multe da diversaj psalmlibroj, malgrandajn, belajn librojn kun mola bindo, orkadraj pa\u011doj kaj anka\u016d grandajn librojn kun belaj, simplaj literoj. Mi a\u0109etis, kiu estis la malplej kosta, por ke la infano bontempe lernu la \u015dparemon, precipe en tiaj seriozaj aferoj.<\/p>\n<p>Mi skribis la nomon de Anna-Kiara en la libron kaj posttagmeze transdonis \u011din al \u015di. \u015ci ege ek\u011dojis, prenis la libron kaj diris:<\/p>\n<p>\u201c\u011ci estas \u011duste tia, kia tiu de Gustavo.\u201d<\/p>\n<p>Mi eksidis kaj iomete meditadis pri la okazinta\u0135oj, kaj poste \u2014 la dioj pardonu min \u2014 mi iris al la pordo kaj enokulumis tra la \u015dlosiltruo.<\/p>\n<p>Anna-Kiara staris meze de la \u0109ambro, anta\u016d la granda spegulo. Kun la malfermita psalmaro \u015di kantis falsvo\u0109e. De tempo al tempo \u015di rigardis al la spegulo, \u0109u \u015dia zono bone ku\u015das? Kelkfoje \u015di ordigis sian harplekton, kelkfoje glatigis \u0109ifon sur la robo, kiu ne estis bonorde sur \u015dia \u015dultro.<\/p>\n<p>Subite mi surprizis sin per pordmalfermo kaj eniris:<\/p>\n<p>\u201cKara Anna-Kiara,\u201d mi diris, \u201cpsalmaro estas io multe pli serioza, ol vi imagas. Oni ne staru anta\u016d spegulo por kanti el psalmaro. La psalmolibro ne estas por ludi per \u011di. Kiam vi estos pli a\u011da, la instruist-onklino klarigos al vi, kio estas esence psalmaro.\u201d<\/p>\n<p>Anna-Kiara sidis serioza kaj silenta. \u015ci rigardis sincere al mi kaj decidvo\u0109e diris:<\/p>\n<p>\u201cMi volas diri al vi nur unu aferon : Oni ne eniras \u0109ambron anta\u016d ol frapi.\u201d<\/p>\n<p>Mi ne kredas, ke Anna-Kiara estas jam matura por religiaj problemoj.<\/p>\n<div>\n<p>Hasse Z.<br \/>\nel la sveda: A ndreo Gauder<span class=\"rem\"><br \/>\n(el &#8220;LiteraturaMondo&#8221; ) <\/span><\/p>\n<\/div>\n<h1><br clear=\"left\" \/>EKZERCOJ<\/h1>\n<p>7. Leginte la supran rakonton, respondu jenajn demandojn:<\/p>\n<div class=\"indent\">\n<p>1. Kial Anna-Kiara deziris ricevi psalmlibron?<br \/>\n2. Kiajn psalmlibrojn trovis s-ro Z., kiam Ii iris a\u0109eti?<br \/>\n3. Kiun libron Ii a\u0109etis?<br \/>\n4. Kial Ii elektis \u011duste tiun?<br \/>\n5. \u0108u Anna-Klara estis kontenta pri la libro? Kiel vi scias?<br \/>\n6. Pro kio s-ro Z. petas, ke la dioj pardonu lin?<br \/>\n7. Kion faris Anna-Klara en la \u0109ambro?<br \/>\n8. Por kiu celo s-ro Z. interrompis \u015din?<br \/>\n9. \u0108u li sukcesis pri tiu celo?<br \/>\n10. Kiel Anna-Klara sukcesis malpravigi s-ron Z.?<\/p>\n<\/div>\n<p>8. Jen estas kelkaj respondoj. Skribu la faritajn demandojn:<\/p>\n<div class=\"indent\">\n<p>1. Sepjara.<br \/>\n2. La unuan.<br \/>\n3. Gustavo.<br \/>\n4. La nomon de Anna-Klara.<br \/>\n5. Posttagmeze.<br \/>\n6. Tra la \u015dlosiltruo.<br \/>\n7. Falsvo\u0109e.<br \/>\n8. Por vidi, \u0109u \u015dia zono bone ku\u015das.<br \/>\n9. Kio estas esence psalmlibro.<br \/>\n10. Oni frapas.<\/p>\n<\/div>\n<p>9. Per la akuzativa fina\u0135o -N korekru jenajn propoziciojn, tiel ke ili havu signifon:<\/p>\n<div class=\"indent\">\n<p>1. Anna-Klara malfermis la psalmlibro.<br \/>\n2. \u015ci ekkantis per la\u016dta veto psalmo.<br \/>\n3. La unua klaso vizitadis Anna-Klara.<br \/>\n4. Psalmlibro havis anka\u016d Gustavo.<br \/>\n5. Posedis psalmlibroj Gustavo kaj Anna-Klara.<br \/>\n6. \u0108io pri la afero klarigos la instruistino.<br \/>\n7. Multaj aferoj la knabino sciis, kaj multaj ne sciis.<br \/>\n8. Pri la problemo ekzistas diversaj solvoj, kiuj oni devas pripensi.<br \/>\n9. Aferoj interesaj kaj strangaj oni trovas se oni legas tiu libro.<br \/>\n10. Komprenas la problemo nek li nek mi.<\/p>\n<\/div>\n<p>10. \u0108iu el la subaj propozicioj povas alpreni po du signifojn, depende de la akuzativo. Uzante la fina\u0135on -N, skribu amba\u016d signifojn de \u0109iu:<\/p>\n<div class=\"indent\">\n<p>1. La instruisto alparolis la lemanto.<br \/>\n2. Vizitis la onklo la modesta knabino.<br \/>\n3. Li multfoje pardonis la frato, sed li neniam pliboni\u011dis.<br \/>\n4. La iama amiko li ne rigardis.<br \/>\n5. Kaptis ni la timata malamiko.<\/p>\n<\/div>\n<p>11. La suba propozicio povas alpreni e\u0109 kvar diversajn signifojn, depende de la akuzativo. Uzante-N, skribu la kvar propoziciojn:<\/p>\n<div class=\"indent\">\n<p>Rigardis vagulo malsata hundo.<\/p>\n<\/div>\n<p>12. Sube estas dek substantivoj. Adjektivigu ilin, kaj uzu \u0109iun korekte en propozicio:<\/p>\n<div class=\"indent\">\n<p>TRUO DIO ESENCO ROBO PROBLEMO LUDO KLASO ONKLO SPEGULO FERIO<\/p>\n<p><span class=\"rem\">(Ekzemple: METROPOLO &gt; metropola = La metropola bruego unue timigis lin.)<\/span>.<\/p>\n<\/div>\n<p>13. MI ENOKULUMIS TRA LA \u015cLOSILTRUO. Uzu korekte jenajn vortojn kun -UM:<\/p>\n<div class=\"indent\">\n<p>PROKSIMUME SA\u011cUMI AKVUMI ORUMO MONDUMO MONDUMECA PLENUMI AMINDUMI.<\/p>\n<\/div>\n<p>14. Skribu konversacion, kiu povis okazi inter s-ro Z. kaj la librovendisto, kiam Z. iris por a\u0109eti al Anna-Klara psalmlibron.<\/p>\n<p>Enhavo <a href=\"https:\/\/reto.cn\/php\/hanyu\/paso_al_plena_posedo\/antauklarigo\">Anta\u016dklarigo<\/a> <a href=\"https:\/\/reto.cn\/php\/hanyu\/paso_al_plena_posedo\/paso-unua\">01<\/a> 02 <a href=\"https:\/\/reto.cn\/php\/hanyu\/paso_al_plena_posedo\/paso-tria\">03<\/a> <a href=\"https:\/\/reto.cn\/php\/hanyu\/paso_al_plena_posedo\/paso-kvara\">04<\/a> <a href=\"https:\/\/reto.cn\/php\/hanyu\/paso_al_plena_posedo\/paso-kvina\">05<\/a> <a href=\"https:\/\/reto.cn\/php\/hanyu\/paso_al_plena_posedo\/paso-sesa\">06<\/a> <a href=\"https:\/\/reto.cn\/php\/hanyu\/paso_al_plena_posedo\/paso-sepa\">07<\/a> <a href=\"https:\/\/reto.cn\/php\/hanyu\/paso_al_plena_posedo\/paso-oka\">08<\/a> <a href=\"https:\/\/reto.cn\/php\/hanyu\/paso_al_plena_posedo\/paso-naua\">09<\/a> <a href=\"https:\/\/reto.cn\/php\/hanyu\/paso_al_plena_posedo\/paso-deka\">10<\/a> <a href=\"https:\/\/reto.cn\/php\/hanyu\/paso_al_plena_posedo\/paso-dekunua\">11<\/a> <a href=\"https:\/\/reto.cn\/php\/hanyu\/paso_al_plena_posedo\/paso-dekdua\">12<\/a> <a href=\"https:\/\/reto.cn\/php\/hanyu\/paso_al_plena_posedo\/paso-dektria\">13<\/a> <a href=\"https:\/\/reto.cn\/php\/hanyu\/paso_al_plena_posedo\/paso-dekkvara\">14<\/a> <a href=\"https:\/\/reto.cn\/php\/hanyu\/paso_al_plena_posedo\/paso-dekkvina\">15<\/a> <a href=\"https:\/\/reto.cn\/php\/hanyu\/paso_al_plena_posedo\/paso-deksesa\">16<\/a> <a href=\"https:\/\/reto.cn\/php\/hanyu\/paso_al_plena_posedo\/paso-deksepa\">17<\/a> <a href=\"https:\/\/reto.cn\/php\/hanyu\/paso_al_plena_posedo\/paso-dekoka\">18<\/a> <a href=\"https:\/\/reto.cn\/php\/hanyu\/paso_al_plena_posedo\/paso-deknaua\">19<\/a> <a href=\"https:\/\/reto.cn\/php\/hanyu\/paso_al_plena_posedo\/paso-dudeka\">20<\/a> <a href=\"https:\/\/reto.cn\/php\/hanyu\/paso_al_plena_posedo\/paso-dudukunua\">21<\/a> <a href=\"https:\/\/reto.cn\/php\/hanyu\/paso_al_plena_posedo\/paso-dudekdua\">22<\/a> <a href=\"https:\/\/reto.cn\/php\/hanyu\/paso_al_plena_posedo\/paso-dudektria\">23<\/a> <a href=\"https:\/\/reto.cn\/php\/hanyu\/paso_al_plena_posedo\/paso-dudekkvara\">24<\/a> <a href=\"https:\/\/reto.cn\/php\/hanyu\/paso_al_plena_posedo\/paso-dudekkvina\">25<\/a> <a href=\"https:\/\/reto.cn\/php\/hanyu\/paso_al_plena_posedo\/paso-dudeksesa\">26<\/a> <a href=\"https:\/\/reto.cn\/php\/hanyu\/paso_al_plena_posedo\/paso-dudeksepa\">27<\/a> <a href=\"https:\/\/reto.cn\/php\/hanyu\/paso_al_plena_posedo\/paso-dudekoka\">28<\/a> <a href=\"https:\/\/reto.cn\/php\/hanyu\/paso_al_plena_posedo\/paso-dudeknaua\">29<\/a> <a href=\"https:\/\/reto.cn\/php\/hanyu\/paso_al_plena_posedo\/paso-trideka\">30<\/a>\u00a0\u00a0<a href=\"https:\/\/reto.cn\/php\/hanyu\/paso_al_plena_posedo\/solvoj\">SOLVOJ<\/a> <a href=\"https:\/\/reto.cn\/php\/hanyu\/paso_al_plena_posedo\/por-pasi-pluen\/\">POR PA\u015cI PLUEN<\/a><\/p>\n<\/div>\n<\/div>\n<\/div>\n<\/div>\n","protected":false},"excerpt":{"rendered":"<p>\u9ad8\u7ea7\u4e16\u754c\u8bed\u6559\u7a0b \u7b2c2\u8bfe Pa\u015doj al plena posedo PA\u015cO DUA VORTARO BIND\u2026 <span class=\"read-more\"><a href=\"https:\/\/reto.cn\/php\/hanyu\/paso_al_plena_posedo\/paso-dua\/\">\u7ee7\u7eed\u9605\u8bfb Legi pli &raquo;<\/a><\/span><\/p>\n","protected":false},"author":1,"featured_media":0,"parent":240,"menu_order":2,"comment_status":"open","ping_status":"closed","template":"","meta":{"footnotes":""},"_links":{"self":[{"href":"https:\/\/reto.cn\/php\/hanyu\/wp-json\/wp\/v2\/pages\/5604"}],"collection":[{"href":"https:\/\/reto.cn\/php\/hanyu\/wp-json\/wp\/v2\/pages"}],"about":[{"href":"https:\/\/reto.cn\/php\/hanyu\/wp-json\/wp\/v2\/types\/page"}],"author":[{"embeddable":true,"href":"https:\/\/reto.cn\/php\/hanyu\/wp-json\/wp\/v2\/users\/1"}],"replies":[{"embeddable":true,"href":"https:\/\/reto.cn\/php\/hanyu\/wp-json\/wp\/v2\/comments?post=5604"}],"version-history":[{"count":0,"href":"https:\/\/reto.cn\/php\/hanyu\/wp-json\/wp\/v2\/pages\/5604\/revisions"}],"up":[{"embeddable":true,"href":"https:\/\/reto.cn\/php\/hanyu\/wp-json\/wp\/v2\/pages\/240"}],"wp:attachment":[{"href":"https:\/\/reto.cn\/php\/hanyu\/wp-json\/wp\/v2\/media?parent=5604"}],"curies":[{"name":"wp","href":"https:\/\/api.w.org\/{rel}","templated":true}]}}