{"id":5642,"date":"2019-05-25T19:26:05","date_gmt":"2019-05-25T11:26:05","guid":{"rendered":"http:\/\/reto.cn\/php\/hanyu\/?page_id=5642"},"modified":"2022-02-02T13:03:06","modified_gmt":"2022-02-02T05:03:06","slug":"paso-tria","status":"publish","type":"page","link":"https:\/\/reto.cn\/php\/hanyu\/paso_al_plena_posedo\/paso-tria\/","title":{"rendered":"\u7b2c3\u8bfe Pa\u015do Tria"},"content":{"rendered":"<p>\u9ad8\u7ea7\u4e16\u754c\u8bed\u6559\u7a0b \u7b2c3\u8bfe<\/p>\n<h1>Pa\u015doj al plena posedo<\/h1>\n<div class=\"page\">\n<div class=\"text\">\n<h2 style=\"text-align: center;\">PA\u015cO TRIA<\/h2>\n<h1>VORTARO<\/h1>\n<p><b>AMASO<\/b>: multnombra aro.<br \/>\n<b>APARATO<\/b>: ilaro por plenumi ion.<br \/>\n<b>APARTENI<\/b>: esti ies poseda\u0135o.<br \/>\n<b>AVERTI<\/b>: anta\u016dsciigi kaj atentigi.<br \/>\n<b>BARAKTI<\/b>: forte movi sin por liberigi de io.<br \/>\n<b>BASTONO<\/b>: longa, maldika peco de ligno.<br \/>\n<b>BLOVI<\/b>: ekmovi la aeron.<br \/>\n<b>BOLI<\/b>: varmigi je 100 gradoj centigradaj; forte malkvietigi.<br \/>\n<b>BORDO<\/b>: apudakva tero.<br \/>\n<b>BORI<\/b>: fari truon en io.<br \/>\n<b>DEKLIVO<\/b>: klinita supra\u0135o.<br \/>\n<b>DIREKTO<\/b>: la \u011dusta vojo de unu loko al alia.<br \/>\n<b>DISTANCO<\/b>: longeco inter du lokoj.<br \/>\n<b>DRIVI<\/b>: sekvi la iron de la akvo.<br \/>\n<b>ELEMENTO<\/b>: unu el la fundamentaj eroj de tuta\u0135o.<br \/>\n<b>FENESTRO<\/b>: truo, kiun oni povas trarigardi, en muro de konstrua\u0135o.<br \/>\n<b>FIKSI<\/b>: senmovigi ion.<br \/>\n<b>FERDEKO<\/b>: supra promenejo de \u015dipo.<br \/>\n<b>FI\u015cO<\/b>: esta\u0135o, kiu vivas en akvo.<br \/>\n<b>FRAKASI<\/b>: disrompi, dispecetigi.<br \/>\n<b>FURIOZA<\/b>: freneze kolera.<br \/>\n<b>GAJA<\/b>: rideme feli\u0109a.<br \/>\n<b>GENUO<\/b>: mezo de kruro.<br \/>\n<b>GESTO<\/b>: mansigno.<br \/>\n<b>GIGANTO<\/b>: grandegulo.<br \/>\n<b>GRUPO<\/b>: aro.<br \/>\n<b>HAVENO<\/b>: apudborda ejo por \u015dipoj.<br \/>\n<b>INTERMITA<\/b>: interrompi\u011danta.<br \/>\n<b>JU\u011cI<\/b>: konsideri por decidi pri.<br \/>\n<b>\u0134ETI<\/b>: rapide formovi de si ion tra la aero en alian lokon.<br \/>\n<b>KADAVRO<\/b>: korpo de mortinto.<br \/>\n<b>KATASTROFO<\/b>: subita malfeli\u0109ega okaza\u0135o.<br \/>\n<b>KLIFO<\/b>: marborda alta\u0135o.<br \/>\n<b>KOMPATI<\/b>: senti kortu\u015don pri ies malfeli\u0109o.<br \/>\n<b>KONSCII<\/b>: scii tre klare.<br \/>\n<b>KUZO<\/b>: filo de onklo a\u016d onklino.<br \/>\n<b>LARMO<\/b>: akvero el la okuloj.<br \/>\n<b>LIGNO<\/b>: materialo de arboj.<br \/>\n<b>LUKTI<\/b>: korpe batali kontra\u016d iu a\u016d io.<br \/>\n<b>MAGNETO<\/b>: io, kio povas altiri.<br \/>\n<b>MANIERO<\/b>: tiel, kiel oni faras ion.<br \/>\n<b>MARO<\/b>: la akvo, kiu plejparte kovras la teron.<br \/>\n<b>MAR\u015cI<\/b>: iri piede.<br \/>\n<b>MESA\u011cO<\/b>: parola a\u016d skriba informo, sendita de unu persono al alia.<br \/>\n<b>MEVO<\/b>: marbirdo.<br \/>\n<b>MIKSI<\/b>: meti kune diversa\u0135ojn.<br \/>\n<b>MONSTRO<\/b>: nenormalega esta\u0135o.<br \/>\n<b>MU\u011cI<\/b>: a\u016ddigi fortan bruon.<br \/>\n<b>MURO<\/b>: la flanko de domo, \u0109ambro, ks.<br \/>\n<b>NORDO<\/b>: la direkto de Afriko al E\u016dropo.<br \/>\n<b>OKCIDENTO<\/b>: la direkto al E\u016dropo de Azio.<br \/>\n<b>OMBRO<\/b>: malluma\u0135o.<br \/>\n<b>ONDO<\/b>: akvo, kiu levi\u011das kaj refalas supra\u0135e de la maro.<br \/>\n<b>ORIENTO<\/b>: la direkto al Azio de E\u016dropo.<br \/>\n<b>PAFI<\/b>: \u0135eti \u0135eta\u0135on per \u0135etilo.<br \/>\n<b>PELT<\/b>: irigi rapide anta\u016den.<br \/>\n<b>PERMESI<\/b>: konsenti, ke iu faru ion.<br \/>\n<b>PEZI<\/b>: altiri\u011di teren.<br \/>\n<b>PLUVO<\/b>: akvo, kiu falas de la \u0109ielo.<br \/>\n<b>POPULARA<\/b>: konata kaj amata de la popolo.<br \/>\n<b>PROMONTORO<\/b>: alta terpeco anta\u016deni\u011danta en la maron.<br \/>\n<b>PROPRA<\/b>: apartenanta nur al iu a\u016d io.<br \/>\n<b>PUNKTO<\/b>: malgranda ronda signo, per kiu oni finas propozicion.<br \/>\n<b>RAKETO<\/b>: fajra\u0135o, kiun oni pafas en la aeron.<br \/>\n<b>REKTA<\/b>: nedeflanki\u011dante alcela.<br \/>\n<b>REZIGNACIO<\/b>: cedemo.<br \/>\n<b>RIFU\u011cI<\/b>: foriri en iun lokon por eviti dan\u011deron.<br \/>\n<b>ROKO<\/b>: \u015dtonego.<br \/>\n<b>SAVI<\/b>: liberigi iun el dan\u011dero.<br \/>\n<b>SCENO<\/b>: loko en teatro, kie aktoroj ludas.<br \/>\n<b>SENDI<\/b>: foririgi iun.<br \/>\n<b>SER\u0108I<\/b>: klopodi por trovi.<br \/>\n<b>SKOTA<\/b>: rilata al Skotlando.<br \/>\n<b>SOVA\u011cA<\/b>: krude fortega.<br \/>\n<b>\u015cANCO<\/b>: ebleco fari.<br \/>\n<b>\u015cIPO<\/b>: veturilo por veturi sur akvo.<br \/>\n<b>\u015cIRI<\/b>: rompi ion, forte tirante.<br \/>\n<b>\u015cNURO<\/b>: longa, forta tirilo.<br \/>\n<b>\u015cTORMO<\/b>: fortega, pluva ventego.<br \/>\n<b>TELEPATIO<\/b>: senpera interkompreni\u011do sen parolo kaj gestoj.<br \/>\n<b>TIPO<\/b>: ekzemplo de speciala\u0135o.<br \/>\n<b>TIRI<\/b>: movi ion a\u016d iun al si.<br \/>\n<b>TOMBO<\/b>: tertruo, en kiun oni metas kadavrojn.<br \/>\n<b>TRAFI<\/b>: atingi per io.<br \/>\n<b>VANA<\/b>: senrezulta, senutila.<br \/>\n<b>VANGO<\/b>: viza\u011dflanko.<br \/>\n<b>VIKTIMO<\/b>: tiu, kiu estas oferita.<\/p>\n<h1>LEGA\u0134O<\/h1>\n<h2>LA \u015cTORMO<\/h2>\n<p>Kiam mi eniris la \u0109efstraton de la malgranda vila\u011do, \u011di estis tute senhoma, krom ke unu maljunulo per la helpo de mar\u015dbastono malrapide iris en la direkto al la haveno kaj mi sciis, ke la vila\u011danoj trovi\u011dos tie, kien li iras. Estas tre strange, kiamaniere la fi\u015dkaptistoj, kiuj vivas per la maro, ekkonscias per ia telepatio, kiam dan\u011dero minacas \u015dipon, propran a\u016d fremdan.<\/p>\n<p>Mi estis vidinta la \u015dipeton tra la fenestro de mia domo, kiu staras sur la klifsupro ne malproksime de la vila\u011do. Mi sidis kun la edzino \u0109e la tetablo, kiam \u015di subite ekkriis, \u201c\u0108u tio estas \u015dipeto, kion mi vidas?\u201d Kaj kvankam estis apena\u016d kredeble, ke \u015di estu prava, tamen ja estis \u015dipeto, malgranda fi\u015dkaptada \u015dipeto, de la tipo \u011denerale uzata de la fi\u015dkaptistoj en la vila\u011doj sur la orientskota marbordo. Oni povis vidi \u011din nur intermite, kiam dum momento \u011di levi\u011dis al la supro de giganta marondo, anta\u016d ol denove malaperi de la vido.<\/p>\n<p>Mi estis elirinta el la domo por iri al la deklivo apud la haveno, \u0109ar mi scias, ke \u0109iuj vila\u011danoj estos tie \u2014 ne por helpi, \u0109ar helpo estus neebla en tia ventego kia \u0109i tiu, kaj ne por trovi plezuron en la vidota\u0135o, \u0109ar la vida\u0135o estas kor\u015dira, kiam homoj baraktas por savi la vivon kontra\u016d furiozantaj elementoj, sed nur \u0109ar ill ne povus resti hejme, \u0109ar ili estus tirataj al la scenejo kvaza\u016d de magneto.<\/p>\n<p>La \u015dtormo estis komenci\u011dinta senaverte. La anta\u016dtagmezo estis griza tamen senventa, \u011duste tia tago, kian ofte vidas en la monato novembro tiuj, kiuj lo\u011das sur la bordo de la Norda Maro: sed anta\u016d nur unu horo ekblovis la ventego kun la subiteco de neatendita vangofrapo, kaj la ondoj fari\u011dis pli kaj pli altaj kaj grandaj.<\/p>\n<p>Kiam mi preterpasis la maljunulon \u2014 tiel malfortan, ke li apena\u016d povis stari kontra\u016d la forto de la vento \u2014 mi kriis al li, \u201c\u0108u vi scias, kia \u015dipeto estas tiu?\u201d<\/p>\n<p>\u201cNe\u201d, li respondis, \u201csed ne estas kredeble, ke \u011di estu unu el niaj \u015dipetoj. \u0108iuj niaj estis de la fi\u015dejo preter la insulo, kaj sendube ili \u0109iuj rapidis al la insula haveno tuj kiam oni a\u016ddis la radian averton pri ventego anta\u016d du horoj. Neniu el la \u015dipestroj riskus reveni \u0109i tien dum ventego.\u201d<\/p>\n<p>Mi venis al la deklivo super la haveno. La muroj de la haveno mem kaj la deklivo super \u011di estis kovritaj de grupoj de la vila\u011danoj. Tiuj, kiuj staris sur la deklivo, fikse rigardis tiudirekten, kie de tempo al tempo videblis eta nigra punkto, apena\u016d videbla inter la montecaj ondoj kiuj \u0109irka\u016dis \u011din. Tiuj, kiuj staris \u0109e la haveno, nur atendis, atendadis en silento. Tiaj okaza\u0135oj kompreneble ne estas nekonataj en la marbordaj vila\u011doj, sed en \u0109i tiu silento trovi\u011dis io, kian mi neniam anta\u016de sentis.<\/p>\n<p>\u201cKio estas?\u201d mi demandis al viro, kiu staris apude kaj kun kiu mi iomete konati\u011dis. Li \u0135etis al mi unu ekrigardon, kaj tuj poste liaj okuloj reser\u0109is la etan nigran punkton. La severeco de lia viza\u011do ne \u015dan\u011di\u011dis, kaj per sentrema vo\u0109o li diris, \u201cTio estas mia filo: oni \u0135us ricevis radian mesa\u011don de la insulo, sciigantan, ke la ceteraj \u015dipetoj, kiuj rifu\u011dis en la tiean havenon, estas en bona ordo, sed ke la \u2018Ora Brilo\u2019 foriris de la aliaj \u015dipetoj por reveni hejmen, unu horon anta\u016d ol venis la radia venteg-averto.\u201d<\/p>\n<p>Tiam mi komprenis, kial mi sentis ion nekutiman en la silento de la homamaso. De kiam mi eklo\u011dis en la vila\u011do, neniam dan\u011dero trafis iun el la \u015dipetoj apartenantaj al \u011di, sed tio estis unu el \u201cniaj \u015dipetoj\u201d, kaj \u011dia estro estis populara junulo, kiu edzi\u011dis anta\u016d nur du semajnoj. Kune kun li en la \u015dipeto, mi sciis, estis liaj du plijunaj fratoj kaj du kuzoj: \u011di estis, la\u016d nia dirmaniero, \u201cfamilia \u015dipeto\u201d.<\/p>\n<p>La \u015dipeto \u015dajnis alproksimi\u011di al ni la\u016d eksterordinara rapideco. Vere ne tiel estis: \u011di venis malrapide, sed pro la fakto, ke \u011di alproksimi\u011das al ebla katastrofo, \u011di \u015dajnis veturi rapidege. Kaj ja katastrofo estis ne nur ebla sed ver\u015dajna. Nia haveno \u0109iam estas malfacile enirebla kiam la maro estas malkvieta, kaj \u0109ar la ondoj tiam kuris tiel furioze, estus ago de frenezulo provi eniri.<\/p>\n<p>\u201cDio ne permesu, ke ili provu eniri \u0109i tien,\u201d subdiris maljunulo apudstaranta, \u201cla sola\u201d\u015danco estas preterveturi \u2014 iri la\u016d la ventego \u011dis \u011di forvelkas. Se ili provos eniri, la ondoj certe \u0135etos ilin sur la rokojn \u0109e la okcidenta promontoro, kaj la \u015dpeto estos disfrakasita.\u201d<\/p>\n<p>Ni neniam scios kial, sed la \u015dipeto da\u016drigis sian vojon kaj venadis rekte al ni. Mi malsupreniris al la haveno. \u0108i tie kelkaj el la homoj pretigis raketan aparaton, por provi pafsendi \u015dnuron al la \u015dipeto se tiu venos sufi\u0109e proksimen. Estis ago tute senutila, kaj \u0109iuj tion sciis. La \u015dnuro tute ne povus bori vojon tra tia ventego, kaj e\u0109 se al \u011di prosperus fari tion, \u011di tuj rompi\u011dus kiam la pezo de la \u015dipeto, pelata de tiaj grandaj ondoj, plenstre\u0109us \u011din. Sed la laboro pretigi la aparaton estis preferinda al la nura atendado.<\/p>\n<p>\u015cajnis, ke la \u015dipeto pli kaj pli rapide alproksimi\u011das, \u011dis fine ni povis vidi la homojn sur la ferdeko. \u0108iuj staris tenante la direktilon, pretaj movi \u011din per la tuta forto tuj kiam la \u015dipestro, kiu staris en la ferdekmezo ju\u011dante la distancon, donos la ordonon gvidi la \u015dipeton trans la ondojn al la havena enirejo. Estis vana espero; la \u015dipeto rifuzis respondi al la direktilo; \u011di estis kvaza\u016d en la senkompata mano de giganto, kiu rifuzis liberigi \u011din sed pelis \u011din nerevokeble preter la enirejon. Dum \u011di preterdrivis la atendantan homamason la juna \u015dipestro levis la manon: \u015dajnis al mi, ke li ne faras salutgeston, sed nur senkonscian geston de rezignacio.<\/p>\n<p>\u0108irka\u016d mi viroj kaj virinoj falis surgenuen kun manoj suprenlevitaj. Larmoj sin miksis kun la pluveroj sur la viza\u011doj de la virinoj, sed la viroj ne ploris. lli staris kun nekovritaj kapoj kaj palaj senesprimaj viza\u011doj, tamen profunde en iliaj koroj bolegis malamo al \u0109i tiu monstro, kiu prenas anta\u016d iliaj okuloj ankora\u016d kvin viktimojn en la eterna lukto inter \u011di kaj la homaro.<\/p>\n<p>Ni trovis iliajn kadavrojn en la sekvanta mateno, kiam forpasis la \u015dtormo kaj la maro estis denove trankvila, kaj ni enterigis la kvin en unu tombon sub la ombro de la malnova pre\u011dejo \u0109e la supro de la havena deklivo, kiu alrigardas al la maro, sur kiu ili vivis kaj en kiu i1i mortis. Kune i1i dormas tie, kaj super ilia eterna restadejo a\u016ddi\u011das la sova\u011da mu\u011dado de la Norda Maro kaj la malgaja kriado de la mevoj.<\/p>\n<div>\n<p>John S. Dinwoodie<br \/>\n<span class=\"rem\">(El \u201cEsperanto en Skotlando\u201d)<\/span><\/p>\n<\/div>\n<h1>EKZERCOJ<\/h1>\n<p>15. Leginte la supran rakonton, respondu jenajn demandojn:<\/p>\n<div class=\"indent\">\n<p>1. Kia1 la maljunulo ne rapidis?<br \/>\n2. En kiu parto de la vila\u011do staris la domo de la a\u016dtoro?<br \/>\n3. Kial nur intermite oni vidis la \u015dipeton?<br \/>\n4. Kion povis la vila\u011danoj fari por helpi la \u015dipeton?<br \/>\n5. Kial la homoj ari\u011dis apud la haveno?<br \/>\n6. Kial la maljunulo opiniis, ke la \u015dipeto ne apartenas al tiu vila\u011do?<br \/>\n7. Kial la &#8220;Ora Brilo&#8221; ne iris kun la ceteraj \u015dipetoj al la insulo?<br \/>\n8. Kio estas &#8220;familia \u015dipeto&#8221;?<br \/>\n9. Kial la alproksimi\u011do de la \u015dipeto \u015dajnis okazi rapidege?<br \/>\n10. Kial oni anta\u016dtimis katastrofon?<br \/>\n11. Kio estis la sole \u015danco por savi la \u015dipeton?<br \/>\n12. Kial la \u015dipeto klopodis eniri la havenon anstata\u016d preterveturi?<br \/>\n13. Kial estis senutile, pretigi raketan aparaton?<br \/>\n14. Kial tamen la homoj \u011din pretigis?<br \/>\n15. Kio okazis, kiam la \u015dipestro ordonis gvidi la \u015dipeton trans la ondojn?<br \/>\n16. Kiel reagis la viroj, kiam ili konstatis la perdi\u011don de la \u015dipeto?<br \/>\n17. Kiel la fi\u015distoj sentis malamon al la maro?<br \/>\n18. Kie oni enterigis la kadavrojn?<\/p>\n<\/div>\n<p>16. Jen estas kelkaj respondoj. Skribu la faritajn demandojn:<\/p>\n<div class=\"indent\">\n<p>1. Per mar\u015dbastono.<br \/>\n2. Per ia telepatio.<br \/>\n3. \u011ci estis komenci\u011dinta senaverte.<br \/>\n4. Apud la Norda Maro.<br \/>\n5. La patro de la \u015dipestro.<br \/>\n6. \u201cOra Brilo\u201d.<br \/>\n7. Liaj du pli junaj fratoj kaj du kuzoj.<br \/>\n8. Ili tenis la direktilon.<br \/>\n9. \u011ci estis senkonscia gesto de rezignacio.<br \/>\n10. Ili falis surgenuen.<\/p>\n<\/div>\n<p>17. En la sekvanta propozicioj, aldonu, kie necese, la akuzativan fina\u0135on -N.<\/p>\n<div class=\"indent\">\n<p>1. Mi staris sur la bordo kaj \u0135etis \u015dtonon en la maro.<br \/>\n2. Pro la ventego ondoj \u0135eti\u011dis kontra\u016d la bordo.<br \/>\n3. De la haveno oni pa\u015das sur la \u015dipo.<br \/>\n4. Metu ru\u011dan zonon \u0109irka\u016d via korpo.<br \/>\n5. En la mondo venis nova sento.<br \/>\n6. Li metis la \u015dnuron sub roko, por ke li sciu trovi \u011din poste.<br \/>\n7. La knabo rapidis trans la muro por atingi la domon.<br \/>\n8. Vi atingos Skotlandon la 22a de novembro.<br \/>\n9. Ja\u016ddo la \u015dipo ekvoja\u011dos norde.<br \/>\n10. Li pa\u015dis tie kaj ree sur la ferdeko.<\/p>\n<\/div>\n<p>18. Uzu korekte en propozicioj la sekvantajn vortojn:<\/p>\n<div class=\"indent\">\n<p>BOREMA FRAKASI\u011cEMA FURIOZEMA GAJEMO GRUPI\u011cEMA KOMPATEMA LARMEMA ONDI\u011cEMA PLUVEMA RIFU\u011cEMO<\/p>\n<\/div>\n<p>19. Per KIU, KIUN, KIUJ a\u016d KIUJN, kunmetu \u0109iun paron da propozicioj:<\/p>\n<div class=\"indent\">\n<p>1. Raketo estas aparato. Oni uzas \u011din por savi \u015dipanojn dan\u011derminacatajn.<br \/>\n2. Mevo estas birdo. \u011ci lo\u011das sur la marbordo.<br \/>\n3. La radio avertis la \u015dipojn. Ili estis ekster la haveno.<br \/>\n4. La knabo \u015dparis la monerojn. Li ricevis ilin de la maljunulo.<br \/>\n5. La \u015dipanoj klopodis sin savi. Ili konsciis pri la dan\u011dero.<br \/>\n6. La raketon pretigis apudstarantoj. \u011ci estis sur la haveno.<br \/>\n7. La raketon pretigis apudstarantoj. Ili tamen havis neniun esperon.<br \/>\n8. La raketaparato staris preta. Oni tamen ne multe fidis \u011din.<br \/>\n9. La helpantoj eklaboris. Oni estis alvokinta ilin.<br \/>\n10. Skotlando estas montara lando. \u011ci trovi\u011das en la norda parto de Britujo.<\/p>\n<\/div>\n<p>20. Kompletigu la sekvantajn propoziciojn:<\/p>\n<div class=\"indent\">\n<p>1. Giganto estas homo, kiu &#8230;<br \/>\n2. Promontoro estas terpeco, kiu &#8230;<br \/>\n3. Mu\u011do estas bruo, kiun &#8230;<br \/>\n4. Oni \u015datas homojn,kiuj &#8230;<br \/>\n5. Literoj estas signoj, kiujn &#8230;<br \/>\n6. Junuloj, kiuj &#8230;, estas \u015datataj.<br \/>\n7. La \u015dipoj, kiuj &#8230;, rapidis al la insulo.<br \/>\n8. La katastrofo, kiun &#8230;, vere okazis.<br \/>\n9. Kuzo oni nomas tiun, kiu &#8230;<br \/>\n10. La kadavroj, kiujn &#8230;, oni enterigis en unu tombon.<\/p>\n<\/div>\n<p>21. Verku mallongan priskribon pri VENTEGA TAGO, a\u016d pri TERURA TRAVIVA\u0134O.<\/p>\n<p>Enhavo <a href=\"https:\/\/reto.cn\/php\/hanyu\/paso_al_plena_posedo\/antauklarigo\">Anta\u016dklarigo<\/a> <a href=\"https:\/\/reto.cn\/php\/hanyu\/paso_al_plena_posedo\/paso-unua\">01<\/a> <a href=\"https:\/\/reto.cn\/php\/hanyu\/paso_al_plena_posedo\/paso-dua\">02<\/a> 03 <a href=\"https:\/\/reto.cn\/php\/hanyu\/paso_al_plena_posedo\/paso-kvara\">04<\/a> <a href=\"https:\/\/reto.cn\/php\/hanyu\/paso_al_plena_posedo\/paso-kvina\">05<\/a> <a href=\"https:\/\/reto.cn\/php\/hanyu\/paso_al_plena_posedo\/paso-sesa\">06<\/a> <a href=\"https:\/\/reto.cn\/php\/hanyu\/paso_al_plena_posedo\/paso-sepa\">07<\/a> <a href=\"https:\/\/reto.cn\/php\/hanyu\/paso_al_plena_posedo\/paso-oka\">08<\/a> <a href=\"https:\/\/reto.cn\/php\/hanyu\/paso_al_plena_posedo\/paso-naua\">09<\/a> <a href=\"https:\/\/reto.cn\/php\/hanyu\/paso_al_plena_posedo\/paso-deka\">10<\/a> <a href=\"https:\/\/reto.cn\/php\/hanyu\/paso_al_plena_posedo\/paso-dekunua\">11<\/a> <a href=\"https:\/\/reto.cn\/php\/hanyu\/paso_al_plena_posedo\/paso-dekdua\">12<\/a> <a href=\"https:\/\/reto.cn\/php\/hanyu\/paso_al_plena_posedo\/paso-dektria\">13<\/a> <a href=\"https:\/\/reto.cn\/php\/hanyu\/paso_al_plena_posedo\/paso-dekkvara\">14<\/a> <a href=\"https:\/\/reto.cn\/php\/hanyu\/paso_al_plena_posedo\/paso-dekkvina\">15<\/a> <a href=\"https:\/\/reto.cn\/php\/hanyu\/paso_al_plena_posedo\/paso-deksesa\">16<\/a> <a href=\"https:\/\/reto.cn\/php\/hanyu\/paso_al_plena_posedo\/paso-deksepa\">17<\/a> <a href=\"https:\/\/reto.cn\/php\/hanyu\/paso_al_plena_posedo\/paso-dekoka\">18<\/a> <a href=\"https:\/\/reto.cn\/php\/hanyu\/paso_al_plena_posedo\/paso-deknaua\">19<\/a> <a href=\"https:\/\/reto.cn\/php\/hanyu\/paso_al_plena_posedo\/paso-dudeka\">20<\/a> <a href=\"https:\/\/reto.cn\/php\/hanyu\/paso_al_plena_posedo\/paso-dudukunua\">21<\/a> <a href=\"https:\/\/reto.cn\/php\/hanyu\/paso_al_plena_posedo\/paso-dudekdua\">22<\/a> <a href=\"https:\/\/reto.cn\/php\/hanyu\/paso_al_plena_posedo\/paso-dudektria\">23<\/a> <a href=\"https:\/\/reto.cn\/php\/hanyu\/paso_al_plena_posedo\/paso-dudekkvara\">24<\/a> <a href=\"https:\/\/reto.cn\/php\/hanyu\/paso_al_plena_posedo\/paso-dudekkvina\">25<\/a> <a href=\"https:\/\/reto.cn\/php\/hanyu\/paso_al_plena_posedo\/paso-dudeksesa\">26<\/a> <a href=\"https:\/\/reto.cn\/php\/hanyu\/paso_al_plena_posedo\/paso-dudeksepa\">27<\/a> <a href=\"https:\/\/reto.cn\/php\/hanyu\/paso_al_plena_posedo\/paso-dudekoka\">28<\/a> <a href=\"https:\/\/reto.cn\/php\/hanyu\/paso_al_plena_posedo\/paso-dudeknaua\">29<\/a> <a href=\"https:\/\/reto.cn\/php\/hanyu\/paso_al_plena_posedo\/paso-trideka\">30<\/a>\u00a0\u00a0<a href=\"https:\/\/reto.cn\/php\/hanyu\/paso_al_plena_posedo\/solvoj\">SOLVOJ<\/a> <a href=\"https:\/\/reto.cn\/php\/hanyu\/paso_al_plena_posedo\/por-pasi-pluen\/\">POR PA\u015cI PLUEN<\/a><\/p>\n<\/div>\n<\/div>\n","protected":false},"excerpt":{"rendered":"<p>\u9ad8\u7ea7\u4e16\u754c\u8bed\u6559\u7a0b \u7b2c3\u8bfe Pa\u015doj al plena posedo PA\u015cO TRIA VORTARO AMA\u2026 <span class=\"read-more\"><a href=\"https:\/\/reto.cn\/php\/hanyu\/paso_al_plena_posedo\/paso-tria\/\">\u7ee7\u7eed\u9605\u8bfb Legi pli &raquo;<\/a><\/span><\/p>\n","protected":false},"author":1,"featured_media":0,"parent":240,"menu_order":3,"comment_status":"open","ping_status":"closed","template":"","meta":{"footnotes":""},"_links":{"self":[{"href":"https:\/\/reto.cn\/php\/hanyu\/wp-json\/wp\/v2\/pages\/5642"}],"collection":[{"href":"https:\/\/reto.cn\/php\/hanyu\/wp-json\/wp\/v2\/pages"}],"about":[{"href":"https:\/\/reto.cn\/php\/hanyu\/wp-json\/wp\/v2\/types\/page"}],"author":[{"embeddable":true,"href":"https:\/\/reto.cn\/php\/hanyu\/wp-json\/wp\/v2\/users\/1"}],"replies":[{"embeddable":true,"href":"https:\/\/reto.cn\/php\/hanyu\/wp-json\/wp\/v2\/comments?post=5642"}],"version-history":[{"count":0,"href":"https:\/\/reto.cn\/php\/hanyu\/wp-json\/wp\/v2\/pages\/5642\/revisions"}],"up":[{"embeddable":true,"href":"https:\/\/reto.cn\/php\/hanyu\/wp-json\/wp\/v2\/pages\/240"}],"wp:attachment":[{"href":"https:\/\/reto.cn\/php\/hanyu\/wp-json\/wp\/v2\/media?parent=5642"}],"curies":[{"name":"wp","href":"https:\/\/api.w.org\/{rel}","templated":true}]}}