{"id":6027,"date":"2020-03-24T23:16:20","date_gmt":"2020-03-24T15:16:20","guid":{"rendered":"http:\/\/reto.cn\/php\/hanyu\/?page_id=6027"},"modified":"2024-10-25T13:56:30","modified_gmt":"2024-10-25T05:56:30","slug":"ventoturbino-sen-padelo","status":"publish","type":"page","link":"https:\/\/reto.cn\/php\/hanyu\/rigardi-la-mondon-per-esperanto\/ventoturbino-sen-padelo\/","title":{"rendered":"Ventoturbino sen Padelo \u65e0\u53f6\u7247\u98ce\u529b\u6da1\u8f6e\u53d1\u7535\u673a"},"content":{"rendered":"<p><strong>Jen projekto pri vibranta ventoturbino, kiu ne bezonas padelojn<\/strong><\/p>\n<p><em>Paulo Cesar Pires<\/em><\/p>\n<p>Hispanaj in\u011denieroj finpretigis sian projekton nome \u201cVortex Bladeless\u201d, pri ventoturbinoj, kiuj ne bezonas padelojn. Ili konsistas el oscilaj cilindroj, kies fleksebleco favoras, ke la vento vibrigu ilin.<\/p>\n<p>Tiaj vibrantaj fostoj havas malmultajn moveblajn partojn, postulas minimuman prizorgadon, estigas nenian a\u016d malmultan bruadon, bezonas etan areon kaj estas facile instaleblaj. Surbaze de testoj faritaj kun provtipoj oni taksas, ke ili povos produkti elektran energion 30% malmultekosta ol tiu produktata per la ordinaraj ventoturbinoj.<\/p>\n<p><img decoding=\"async\" loading=\"lazy\" class=\"alignnone size-medium\" src=\"http:\/\/reto.cn\/rigardi-la-mondon\/bildoj\/ventoturbino.jpg\" width=\"600\" height=\"337\" \/><\/p>\n<p>\u201cNi esperas ebligi al la homoj kaptadi la venton sur siaj tegmentoj, \u011dardenoj kaj parkoj pere de aparatoj pli facile instaleblaj kaj malmultekoste prizorgataj ol tiuj konvenciaj ventoturbinoj\u201d, tion diris David Y\u00e1\u00f1ez, kiu estas kunordiganto de la projekto, kiu estas financata de E\u016dropa Unio <a href='https:\/\/www.east-gonflable.fr\/e104-toboggan-aquatique-gonflable.html' style=\"color: black; text-decoration: none;\">toboggan aquatique gonflable<\/a>. Anta\u016d la surmerkatigo la teamo nun provas aron da 100 ekzemplerojn, kiuj estas po 85 centimetroj alta.<\/p>\n<p>\u539f\u6587\u94fe\u63a5\uff1a<br \/>\nhttps:\/\/esperanto.blog\/2020\/03\/23\/jen-projekto-pri-vibranta-ventoturbino-kiu-ne-bezonas-padelojn<br \/>\n\u539f\u6587\u6807\u9898\uff1aJen projekto pri vibranta ventoturbino, kiu ne bezonas padelojn<\/p>\n<p><a href=\"https:\/\/reto.cn\/php\/hanyu\/rigardi-la-mondon-per-esperanto\">\u8fd4\u56de\u672c\u680f\u76ee\u76ee\u5f55 reveni al la listo de tiu \u0109i rubriko<\/a><\/p>\n","protected":false},"excerpt":{"rendered":"<p>Jen projekto pri vibranta ventoturbino, kiu ne bezonas \u2026 <span class=\"read-more\"><a href=\"https:\/\/reto.cn\/php\/hanyu\/rigardi-la-mondon-per-esperanto\/ventoturbino-sen-padelo\/\">\u7ee7\u7eed\u9605\u8bfb Legi pli &raquo;<\/a><\/span><\/p>\n","protected":false},"author":1,"featured_media":0,"parent":4915,"menu_order":0,"comment_status":"open","ping_status":"closed","template":"","meta":{"footnotes":""},"_links":{"self":[{"href":"https:\/\/reto.cn\/php\/hanyu\/wp-json\/wp\/v2\/pages\/6027"}],"collection":[{"href":"https:\/\/reto.cn\/php\/hanyu\/wp-json\/wp\/v2\/pages"}],"about":[{"href":"https:\/\/reto.cn\/php\/hanyu\/wp-json\/wp\/v2\/types\/page"}],"author":[{"embeddable":true,"href":"https:\/\/reto.cn\/php\/hanyu\/wp-json\/wp\/v2\/users\/1"}],"replies":[{"embeddable":true,"href":"https:\/\/reto.cn\/php\/hanyu\/wp-json\/wp\/v2\/comments?post=6027"}],"version-history":[{"count":0,"href":"https:\/\/reto.cn\/php\/hanyu\/wp-json\/wp\/v2\/pages\/6027\/revisions"}],"up":[{"embeddable":true,"href":"https:\/\/reto.cn\/php\/hanyu\/wp-json\/wp\/v2\/pages\/4915"}],"wp:attachment":[{"href":"https:\/\/reto.cn\/php\/hanyu\/wp-json\/wp\/v2\/media?parent=6027"}],"curies":[{"name":"wp","href":"https:\/\/api.w.org\/{rel}","templated":true}]}}