{"id":6299,"date":"2020-08-23T00:23:52","date_gmt":"2020-08-22T16:23:52","guid":{"rendered":"http:\/\/reto.cn\/php\/hanyu\/?page_id=6299"},"modified":"2022-01-31T15:41:09","modified_gmt":"2022-01-31T07:41:09","slug":"semajno_5","status":"publish","type":"page","link":"https:\/\/reto.cn\/php\/hanyu\/parolata_esperanto\/semajno_5\/","title":{"rendered":"\u7eff\u7f51\u4e16\u754c\u8bed\u53e3\u8bed\u6559\u7a0b \u7b2c 5 \u5468"},"content":{"rendered":"<h4>Kurso de Parolata Esperanto de Verda Reto<br \/>\nSemajno 5<\/h4>\n<p>\u2014 Saluton!<br \/>\n\u2014 Saluton!<br \/>\n\u2014 Bonan matenon!<br \/>\n\u2014 Bonan matenon!<br \/>\nSed nun \u0109e mi estas nokto.<br \/>\nEstas 21:30 (tridek minutoj post la dudeka horo) nokte.<br \/>\n\u2014 Do, bonan nokton al vi!<br \/>\n\u2014 Bonan matenon al vi!<br \/>\nKie vi estas?<br \/>\n\u2014 Mi estas en Brazilo.<br \/>\nMi estas en Rio de Janeiro.<br \/>\n\u2014 Brazilo? Bela lando!<br \/>\nMi \u015datas vian belan landon.<br \/>\nEn satelitaj bildoj, Brazilo estas tute verda!<br \/>\nMi mi \u015datas arbarojn, mi \u015datas stepojn, mi \u015datas verdon!<br \/>\n\u2014 Dankon!<br \/>\n\u0108iuj esperantistoj \u015datas verdon! &#x1f600;<br \/>\nKie vi estas?<br \/>\n\u2014 Mi estas en \u0108inio. Mi estas en urbo Shanghai.<br \/>\n\u2014 Mi vizitis \u0108inion unufoje.<br \/>\nAnka\u016d via lando estas bela.<br \/>\n\u2014 Kiam vi vizitis \u0108inion?<br \/>\n\u2014 Anta\u016d pli ol 20 jaroj, kiam mi estis juna.<br \/>\n\u2014 Estis multaj \u015dan\u011di\u011doj en la pasintaj jaroj en \u0108inio.<br \/>\nMi bonvenigas vin viziti \u0108inion refoje!<br \/>\n\u2014 Dankon.<br \/>\nAnka\u016d vi estas bonvena en Brazilon!<br \/>\n\u2014 Dankon!<br \/>\nMi certe vizitos belan Brazilon, se mi havos \u015dancon!<br \/>\nNun \u0109e mi jam estas malfrua nokto.<br \/>\nMi devas enliti\u011di.<br \/>\n\u2014 Mi devas elliti\u011di.<br \/>\nDo, \u011dis revido, kara samideano!<br \/>\n\u2014 \u011cis, kara amiko!<\/p>\n<div style=\"width: 460px\" class=\"wp-caption alignnone\"><img decoding=\"async\" loading=\"lazy\" src=\"http:\/\/reto.cn\/parolata_esperanto\/bildoj\/5_riodejaneiro.jpg\" alt=\"\" width=\"450\" height=\"231\" \/><p class=\"wp-caption-text\">Rio de Janeiro, la dua plej granda urbo de Brazilo.<br \/>\u91cc\u7ea6\u70ed\u5185\u5362\uff0c\u5df4\u897f\u7b2c\u4e8c\u5927\u57ce\u5e02\u3002<\/p><\/div>\n<p>\u2500\u2500 \u4f60\u597d\uff01<br \/>\n\u2500\u2500 \u4f60\u597d\uff01<br \/>\n\u2500\u2500 \u65e9\u4e0a\u597d\uff01<br \/>\n\u2500\u2500 \u65e9\u4e0a\u597d\uff01<br \/>\n\u4f46\u6211\u8fd9\u91cc\u73b0\u5728\u662f\u591c\u91cc\u3002<br \/>\n\u662f\u591c\u91cc\u4e5d\u70b9\u534a\u3002<br \/>\n\u2500\u2500 \u90a3\uff0c\u95ee\u5019\u4f60\u665a\u4e0a\u597d\uff01<br \/>\n\u2500\u2500 \u4e5f\u95ee\u5019\u4f60\u65e9\u6668\u597d\uff01<br \/>\n\u4f60\u5728\u54ea\u91cc\uff1f<br \/>\n\u2500\u2500 \u6211\u5728\u5df4\u897f\u3002<br \/>\n\u6211\u5728\u91cc\u7ea6\u70ed\u5185\u5362\u3002<br \/>\n\u2500\u2500 \u5df4\u897f\uff1f\u7f8e\u4e3d\u7684\u56fd\u5bb6\uff01<br \/>\n\u6211\u559c\u6b22\u4f60\u4eec\u7f8e\u4e3d\u7684\u56fd\u5bb6\u3002<br \/>\n\u5728\u536b\u661f\u56fe\u7247\u4e0a\u770b\uff0c\u5df4\u897f\u5168\u662f\u7eff\u7684\u3002<br \/>\n\u6211\u559c\u6b22\u68ee\u6797\uff0c\u6211\u559c\u6b22\u8349\u539f\uff0c\u6211\u559c\u6b22\u7eff\u8272\u3002<br \/>\n\u2500\u2500 \u8c22\u8c22\uff01<br \/>\n\u6240\u6709\u7684\u4e16\u754c\u8bed\u8005\u90fd\u559c\u6b22\u7eff\u8272\u3002&#x1f600;<br \/>\n\u4f60\u5728\u54ea\u513f\uff1f<br \/>\n\u2500\u2500 \u6211\u5728\u4e2d\u56fd\u3002\u6211\u5728\u4e0a\u6d77\u3002<br \/>\n\u2500\u2500 \u4e2d\u56fd\uff0c\u6211\u53bb\u8fc7\u4e00\u6b21\u3002<br \/>\n\u4f60\u4eec\u56fd\u5bb6\u4e5f\u5f88\u7f8e\u3002<br \/>\n\u2500\u2500 \u4f60\u4ec0\u4e48\u65f6\u5019\u6765\u4e2d\u56fd\u7684\uff1f<br \/>\n\u2500\u2500 20\u591a\u5e74\u524d\u4e86\u3002\u90a3\u65f6\u6211\u8fd8\u5e74\u8f7b\u3002<br \/>\n\u2500\u2500 \u8fc7\u53bb\u8fd9\u4e9b\u5e74\uff0c\u4e2d\u56fd\u53d1\u751f\u4e86\u5f88\u591a\u53d8\u5316\u3002<br \/>\n\u6b22\u8fce\u4f60\u518d\u6765\u4e2d\u56fd\u770b\u770b\u3002<br \/>\n\u2500\u2500 \u8c22\u8c22\u3002<br \/>\n\u4e5f\u6b22\u8fce\u4f60\u5230\u5df4\u897f\u6765\uff01<br \/>\n\u2500\u2500 \u8c22\u8c22\u3002<br \/>\n\u6709\u673a\u4f1a\uff0c\u6211\u4e00\u5b9a\u53bb\u770b\u770b\u7f8e\u4e3d\u7684\u5df4\u897f\uff01<br \/>\n\u6211\u8fd9\u73b0\u5728\u5df2\u7ecf\u662f\u6df1\u591c\u4e86\u3002<br \/>\n\u6211\u5f97\u7761\u89c9\u4e86\u3002<br \/>\n\u2500\u2500 \u6211\u5f97\u8d77\u5e8a\u4e86\u3002<br \/>\n\u90a3\uff0c\u518d\u89c1\uff0c\u4eb2\u7231\u7684 samideano\uff01<br \/>\n\u2500\u2500 \u518d\u89c1\uff0c\u4eb2\u7231\u7684\u670b\u53cb\uff01<\/p>\n<p><a href=\"https:\/\/reto.cn\/php\/hanyu\/parolata_esperanto\">\u7eff\u7f51\u4e16\u754c\u8bed\u53e3\u8bed\u6559\u7a0b\u76ee\u5f55<\/a>\u00a0\u00a0<a href=\"https:\/\/reto.cn\/php\/hanyu\/parolata_esperanto\/semajno_4\">\u7b2c 4 \u5468<\/a>\u00a0 <a href=\"https:\/\/reto.cn\/php\/hanyu\/parolata_esperanto\/semajno_6\/\">\u7b2c 6 \u5468<\/a><\/p>\n","protected":false},"excerpt":{"rendered":"<p>Kurso de Parolata Esperanto de Verda Reto Semajno 5 \u2014 S\u2026 <span class=\"read-more\"><a href=\"https:\/\/reto.cn\/php\/hanyu\/parolata_esperanto\/semajno_5\/\">\u7ee7\u7eed\u9605\u8bfb Legi pli &raquo;<\/a><\/span><\/p>\n","protected":false},"author":1,"featured_media":0,"parent":6241,"menu_order":0,"comment_status":"open","ping_status":"closed","template":"","meta":{"footnotes":""},"_links":{"self":[{"href":"https:\/\/reto.cn\/php\/hanyu\/wp-json\/wp\/v2\/pages\/6299"}],"collection":[{"href":"https:\/\/reto.cn\/php\/hanyu\/wp-json\/wp\/v2\/pages"}],"about":[{"href":"https:\/\/reto.cn\/php\/hanyu\/wp-json\/wp\/v2\/types\/page"}],"author":[{"embeddable":true,"href":"https:\/\/reto.cn\/php\/hanyu\/wp-json\/wp\/v2\/users\/1"}],"replies":[{"embeddable":true,"href":"https:\/\/reto.cn\/php\/hanyu\/wp-json\/wp\/v2\/comments?post=6299"}],"version-history":[{"count":0,"href":"https:\/\/reto.cn\/php\/hanyu\/wp-json\/wp\/v2\/pages\/6299\/revisions"}],"up":[{"embeddable":true,"href":"https:\/\/reto.cn\/php\/hanyu\/wp-json\/wp\/v2\/pages\/6241"}],"wp:attachment":[{"href":"https:\/\/reto.cn\/php\/hanyu\/wp-json\/wp\/v2\/media?parent=6299"}],"curies":[{"name":"wp","href":"https:\/\/api.w.org\/{rel}","templated":true}]}}