{"id":7021,"date":"2021-07-22T16:07:26","date_gmt":"2021-07-22T08:07:26","guid":{"rendered":"http:\/\/reto.cn\/php\/hanyu\/?page_id=7021"},"modified":"2025-02-01T23:56:39","modified_gmt":"2025-02-01T15:56:39","slug":"skribo_kaj_elparolo","status":"publish","type":"page","link":"https:\/\/reto.cn\/php\/hanyu\/gramatiko_de_esperanto\/detala-lernu-gramatiko\/skribo_kaj_elparolo\/","title":{"rendered":"\u4e16\u754c\u8bed\u8be6\u89e3\u8bed\u6cd5  \u4e66\u5199\u4e0e\u53d1\u97f3"},"content":{"rendered":"<h3>\u4e16\u754c\u8bed\u8be6\u89e3\u8bed\u6cd5<\/h3>\n<h3 style=\"text-align: center;\"><strong>\u7b2c1\u7ae0\u00a0 \u4e66\u5199\u4e0e\u53d1\u97f3<\/strong><\/h3>\n<p><strong>1.1 <\/strong><strong>\u5b57\u6bcd<\/strong><\/p>\n<p>\u4ee5\u4e0b\u662f\u4e16\u754c\u8bed\u5b57\u6bcd\u8868\uff1a<\/p>\n<table style=\"height: 234px;\" width=\"822\">\n<tbody>\n<tr>\n<td width=\"94\"><strong>\u5927\u5199\u5b57\u6bcd<\/strong><\/td>\n<td width=\"489\">A, B, C, \u0108, D, E, F, G, \u011c, H, \u0124, I, J, \u0134, K, L, M, N, O, P, R, S, \u015c, T, U, \u016c, V, Z<\/td>\n<\/tr>\n<tr>\n<td width=\"94\"><strong>\u5c0f\u5199\u5b57\u6bcd<\/strong><\/td>\n<td width=\"489\">a, b, c, \u0109, d, e, f, g, \u011d, h, \u0125, i, j, \u0135, k, l, m, n, o, p, r, s, \u015d, t, u, \u016d, v, z<\/td>\n<\/tr>\n<tr>\n<td width=\"94\"><strong>\u5b57\u6bcd\u540d\u79f0<\/strong><\/td>\n<td width=\"489\">a, bo, co, \u0109o, do, e, fo, go, \u011do, ho, \u0125o, i, jo, \u0135o, ko, lo, mo, no, o, po, ro, so, \u015do, to, u, \u016do, vo, zo<\/td>\n<\/tr>\n<\/tbody>\n<\/table>\n<p><strong>1.1.1 <\/strong><strong>\u5927\u5199\u5b57\u6bcd\u4e0e\u5c0f\u5199\u5b57\u6bcd<\/strong><\/p>\n<p>\u6bcf\u4e00\u4e2a\u5b57\u6bcd\u90fd\u6709\u4e24\u79cd\u5f62\u5f0f\uff1a\u5927\u5199\u5b57\u6bcd\u548c\u5c0f\u5199\u5b57\u6bcd\u3002\u5c0f\u5199\u5b57\u6bcd\u662f\u5e38\u89c4\u7684\u5b57\u6bcd\u5f62\u5f0f\u3002\u4eba\u4eec\u4e60\u60ef\u4e0a\u5c06\u5927\u5199\u5b57\u6bcd\u7528\u4e8e\u4e3b\u8981\u53e5\u5b50\u7684\u9996\u5b57\u6bcd\u4ee5\u53ca\u4e13\u6709\u540d\u79f0\u7684\u9996\u5b57\u6bcd\u3002<\/p>\n<p><strong>1.1.2 <\/strong><strong>\u9876\u7b26<\/strong><\/p>\n<p>\u6709\u516d\u4e2a\u5b57\u6bcd\u662f\u4e16\u754c\u8bed\u72ec\u6709\u7684\uff1a<strong>\u0108, \u011c, \u0124, \u0134, \u015c, \u016c<\/strong>\u3002\u5b83\u4eec\u90fd\u6709\u9876\u7b26\u3002\u9876\u7b26\u00a0<strong>^<\/strong>\u00a0\u53eb\u505a\u53d8\u97f3\u7b26\u6216\u201c\u5e3d\u5b50\u201d\u3002<strong>\u016c<\/strong>\u4e0a\u9762\u7684\u9876\u7b26\u79f0\u4e3a\u201c\u94a9\u7b26\u201d\u3002<\/p>\n<p>\u5f53\u4e0d\u53ef\u80fd\u4f7f\u7528\u7b26\u5408\u89c4\u5219\u7684\u9876\u7b26\u65f6\uff0c\u53ef\u4ee5\u4f7f\u7528\u66ff\u4ee3\u7684\u4e66\u5199\u6cd5\u3002\u6b63\u5f0f\u7684\u66ff\u4ee3\u6cd5\u662f\u300a\u4e16\u754c\u8bed\u57fa\u7840\u300b\uff08Fundamento de Esperanto\uff09\u4e2d\u7684H\u4e66\u5199\u6cd5\u3002\u5728H\u4e66\u5199\u6cd5\u4e2d\uff0c\u4eba\u4eec\u4f7f\u7528\u540e\u7f6e\u7684<strong>H<\/strong>\u6765\u4ee3\u66ff\u53d8\u97f3\u7b26\uff0c\u5e76\u4e14\u5b8c\u5168\u7701\u53bb\u4e86<strong>\u016c<\/strong>\u4e0a\u7684\u201c\u94a9\u7b26\u201d\uff1a<strong>ch, gh, hh, jh, sh, u<\/strong>\u3002\u5728\u7535\u8111\u6587\u672c\u5de5\u4f5c\u4e2d\uff0c\u5728\u7535\u5b50\u90ae\u4ef6\u7b49\u6587\u672c\u4e2d\uff0c\u8bb8\u591a\u4eba\u4f7f\u7528\u540e\u7f6e\u7684<strong>X<\/strong>\u6765\u4ee3\u66ff\u53d8\u97f3\u7b26\u548c\u201c\u94a9\u7b26\u201d\uff1a<strong>cx, gx, hx, jx, sx, ux<\/strong>\u3002<\/p>\n<p><strong>1.2 <\/strong><strong>\u53d1\u97f3<\/strong><\/p>\n<p>\u5b57\u6bcd<strong>A, E, I, O, U<\/strong>\u662f<strong>\u5143\u97f3<\/strong>\uff0c\u6240\u6709\u5176\u4ed6\u5b57\u6bcd\u4e3a<strong>\u8f85\u97f3<\/strong>\u3002\u6240\u6709\u7684\u5b57\u6bcd\u90fd\u5fc5\u987b\u8981\u53d1\u97f3\uff0c\u6ca1\u6709\u4e0d\u53d1\u97f3\u5b57\u6bcd\u3002<\/p>\n<p><strong>1.2.1 <\/strong><strong>\u5143\u97f3<\/strong><\/p>\n<p><strong>\u5143\u97f3<\/strong><strong>\u00a0\u00a0\u00a0\u00a0\u00a0\u00a0\u00a0\u00a0\u00a0\u00a0\u00a0\u00a0 <\/strong><strong>\u53d1\u97f3\u63cf\u8ff0<\/strong><strong>\u00a0\u00a0\u00a0\u00a0\u00a0\u00a0\u00a0\u00a0\u00a0\u00a0\u00a0\u00a0\u00a0\u00a0\u00a0\u00a0\u00a0 <\/strong><strong>\u6839\u636e<\/strong><strong>IFA<\/strong><strong>\u7684\u97f3\u6807\u7b26\u53f7<\/strong><\/p>\n<p><strong>I\u00a0\u00a0\u00a0\u00a0\u00a0\u00a0\u00a0\u00a0\u00a0\u00a0\u00a0\u00a0\u00a0\u00a0\u00a0\u00a0\u00a0\u00a0\u00a0 <\/strong>\u7a84\uff0c\u524d\u00a0\u00a0\u00a0\u00a0\u00a0\u00a0\u00a0\u00a0\u00a0\u00a0\u00a0\u00a0\u00a0\u00a0\u00a0\u00a0\u00a0\u00a0\u00a0\u00a0\u00a0\u00a0 [i]<\/p>\n<p><strong>U\u00a0\u00a0\u00a0\u00a0\u00a0\u00a0\u00a0\u00a0\u00a0\u00a0\u00a0\u00a0\u00a0\u00a0\u00a0\u00a0\u00a0 <\/strong>\u7a84\uff0c\u540e\u00a0\u00a0\u00a0\u00a0\u00a0\u00a0\u00a0\u00a0\u00a0\u00a0\u00a0\u00a0\u00a0\u00a0\u00a0\u00a0\u00a0\u00a0\u00a0\u00a0\u00a0\u00a0 [u]<\/p>\n<p><strong>E\u00a0\u00a0\u00a0\u00a0\u00a0\u00a0\u00a0\u00a0\u00a0\u00a0\u00a0\u00a0\u00a0\u00a0\u00a0\u00a0\u00a0 <\/strong>\u4e2d\u5bbd\uff0c\u524d\u00a0\u00a0\u00a0\u00a0\u00a0\u00a0\u00a0\u00a0\u00a0\u00a0\u00a0\u00a0\u00a0\u00a0\u00a0\u00a0\u00a0\u00a0 [e]<\/p>\n<p><strong>O\u00a0\u00a0\u00a0\u00a0\u00a0\u00a0\u00a0\u00a0\u00a0\u00a0\u00a0\u00a0\u00a0\u00a0\u00a0\u00a0\u00a0 <\/strong>\u4e2d\u5bbd\uff0c\u540e\u00a0\u00a0\u00a0\u00a0\u00a0\u00a0\u00a0\u00a0\u00a0\u00a0\u00a0\u00a0\u00a0\u00a0\u00a0\u00a0\u00a0\u00a0 [o]<\/p>\n<p><strong>A\u00a0\u00a0\u00a0\u00a0\u00a0\u00a0\u00a0\u00a0\u00a0\u00a0\u00a0\u00a0\u00a0\u00a0\u00a0\u00a0\u00a0 <\/strong>\u5bbd\u00a0\u00a0\u00a0\u00a0\u00a0\u00a0\u00a0\u00a0\u00a0\u00a0\u00a0\u00a0\u00a0\u00a0\u00a0\u00a0\u00a0\u00a0\u00a0\u00a0\u00a0\u00a0\u00a0\u00a0\u00a0\u00a0\u00a0\u00a0\u00a0\u00a0 [a]<\/p>\n<p><strong>\u91cd\u97f3<\/strong><\/p>\n<p>\u5728\u5177\u6709\u4e24\u4e2a\u6216\u66f4\u591a\u4e2a\u5143\u97f3\u7684\u8bcd\u4e2d\uff0c\u4e00\u4e2a\u5143\u97f3\u53d1\u97f3\u6bd4\u5176\u4f59\u7684\u66f4\u5f3a\uff0c\u8fd9\u5c31\u662f\u91cd\u97f3\u3002\u91cd\u97f3\u59cb\u7ec8\u5728\u5012\u6570\u7b2c\u4e8c\u4e2a\u5143\u97f3\u4e0a\uff08\u4ee5\u4e0b\u5927\u5199\u5143\u97f3\u5b57\u6bcd\u8868\u793a\u91cd\u97f3\uff09\uff1at<strong>A<\/strong>blo, nen<strong>I<\/strong>am, rap<strong>I<\/strong>da, taks<strong>I<\/strong>o, famil<strong>I<\/strong>o, revolv<strong>E<\/strong>ro, krokod<strong>I<\/strong>loj, esk<strong>I<\/strong>mo, disk<strong>U<\/strong>tas, m<strong>E<\/strong>tro, metr<strong>O<\/strong>o, <strong>A<\/strong>pud, anst<strong>A<\/strong>ta\u016d, tr<strong>I<\/strong>cent, m<strong>A<\/strong>lpli, <strong>E<\/strong>kde, \u7b49\u3002<\/p>\n<p>\u8bcd\u5c3eO\u53ef\u4ee5\u7531\u7701\u97f3\u7b26\u66ff\u4ee3\u3002\u4eba\u4eec\u5c06\u7701\u97f3\u7b26\uff08\u00a78\uff09\u770b\u4f5c\uff08\u4e0d\u53d1\u97f3\u7684\uff09\u5143\u97f3\uff0c\u56e0\u6b64\u91cd\u97f3\u4e0d\u53d8\uff1ataks<strong>I<\/strong>\u2019, famil<strong>I<\/strong>\u2019, revolv<strong>E<\/strong>r\u2019, metr<strong>O<\/strong>\u2019\u3002<\/p>\n<p><strong>\u5143\u97f3\u7684\u97f3\u53d8<\/strong><\/p>\n<p>\u5143\u97f3\u7684\u53d1\u97f3\u4f4d\u7f6e\u53ef\u4ee5\u5728\u4e00\u5b9a\u7684\u8303\u56f4\u5185\u81ea\u7531\u53d8\u5316\u3002\u91cd\u8981\u7684\u4ec5\u4ec5\u662f\uff0c\u6bcf\u4e00\u4e2a\u5143\u97f3\u5728\u4e94\u4e2a\u5143\u97f3\u4e2d\u4e0d\u8981\u76f8\u4e92\u4e4b\u95f4\u8fc7\u5ea6\u9760\u8fd1\u3002<\/p>\n<p>\u5728\u4e16\u754c\u8bed\u4e2d\uff0c\u5143\u97f3\u7684\u957f\u5ea6\u662f\u5b8c\u5168\u6ca1\u6709\u610f\u4e49\u7684\u3002\u4eba\u4eec\u53ef\u4ee5\u968f\u610f\u5730\u5c06\u5b83\u4eec\u53d1\u5f97\u8f83\u957f\u3001\u4e2d\u957f\u6216\u8f83\u77ed\u3002<\/p>\n<p>\u6bcf\u4e00\u4e2a\u4e16\u754c\u8bed\u5143\u97f3\u90fd\u8981\u201c\u65e0\u79fb\u52a8\u5730\u201d\u53d1\u51fa\uff0c\u8fd9\u5c31\u662f\u8bf4\uff0c\u5728\u53d1\u4e00\u4e2a\u5143\u97f3\u65f6\uff0c\u4e0d\u53ef\u4ee5\u542c\u5230\u820c\u5934\u4ece\u53e3\u8154\u4e2d\u7684\u4e00\u4e2a\u4f4d\u7f6e\u79fb\u5411\u53e6\u4e00\u4e2a\u4f4d\u7f6e\u3002\u4f8b\u5982\uff0c\u4e0d\u8981\u5c06E\u53d1\u6210ej\uff0c\u5c06O\u53d1\u6210o\u016d\u3002<\/p>\n<p><strong>1.2.2 <\/strong><strong>\u8f85\u97f3<\/strong><\/p>\n<p><strong>\u8f85\u97f3<\/strong><strong>\u00a0\u00a0\u00a0\u00a0\u00a0\u00a0\u00a0\u00a0\u00a0\u00a0\u00a0\u00a0 <\/strong><strong>\u53d1\u97f3\u63cf\u8ff0<\/strong><strong>\u00a0\u00a0\u00a0\u00a0\u00a0\u00a0\u00a0\u00a0\u00a0\u00a0\u00a0\u00a0\u00a0\u00a0\u00a0\u00a0\u00a0\u00a0\u00a0\u00a0\u00a0\u00a0\u00a0\u00a0\u00a0\u00a0\u00a0\u00a0\u00a0\u00a0\u00a0 <\/strong><strong>\u6839\u636e<\/strong><strong>IFA<\/strong><strong>\u7684\u97f3\u6807\u7b26\u53f7<\/strong><\/p>\n<p><strong>B\u00a0\u00a0\u00a0\u00a0\u00a0\u00a0\u00a0\u00a0\u00a0\u00a0\u00a0\u00a0\u00a0\u00a0\u00a0\u00a0\u00a0 <\/strong>\u7206\u7834\u97f3\uff0c\u5507\u97f3\uff0c\u6d4a\u97f3\u00a0\u00a0\u00a0\u00a0\u00a0\u00a0\u00a0\u00a0\u00a0\u00a0\u00a0\u00a0 [b]<\/p>\n<p><strong>P\u00a0\u00a0\u00a0\u00a0\u00a0\u00a0\u00a0\u00a0\u00a0\u00a0\u00a0\u00a0\u00a0\u00a0\u00a0\u00a0\u00a0\u00a0 <\/strong>\u7206\u7834\u97f3\uff0c\u5507\u97f3\uff0c\u6e05\u97f3\u00a0\u00a0\u00a0\u00a0\u00a0\u00a0\u00a0\u00a0\u00a0\u00a0\u00a0\u00a0 [p]<\/p>\n<p><strong>D\u00a0\u00a0\u00a0\u00a0\u00a0\u00a0\u00a0\u00a0\u00a0\u00a0\u00a0\u00a0\u00a0\u00a0\u00a0\u00a0\u00a0 <\/strong>\u7206\u7834\u97f3\uff0c\u9f7f\u97f3\uff0c\u6d4a\u97f3\u00a0\u00a0\u00a0\u00a0\u00a0\u00a0\u00a0\u00a0\u00a0\u00a0\u00a0\u00a0 [d]<\/p>\n<p><strong>T\u00a0\u00a0\u00a0\u00a0\u00a0\u00a0\u00a0\u00a0\u00a0\u00a0\u00a0\u00a0\u00a0\u00a0\u00a0\u00a0\u00a0 <\/strong>\u7206\u7834\u97f3\uff0c\u9f7f\u97f3\uff0c\u6e05\u97f3\u00a0\u00a0\u00a0\u00a0\u00a0\u00a0\u00a0\u00a0\u00a0\u00a0\u00a0\u00a0 [t]<\/p>\n<p><strong>G\u00a0\u00a0\u00a0\u00a0\u00a0\u00a0\u00a0\u00a0\u00a0\u00a0\u00a0\u00a0\u00a0\u00a0\u00a0\u00a0\u00a0 <\/strong>\u7206\u7834\u97f3\uff0c\u8f6f\u816d\u97f3\uff0c\u6d4a\u97f3\u00a0\u00a0\u00a0\u00a0\u00a0\u00a0\u00a0\u00a0 [g]<\/p>\n<p><strong>K\u00a0\u00a0\u00a0\u00a0\u00a0\u00a0\u00a0\u00a0\u00a0\u00a0\u00a0\u00a0\u00a0\u00a0\u00a0\u00a0\u00a0 <\/strong>\u7206\u7834\u97f3\uff0c\u8f6f\u816d\u97f3\uff0c\u6e05\u97f3\u00a0\u00a0\u00a0\u00a0\u00a0\u00a0\u00a0\u00a0 [k]<\/p>\n<p><strong>V\u00a0\u00a0\u00a0\u00a0\u00a0\u00a0\u00a0\u00a0\u00a0\u00a0\u00a0\u00a0\u00a0\u00a0\u00a0\u00a0\u00a0 <\/strong>\u6469\u64e6\u97f3\uff0c\u5507\u9f7f\u97f3\uff0c\u6d4a\u97f3\u00a0\u00a0\u00a0\u00a0\u00a0\u00a0\u00a0\u00a0 [v]<\/p>\n<p><strong>F\u00a0\u00a0\u00a0\u00a0\u00a0\u00a0\u00a0\u00a0\u00a0\u00a0\u00a0\u00a0\u00a0\u00a0\u00a0\u00a0\u00a0\u00a0 <\/strong>\u6469\u64e6\u97f3\uff0c\u5507\u9f7f\u97f3\uff0c\u6e05\u97f3\u00a0\u00a0\u00a0\u00a0\u00a0\u00a0\u00a0\u00a0 [f]<\/p>\n<p><strong>Z\u00a0\u00a0\u00a0\u00a0\u00a0\u00a0\u00a0\u00a0\u00a0\u00a0\u00a0\u00a0\u00a0\u00a0\u00a0\u00a0\u00a0\u00a0 <\/strong>\u6469\u64e6\u97f3\uff0c\u9f7f\u97f3\uff0c\u6d4a\u97f3\u00a0\u00a0\u00a0\u00a0\u00a0\u00a0\u00a0\u00a0\u00a0\u00a0\u00a0\u00a0 [z]<\/p>\n<p><strong>S\u00a0\u00a0\u00a0\u00a0\u00a0\u00a0\u00a0\u00a0\u00a0\u00a0\u00a0\u00a0\u00a0\u00a0\u00a0\u00a0\u00a0\u00a0 <\/strong>\u6469\u64e6\u97f3\uff0c\u9f7f\u97f3\uff0c\u6e05\u97f3\u00a0\u00a0\u00a0\u00a0\u00a0\u00a0\u00a0\u00a0\u00a0\u00a0\u00a0\u00a0 [s]<\/p>\n<p><strong>\u0134\u00a0\u00a0\u00a0\u00a0\u00a0\u00a0\u00a0\u00a0\u00a0\u00a0\u00a0\u00a0\u00a0\u00a0\u00a0\u00a0\u00a0\u00a0 <\/strong>\u6469\u64e6\u97f3\uff0c\u9f7f\u9f88\u97f3\uff0c\u6d4a\u97f3\u00a0\u00a0\u00a0\u00a0\u00a0\u00a0\u00a0\u00a0 [\u0292]<\/p>\n<p><strong>\u015c\u00a0\u00a0\u00a0\u00a0\u00a0\u00a0\u00a0\u00a0\u00a0\u00a0\u00a0\u00a0\u00a0\u00a0\u00a0\u00a0\u00a0\u00a0 <\/strong>\u6469\u64e6\u97f3\uff0c\u9f7f\u9f88\u97f3\uff0c\u6e05\u97f3\u00a0\u00a0\u00a0\u00a0\u00a0\u00a0\u00a0\u00a0 [\u0283]<\/p>\n<p><strong>\u0124\u00a0\u00a0\u00a0\u00a0\u00a0\u00a0\u00a0\u00a0\u00a0\u00a0\u00a0\u00a0\u00a0\u00a0\u00a0\u00a0\u00a0 <\/strong>\u6469\u64e6\u97f3\uff0c\u8f6f\u816d\u97f3\uff0c\u6e05\u97f3\u00a0\u00a0\u00a0\u00a0\u00a0\u00a0\u00a0\u00a0 [x]<\/p>\n<p><strong>H\u00a0\u00a0\u00a0\u00a0\u00a0\u00a0\u00a0\u00a0\u00a0\u00a0\u00a0\u00a0\u00a0\u00a0\u00a0\u00a0\u00a0 <\/strong>\u6469\u64e6\u97f3\uff0c\u5589\u97f3\uff0c\u6e05\u97f3\u00a0\u00a0\u00a0\u00a0\u00a0\u00a0\u00a0\u00a0\u00a0\u00a0\u00a0\u00a0 [h]<\/p>\n<p><strong>C\u00a0\u00a0\u00a0\u00a0\u00a0\u00a0\u00a0\u00a0\u00a0\u00a0\u00a0\u00a0\u00a0\u00a0\u00a0\u00a0\u00a0 <\/strong>\u585e\u64e6\u97f3\uff0c\u9f7f\u97f3\uff0c\u6e05\u97f3\u00a0\u00a0\u00a0\u00a0\u00a0\u00a0\u00a0\u00a0\u00a0\u00a0\u00a0\u00a0 [\u02a6]<\/p>\n<p><strong>\u011c\u00a0\u00a0\u00a0\u00a0\u00a0\u00a0\u00a0\u00a0\u00a0\u00a0\u00a0\u00a0\u00a0\u00a0\u00a0\u00a0\u00a0 <\/strong>\u585e\u64e6\u97f3\uff0c\u9f7f\u9f88\u97f3\uff0c\u6d4a\u97f3\u00a0\u00a0\u00a0\u00a0\u00a0\u00a0\u00a0\u00a0 [\u02a4]<\/p>\n<p><strong>\u0108\u00a0\u00a0\u00a0\u00a0\u00a0\u00a0\u00a0\u00a0\u00a0\u00a0\u00a0\u00a0\u00a0\u00a0\u00a0\u00a0\u00a0 <\/strong>\u585e\u64e6\u97f3\uff0c\u9f7f\u9f88\u97f3\uff0c\u6e05\u97f3\u00a0\u00a0\u00a0\u00a0\u00a0\u00a0\u00a0\u00a0 [\u02a7]<\/p>\n<p><strong>M\u00a0\u00a0\u00a0\u00a0\u00a0\u00a0\u00a0\u00a0\u00a0\u00a0\u00a0\u00a0\u00a0\u00a0\u00a0\u00a0 <\/strong>\u9f3b\u97f3\uff0c\u5507\u97f3\uff0c\u6d4a\u97f3\u00a0\u00a0\u00a0\u00a0\u00a0\u00a0\u00a0\u00a0\u00a0\u00a0\u00a0\u00a0\u00a0\u00a0\u00a0\u00a0 [m]<\/p>\n<p><strong>N\u00a0\u00a0\u00a0\u00a0\u00a0\u00a0\u00a0\u00a0\u00a0\u00a0\u00a0\u00a0\u00a0\u00a0\u00a0\u00a0\u00a0 <\/strong>\u9f3b\u97f3\uff0c\u9f7f\u97f3\uff0c\u6d4a\u97f3\u00a0\u00a0\u00a0\u00a0\u00a0\u00a0\u00a0\u00a0\u00a0\u00a0\u00a0\u00a0\u00a0\u00a0\u00a0\u00a0 [n]<\/p>\n<p><strong>L\u00a0\u00a0\u00a0\u00a0\u00a0\u00a0\u00a0\u00a0\u00a0\u00a0\u00a0\u00a0\u00a0\u00a0\u00a0\u00a0\u00a0 <\/strong>\u8fb9\u97f3\uff0c\u9f7f\u97f3\uff0c\u6d4a\u97f3\u00a0\u00a0\u00a0\u00a0\u00a0\u00a0\u00a0\u00a0\u00a0\u00a0\u00a0\u00a0\u00a0\u00a0\u00a0\u00a0 [l]<\/p>\n<p><strong>R\u00a0\u00a0\u00a0\u00a0\u00a0\u00a0\u00a0\u00a0\u00a0\u00a0\u00a0\u00a0\u00a0\u00a0\u00a0\u00a0\u00a0 <\/strong>\u98a4\u97f3\uff0c\u9f7f\u97f3\uff0c\u6d4a\u97f3\u00a0\u00a0\u00a0\u00a0\u00a0\u00a0\u00a0\u00a0\u00a0\u00a0\u00a0\u00a0\u00a0\u00a0\u00a0\u00a0 [r]<\/p>\n<p><strong>J\u00a0\u00a0\u00a0\u00a0\u00a0\u00a0\u00a0\u00a0\u00a0\u00a0\u00a0\u00a0\u00a0\u00a0\u00a0\u00a0\u00a0\u00a0 <\/strong>\u534a\u5143\u97f3\uff0c\u7a84\uff0c\u524d\u00a0\u00a0\u00a0\u00a0\u00a0\u00a0\u00a0\u00a0\u00a0\u00a0\u00a0\u00a0\u00a0\u00a0\u00a0\u00a0\u00a0\u00a0\u00a0\u00a0 [j]<\/p>\n<p><strong>\u016c\u00a0\u00a0\u00a0\u00a0\u00a0\u00a0\u00a0\u00a0\u00a0\u00a0\u00a0\u00a0\u00a0\u00a0\u00a0\u00a0\u00a0 <\/strong>\u534a\u5143\u97f3\uff0c\u7a84\uff0c\u540e\u00a0\u00a0\u00a0\u00a0\u00a0\u00a0\u00a0\u00a0\u00a0\u00a0\u00a0\u00a0\u00a0\u00a0\u00a0\u00a0\u00a0\u00a0\u00a0\u00a0 [w]<\/p>\n<p><strong>\u534a\u5143\u97f3<\/strong><\/p>\n<p>\u6309\u7167\u53d1\u97f3\u65b9\u5f0f\uff0c\u534a\u5143\u97f3J\u548c\u016c\u662f\u5143\u97f3\uff0c\u4f46\u662f\u5728\u4e16\u754c\u8bed\u4e2d\u5b83\u4eec\u8d77\u8f85\u97f3\u7684\u4f5c\u7528\u3002\u5b83\u4eec\u59cb\u7ec8\u662f\u77ed\u97f3\uff0c\u4ece\u6765\u4e0d\u80fd\u63a5\u53d7\u91cd\u97f3\u3002\u534a\u5143\u97f3\u59cb\u7ec8\u51fa\u73b0\u5728\u771f\u6b63\u7684\u5143\u97f3\u4e4b\u524d\u6216\u4e4b\u540e\u3002\u016c\u4e00\u822c\u53ea\u51fa\u73b0\u5728a\u016d, e\u016d\u7b49\u7ec4\u5408\u4e2d\u3002<\/p>\n<p><strong>\u8f85\u97f3\u7684\u97f3\u53d8<\/strong><\/p>\n<p>\u5f53\u6e05\u8f85\u97f3\u76f4\u63a5\u4f4d\u4e8e\u6d4a\u8f85\u97f3\u4e4b\u524d\u65f6\uff0c\u8bb8\u591a\u4eba\u503e\u5411\u4e8e\u5c06\u5176\u6d4a\u5316\uff1a<em>akvo<\/em> \u2192 \u201cagvo\u201d, <em>okdek<\/em> \u2192 \u201cogdek\u201d\u3002\u76f8\u53cd\uff0c\u5f53\u6d4a\u8f85\u97f3\u4f4d\u4e8e\u6e05\u8f85\u97f3\u4e4b\u524d\u65f6\uff0c\u8bb8\u591a\u4eba\u503e\u5411\u4e8e\u5c06\u5176\u6e05\u5316\uff1a<em>subtaso<\/em>\u00a0\u2192 \u201csuptaso\u201d, <em>absolute<\/em>\u2192 \u201capsolute\u201d\u3002\u8fd9\u6837\u7684\u6539\u53d8\u539f\u5219\u4e0a\u6c38\u8fdc\u4e0d\u4f1a\u662f\u6b63\u786e\u7684\uff0c\u4f46\u662f\uff0c\u5982\u679c\u5b83\u4eec\u4e0d\u81f4\u5f15\u8d77\u8bef\u89e3\u7684\u8bdd\uff0c\u5728\u5b9e\u8df5\u4e2d\u5374\u5e38\u5e38\u662f\u88ab\u5bb9\u5fcd\u7684\u3002\u6709\u65f6\uff0c\u6709\u4e9b\u4eba\u53ef\u80fd\u503e\u5411\u4e8e\u5c06\u8bcd\u672b\u5c3e\u7684\u6d4a\u8f85\u97f3\u6e05\u5316\uff1a<em>apud <\/em>\u2192 \u201caput\u201d, <em>sed<\/em> \u2192 \u201cset\u201d, <em>hund\u2019<\/em>\u2192 \u201chunt\u201d, <em>naz\u2019<\/em> \u2192 \u201cnas\u201d\u3002\u8fd9\u6837\u7684\u6539\u53d8\u5374\u662f\u4e0d\u88ab\u63a5\u53d7\u7684\uff0c\u5e94\u52a0\u4ee5\u907f\u514d\u3002<\/p>\n<p>\u8bf4\u67d0\u4e9b\u8bed\u8a00\u7684\u4eba\u503e\u5411\u4e8e\u5c06\u8f85\u97f3\u8fde\u7f00KV\u548cGV\u5206\u522b\u53d1\u6210k\u016d\u548cg\u016d\uff1a<em>akvo<\/em> \u2192 \u201cak\u016do\u201d, <em>kvin<\/em> \u2192 \u201ck\u016din\u201d, <em>gvidi<\/em> \u2192 \u201cg\u016didi\u201d\u3002\u5728\u4e16\u754c\u8bed\u8bcd\u4e2d\uff0c\u016c\u4ece\u6765\u4e0d\u53ef\u4ee5\u76f4\u63a5\u8ddf\u5728\u8f85\u97f3\u4e4b\u540e\uff0c\u56e0\u6b64\uff0c\u51e0\u4e4e\u4e0d\u4f1a\u4ea7\u751f\u8bef\u89e3\uff0c\u4f46\u662f\u8fd9\u79cd\u53d1\u97f3\u4e00\u822c\u8ba4\u4e3a\u662f\u4e0d\u6b63\u786e\u7684\u3002<\/p>\n<p>\u5728\u4e00\u4e9b\u8bed\u8a00\u4e2d\uff0c\u4eba\u4eec\u4ee5\u9001\u6c14\u7684\u65b9\u5f0f\u53d1P, T, K, C, \u0108\u7b49\u97f3\uff0c\u5c31\u50cf\u540e\u63a5\u4e86\u4e00\u4e2a\u5f31H\u97f3\u3002\u5728\u4e16\u754c\u8bed\u4e2d\uff0c\u8fd9\u4e9b\u8f85\u97f3\u4e00\u822c\u662f\u4e0d\u9001\u6c14\u7684\uff0c\u4f46\u662f\u5728\u8fd9\u70b9\u4e0a\u5e76\u4e0d\u5b58\u5728\u89c4\u5b9a\u3002\u4e8e\u662f\uff0c\u5982\u679c\u4eba\u4eec\u613f\u610f\uff0c\u5c31\u53ef\u4ee5\u53d1\u9001\u6c14\u97f3\uff0c\u4f46\u662f\u8981\u6ce8\u610f\uff0c\u9001\u6c14\u97f3\u4e0d\u8981\u53d1\u6210\u5b8c\u5168\u7684H\u97f3\u3002<\/p>\n<p>L\u97f3\u662f\u7531\u7259\u9f7f\u7684\u5c40\u90e8\u963b\u585e\u800c\u5f62\u6210\u7684\u3002\u5982\u679c\u4ec5\u4ec5\u5728\u90a3\u91cc\u963b\u585e\uff0cL\u97f3\u53d1\u97f3\u201c\u6e05\u6670\u201d\u3002\u5982\u679c\u820c\u540e\u90e8\u540c\u65f6\u5411\u8f6f\u816d\u62ac\u8d77\uff0cL\u97f3\u53d1\u97f3\u201c\u6a21\u7cca\u201d\uff08\u4ee5\u7c7b\u4f3cu\u97f3\u7684\u65b9\u5f0f\uff09\u3002\u8fd9\u79cd\u6a21\u7cca\u7684L\u97f3\u662f\u5b8c\u597d\u7684\u9009\u62e9\uff0c\u4f46\u662f\u8981\u6ce8\u610f\uff0c\u4e0d\u8981\u5c06\u5b83\u53d1\u6210\u016c\u97f3\u3002\u5982\u679c\u7259\u9f7f\u7684\u4e3b\u8981\u963b\u585e\u6d88\u5931\u7684\u8bdd\uff0c\u8fd9\u79cd\u60c5\u51b5\u5c31\u4f1a\u53d1\u751f\u3002<\/p>\n<p>\u5f53N\u4f4d\u4e8e\u9f7f\u9f88\u97f3\u6216\u8f6f\u816d\u97f3\u4e4b\u524d\u65f6\uff0c\u4eba\u4eec\u503e\u5411\u4e8e\u5c06N\u53d8\u4e3a\u9f7f\u9f88\u97f3\uff08\u5c0f\u7684\u533a\u522b\uff09\u6216\u53d8\u4e3a\u8f6f\u816d\u97f3\uff08\u5927\u7684\u533a\u522b\uff09\uff0c\u4ee5\u65b9\u4fbf\u53d1\u97f3\uff1atran\u0109i, man\u011di, longa, banko\u7b49\u3002\u8fd9\u662f\u6ca1\u6709\u95ee\u9898\u7684\uff0c\u56e0\u4e3a\u4e0d\u5b58\u5728N\u4f1a\u4e0e\u4e4b\u6df7\u6dc6\u7684\u9f7f\u9f88\u9f3b\u97f3\u6216\u8f6f\u816d\u9f3b\u97f3\u3002\u76f8\u7c7b\u4f3c\u7684\uff0c\u5728\u5176\u4ed6\u5507\u9f7f\u97f3\u4e4b\u524d\uff0c\u4eba\u4eec\u503e\u5411\u4e8e\u5c06M\u53d1\u6210\u5507\u9f7f\u97f3\uff1aamforo, \u015da\u016dmvino\u7b49\u3002\u8fd9\u4e5f\u662f\u6ca1\u6709\u95ee\u9898\u7684\u3002\u4f46\u662f\u8981\u6ce8\u610f\uff0c\u4e0d\u8981\u5c06N\u53d1\u6210\u5507\u9f7f\u97f3\uff1ainfero, enveni\u7b49\uff0c\u56e0\u4e3a\u8fd9\u65f6\u4eba\u4eec\u4f1a\u6df7\u6dc6N\u548cM\uff0c\u800c\u8fd9\u662f\u4e0d\u53ef\u63a5\u53d7\u7684\u3002\u5f53\u7136\uff0c\u4eba\u4eec\u53ef\u4ee5\u6c38\u8fdc\u4f7f\u7528N\u548cM\u7684\u57fa\u672c\u53d1\u97f3\u3002<\/p>\n<p>R\u5728\u6b63\u5e38\u60c5\u51b5\u4e0b\u4e3a\u9f7f\u97f3\uff0c\u800c\u5b9e\u9645\u4e0a\u4eba\u4eec\u5728\u53e3\u8154\u7684\u54ea\u4e2a\u90e8\u4f4d\u53d1\u6b64\u97f3\u5e76\u4e0d\u91cd\u8981\u3002\u4f8b\u5982\uff0c\u8f6f\u816d\u97f3R\u662f\u4e00\u4e2a\u5b8c\u597d\u7684\u9009\u62e9\u3002\u6709\u5173R\u7684\u91cd\u8981\u4e00\u70b9\u662f\uff0c\u5b83\u5e94\u662f\u98a4\u97f3\u3002\u4e8e\u662f\uff0c\u8f6f\u816d\u97f3R\u6700\u597d\u4e5f\u5e94\u662f\u98a4\u97f3\uff08\u5b83\u5e94\u662f\u201c\u88ab\u6eda\u52a8\u7684\u201d\uff09\uff0c\u8fd9\u5c31\u662f\u8bf4\uff0c\u5c0f\u820c\u671d\u5411\u820c\u8eab\u98a4\u52a8\u3002R\u5728\u8bcd\u7684\u6240\u6709\u4f4d\u7f6e\u90fd\u540c\u6837\u8981\u98a4\u52a8\u3002\u4f8b\u5982\uff0c\u5728rivero\u4e00\u8bcd\u4e2d\uff0c\u4e24\u4e2aR\u90fd\u8981\u53d1\u51fa\u6765\u3002\u4eba\u4eec\u4e5f\u4f7f\u7528\u5404\u79cd\u5176\u4ed6\u79cd\u7c7b\u7684R\u97f3\uff0c\u5728\u5b9e\u8df5\u4e2d\u4e5f\u8db3\u4ee5\u88ab\u63a5\u53d7\u3002\u7136\u800c\uff0c\u4eba\u4eec\u8981\u6ce8\u610fR\u97f3\u4e0d\u8981\u4e0e\u5176\u4ed6\u8f85\u97f3\u6df7\u6dc6\uff0c\u6216\u4e0e\u4e94\u4e2a\u5143\u97f3\u7684\u4efb\u4f55\u4e00\u4e2a\u6df7\u6dc6\u3002<\/p>\n<p>\u5728\u4e16\u754c\u8bed\u4e2d\uff0c\u8f85\u97f3\u7684\u957f\u5ea6\u662f\u5b8c\u5168\u6ca1\u6709\u610f\u4e49\u7684\u3002\u4eba\u4eec\u53ef\u4ee5\u968f\u610f\u5730\u5c06\u5b83\u4eec\u53d1\u5f97\u8f83\u957f\u3001\u4e2d\u957f\u6216\u8f83\u77ed\u3002<\/p>\n<p>&nbsp;<\/p>\n<p>\u4e2d\u56fd\u4e16\u754c\u8bed\u7f51\u7ad9\u7eff\u7f51<br \/>\nVerda Reto, la \u0109ina esperanta retejo<br \/>\n<a href=\"https:\/\/reto.cn\/\">https:\/\/reto.cn<br \/>\n<\/a><\/p>\n<p><a href=\"https:\/\/reto.cn\/php\/hanyu\/detala-lernu-gramatiko\/\">\u8fd4\u56de\u4e16\u754c\u8bed\u8be6\u89e3\u8bed\u6cd5\u76ee\u5f55<\/a><\/p>\n","protected":false},"excerpt":{"rendered":"<p>\u4e16\u754c\u8bed\u8be6\u89e3\u8bed\u6cd5 \u7b2c1\u7ae0\u00a0 \u4e66\u5199\u4e0e\u53d1\u97f3 1.1 \u5b57\u6bcd \u4ee5\u4e0b\u662f\u4e16\u754c\u8bed\u5b57\u6bcd\u8868\uff1a \u5927\u5199\u5b57\u6bcd A, B, C, \u0108, D\u2026 <span class=\"read-more\"><a href=\"https:\/\/reto.cn\/php\/hanyu\/gramatiko_de_esperanto\/detala-lernu-gramatiko\/skribo_kaj_elparolo\/\">\u7ee7\u7eed\u9605\u8bfb Legi pli &raquo;<\/a><\/span><\/p>\n","protected":false},"author":1,"featured_media":0,"parent":6989,"menu_order":1,"comment_status":"open","ping_status":"closed","template":"","meta":{"footnotes":""},"_links":{"self":[{"href":"https:\/\/reto.cn\/php\/hanyu\/wp-json\/wp\/v2\/pages\/7021"}],"collection":[{"href":"https:\/\/reto.cn\/php\/hanyu\/wp-json\/wp\/v2\/pages"}],"about":[{"href":"https:\/\/reto.cn\/php\/hanyu\/wp-json\/wp\/v2\/types\/page"}],"author":[{"embeddable":true,"href":"https:\/\/reto.cn\/php\/hanyu\/wp-json\/wp\/v2\/users\/1"}],"replies":[{"embeddable":true,"href":"https:\/\/reto.cn\/php\/hanyu\/wp-json\/wp\/v2\/comments?post=7021"}],"version-history":[{"count":0,"href":"https:\/\/reto.cn\/php\/hanyu\/wp-json\/wp\/v2\/pages\/7021\/revisions"}],"up":[{"embeddable":true,"href":"https:\/\/reto.cn\/php\/hanyu\/wp-json\/wp\/v2\/pages\/6989"}],"wp:attachment":[{"href":"https:\/\/reto.cn\/php\/hanyu\/wp-json\/wp\/v2\/media?parent=7021"}],"curies":[{"name":"wp","href":"https:\/\/api.w.org\/{rel}","templated":true}]}}