{"id":7128,"date":"2021-07-24T12:50:42","date_gmt":"2021-07-24T04:50:42","guid":{"rendered":"http:\/\/reto.cn\/php\/hanyu\/?page_id=7128"},"modified":"2023-07-06T22:52:58","modified_gmt":"2023-07-06T14:52:58","slug":"lokaj_prepozicioj","status":"publish","type":"page","link":"https:\/\/reto.cn\/php\/hanyu\/gramatiko_de_esperanto\/detala-lernu-gramatiko\/lokaj_prepozicioj\/","title":{"rendered":"\u4e16\u754c\u8bed\u8be6\u89e3\u8bed\u6cd5 \u5730\u70b9\u4ecb\u8bcd"},"content":{"rendered":"<p>&nbsp;<\/p>\n<header class=\"entry-header\">\n<h3>\u4e16\u754c\u8bed\u8be6\u89e3\u8bed\u6cd5<\/h3>\n<h3 style=\"text-align: center;\">10.3.1\u00a0 \u5730\u70b9\u4ecb\u8bcd<\/h3>\n<\/header>\n<div class=\"entry-content\">\n<div class=\"entry-content\"><strong>10.3.1 <\/strong><strong>\u5730\u70b9\u4ecb\u8bcd<\/strong><br \/>\n\u5730\u70b9\u4ecb\u8bcd\u8868\u793a\u5728\u7a7a\u95f4\u3001\u5e73\u9762\u3001\u7ebf\u6bb5\u53ca\u7c7b\u4f3c\u7269\u4e0a\u7684\u4f4d\u7f6e\u3002\u5176\u4e2d\u591a\u6570\u4e5f\u7528\u6765\u8868\u793a\u65f6\u95f4\uff0c\u56e0\u4e3a\u4eba\u4eec\u5e38\u5e38\u5c06\u65f6\u95f4\u60f3\u8c61\u6210\u7ebf\u6bb5\u3002\u4eba\u4eec\u4e5f\u5c06\u5176\u4ed6\u6982\u5ff5\u5728\u4fee\u8f9e\u4e0a\u8868\u793a\u4e3a\u4f4d\u7f6e\u3002\u5730\u70b9\u610f\u4e49\u5728\u67d0\u4e9b\u5730\u70b9\u4ecb\u8bcd\u4e0a\u662f\u57fa\u672c\u610f\u4e49\uff0c\u800c\u5176\u4ed6\u7528\u6cd5\u5728\u5b9e\u8df5\u4e2d\u53ef\u80fd\u66f4\u5e38\u7528\u3002<br \/>\n<strong>anta\u016d<\/strong><\/p>\n<ul>\n<li>\u8ddd\u8bf4\u8bdd\u4eba\u6700\u8fd1\u4e00\u4fa7\u4e0a\u7684\u4f4d\u7f6e\uff0c\u6216\u662f\u6700\u91cd\u8981\u5373\u4e3b\u8981\u4e00\u4fa7\u4e0a\u7684\u4f4d\u7f6e\u3002\u4eba\u6216\u52a8\u7269\u7684\u524d\u9762\u662f\u9762\u90e8\u4e0e\u773c\u775b\u7684\u90a3\u4e00\u9762\uff1a<strong>Anta\u016d la domo<\/strong> staras arbo.\u00a0 \u623f\u524d\u6709\u4e00\u68f5\u6811\u3002<\/li>\n<li>\u5e8f\u5217\u4e0a\u7684\u4f4d\u7f6e\uff1a\u5176\u4ed6\u4eba\u6240\u8ddf\u8fdb\u7684\u4f4d\u7f6e\uff1aMi iras <strong>anta\u016d vi<\/strong>. \u00a0\u6211\u8d70\u5728\u4f60\u524d\u9762\u3002<\/li>\n<li>\u6bd4\u53e6\u4e00\u65f6\u95f4\u66f4\u65e9\u7684\u65f6\u95f4\uff1a<strong>Anta\u016d tri tagoj <\/strong>mi vizitis vian kuzon. \u00a0\u4e09\u5929\u524d\uff0c\u6211\u62dc\u8bbf\u4e86\u4f60\u7684\u5802\u5144\u3002<\/li>\n<\/ul>\n<p><strong>malanta\u016d<\/strong><\/p>\n<ul>\n<li>\u5728\u540e\u9762\u7684\u4f4d\u7f6e\uff1aTuj <strong>malanta\u016d si<\/strong> \u015di a\u016ddis viran vo\u0109on. \u00a0\u5979\u542c\u5230\u540e\u9762\u6709\u4e00\u4e2a\u7537\u5b50\u7684\u58f0\u97f3\u3002<\/li>\n<\/ul>\n<p><strong>apud<\/strong><\/p>\n<ul>\n<li>\u5728\u67d0\u7269\u4fa7\u9762\u7684\u4f4d\u7f6e\u3002\u901a\u5e38\u662f\u6307\u53f3\u4fa7\u6216\u5de6\u4fa7\uff08\u4e0d\u662f\u524d\u9762\u6216\u540e\u9762\uff09\uff1aLi staris tutan horon <strong>apud la fenestro. <\/strong>\u4ed6\u5728\u7a97\u53e3\u7ad9\u4e86\u6574\u6574\u4e00\u4e2a\u5c0f\u65f6\u3002<\/li>\n<\/ul>\n<p><strong>\u0109e<\/strong><\/p>\n<ul>\n<li>\u975e\u5e38\u8fd1\u7684\u4f4d\u7f6e\uff08\u4e92\u76f8\u63a5\u89e6\u6216\u4e0d\u63a5\u89e6\uff09\u3002\u0108e\u7684\u610f\u601d\u6839\u636e\u4e0a\u4e0b\u6587\u6709\u5f88\u591a\u53d8\u5316\u3002\u5728\u5f88\u591a\u60c5\u51b5\u4e0b\uff0c\u0109e\u53ea\u8868\u793a\u5730\u70b9\uff0c\u4e00\u822c\u5e76\u4e0d\u7cbe\u786e\u8868\u793a\u4f4d\u7f6e\uff1a<strong>\u0108e la angulo de la strato <\/strong>\u015di haltis. \u00a0\u5979\u5728\u8857\u9053\u7684\u62d0\u89d2\u4e0a\u505c\u4e86\u4e0b\u6765\u3002<\/li>\n<li>\u65f6\u95f4\u7684\u8feb\u8fd1\uff1a<strong>\u0108e la komenco de la tagi\u011do\u00a0<\/strong>la\u00a0arbaro aperis bele kovrita de prujno. \u00a0\u5c06\u8fd1\u5929\u660e\u7684\u65f6\u5019\uff0c\u6574\u4e2a\u7684\u6811\u6797\u5df2\u7ecf\u7a7f\u4e0a\u4e86\u4e00\u5c42\u7f8e\u4e3d\u7684\u767d\u971c\u8863\u3002<\/li>\n<\/ul>\n<p><strong>\u0109irka\u016d <\/strong><\/p>\n<ul>\n<li>\u5728\u67d0\u7269\u5468\u56f4\u7684\u4f4d\u7f6e\uff1aLa rabistoj sidis en rondo\u00a0<strong>\u0109irka\u016d la fajro<\/strong>. \u00a0\u5f3a\u76d7\u4eec\u56f4\u7740\u706b\u5750\u7740\u3002<\/li>\n<li>\u5927\u7ea6\u7684\u65f6\u95f4\uff1a<strong>\u0108irka\u016d la mateno<\/strong> la ventego fini\u011dis. \u00a0\u7ea6\u83ab\u5929\u660e\u65f6\u5206\uff0c\u98ce\u66b4\u8fc7\u53bb\u4e86\u3002<\/li>\n<\/ul>\n<p><strong>ekster <\/strong><\/p>\n<ul>\n<li>\u5728\u67d0\u7269\u4e4b\u5916\u7684\u4f4d\u7f6e\uff0c\u5728\u67d0\u7269\u7684\u5916\u4fa7\uff1aMi staras <strong>ekster la domo<\/strong>, kaj li estas interne. \u00a0\u6211\u7ad9\u5728\u5c4b\u5916\uff0c\u4ed6\u5728\u5c4b\u91cc\u3002<\/li>\n<\/ul>\n<p><strong>en <\/strong><\/p>\n<ul>\n<li>\u91cc\u9762\u7684\u4f4d\u7f6e\uff1a<strong>En la \u0109ambro<\/strong> estis tri virinoj. \u00a0\u623f\u95f4\u91cc\u6709\u4e09\u4f4d\u5973\u5b50\u3002<\/li>\n<li>\u89c6\u4e3a\u7a7a\u95f4\u7684\u5730\u65b9\uff0c\u5c3d\u7ba1\u4e25\u683c\u8bf4\u8d77\u6765\u5b83\u662f\u9762\uff1aLa rusoj lo\u011das <strong>en Rusujo<\/strong>. \u00a0\u4fc4\u7f57\u65af\u4eba\u4f4f\u5728\u4fc4\u56fd\u3002<\/li>\n<li>\u770b\u4f3c\u7a7a\u95f4\u7684\u65f6\u95f4\uff0c\u67d0\u4e8b\u5728\u5176\u5185\u90e8\u53d1\u751f\u3002\u65f6\u95f4\u6bb5\u7684\u201c\u5185\u90e8\u201d\u5373\u65f6\u95f4\u6bb5\u7684\u59cb\u7ec8\uff1a<strong>En la tago<\/strong> ni vidas la helan sunon, kaj <strong>en la nokto <\/strong>ni vidas la palan lunon kaj la belajn stelojn. \u00a0\u5728\u767d\u5929\uff0c\u6211\u4eec\u770b\u5230\u660e\u4eae\u7684\u592a\u9633\uff1b\u5728\u591c\u665a\uff0c\u6211\u4eec\u770b\u5230\u7070\u767d\u7684\u6708\u4eae\u548c\u7f8e\u4e3d\u7684\u661f\u661f\u3002<\/li>\n<\/ul>\n<p><strong>inter <\/strong><\/p>\n<ul>\n<li>\u5728\u5176\u4fa7\u9762\u6709\u4e24\u4e2a\u6216\u66f4\u591a\u4e2a\u5176\u4ed6\u4e8b\u7269\u7684\u4f4d\u7f6e\uff1aSur la kameno\u00a0<strong>inter du potoj <\/strong>staras fera kaldrono.\u00a0 \u5728\u4e24\u58f6\u4e4b\u95f4\u7684\u7089\u7076\u4e0a\u6709\u4e00\u53e3\u5927\u94c1\u9505\u3002Ni voja\u011dis\u00a0<strong>inter Pekino kaj \u015canhajo<\/strong>. \u00a0\u6211\u4eec\u5728\u5317\u4eac\u548c\u4e0a\u6d77\u4e24\u5730\u4e4b\u95f4\u65c5\u884c\u3002Estas granda diferenco <strong>inter li kaj mi<\/strong>. \u00a0\u6211\u8ddf\u4ed6\u4e4b\u95f4\u6709\u7740\u5f88\u5927\u7684\u4e0d\u540c\u3002<\/li>\n<li>\uff08\u4e24\u4e2a\u6216\u66f4\u591a\u4e2a\uff09\u53ef\u9009\u9879\uff1aNi elektis <strong>inter \u0108ina restoracio kaj Itala restoracio<\/strong>. \u00a0\u6211\u4eec\u5728\u4e2d\u56fd\u9910\u9986\u548c\u610f\u5927\u5229\u9910\u9986\u4e4b\u95f4\u9009\u62e9\u3002<\/li>\n<li>\u5f52\u96c6\u4f53\u6240\u6709\uff1a<strong>Inter miaj amikoj<\/strong> estas multaj SudAmerikanoj. \u00a0\u6211\u7684\u670b\u53cb\u4e2d\u6709\u8bb8\u591a\u5357\u975e\u4eba\u3002<\/li>\n<li>\u5728\u67d0\u4e00\u65f6\u95f4\u540e\u548c\u53e6\u4e00\u65f6\u95f4\u524d\u7684\u4e0d\u786e\u5207\u7684\u65f6\u95f4\u70b9\uff1aEstis <strong>inter la sepa kaj oka horoj<\/strong> vespere. \u5f53\u65f6\u662f\u665a\u4e0a\u4e03\u3001\u516b\u70b9\u949f\u4e4b\u95f4\u3002<\/li>\n<\/ul>\n<p><strong>kontra\u016d <\/strong><\/p>\n<ul>\n<li>\u5176\u6b63\u9762\u6307\u5411\u53e6\u4e00\u7269\uff08\u7279\u522b\u662f\u8be5\u7269\u7684\u6b63\u9762\uff09\u7684\u67d0\u7269\u7684\u4f4d\u7f6e\u3002\u8fd9\u4e24\u4e2a\u4e8b\u7269\u56e0\u800c\u4f7f\u5176\u6b63\u9762\u4ee5\u76f8\u5bf9\u7684\u65b9\u5411\u76f8\u6307\uff0c\u4e24\u8005\u4e4b\u95f4\u5b58\u6709\u7a7a\u95f4\uff1aLa re\u011do sidis sur sia re\u011da trono en la re\u011da domo, <strong>kontra\u016d la enirejo<\/strong> de la domo.\u00a0 \u3008\u5723\u7ecf\u3009\u738b\u5728\u6bbf\u91cc\u5750\u5728\u5b9d\u5ea7\u4e0a\uff0c\u5bf9\u7740\u6bbf\u95e8\u3002<\/li>\n<li>\uff08\u4e0e\u79fb\u52a8\u52a8\u8bcd\u8fde\u7528\uff09\u79fb\u5411\u53e6\u4e00\u7269\u7684\u67d0\u7269\uff1aIli promenis man-en-mane <strong>kontra\u016d la levi\u011danta suno<\/strong>. \u00a0\u4ed6\u4eec\u624b\u62c9\u624b\u5411\u7740\u5347\u8d77\u7684\u592a\u9633\u6f2b\u6b65\u800c\u53bb\u3002<\/li>\n<li>\u654c\u610f\u3001\u4e0d\u5229\u3001\u5426\u5b9a\u7b49\uff1aMi ne devas agi <strong>kontra\u016d mia konscienco<\/strong>. \u00a0\u6211\u4e0d\u5fc5\u8fdd\u5fc3\u800c\u52a8\u3002<\/li>\n<li>\u4ea4\u6362\u7269\uff1aIli donas konsilojn <strong>kontra\u016d kontanta pago<\/strong>. \u00a0\u4ed6\u4eec\u63d0\u4f9b\u5efa\u8bae\u6765\u6362\u53d6\u73b0\u91d1\u3002<\/li>\n<\/ul>\n<p><strong>post <\/strong><\/p>\n<ul>\n<li>\u6bd4\u53e6\u4e00\u65f6\u95f4\u8fdf\u7684\u65f6\u95f4\uff1a<strong>Post tri monatoj<\/strong> ili geedzi\u011dos. \u00a0\u4ed6\u4eec\u5c06\u5728\u4e09\u4e2a\u6708\u4ee5\u540e\u7ed3\u5a5a\u3002<\/li>\n<li>\u4f9d\u5e8f\u6392\u5217\u7684\u4f4d\u7f6e\uff1aIli staris en vico unu <strong>post la alia<\/strong>. \u00a0\u4ed6\u4eec\u4e00\u4e2a\u63a5\u4e00\u4e2a\u5217\u961f\u7ad9\u7acb\u3002<\/li>\n<li>\u201c\u5728\u2026\u540e\u201d\u7684\u4f4d\u7f6e\uff1a\u015ci a\u016ddis <strong>post si<\/strong>brueton.\u00a0 \u5979\u542c\u5230\u8eab\u540e\u6709\u52a8\u9759\u3002\u73b0\u5728\uff0c\u5728\u8fd9\u6837\u7684\u53e5\u5b50\u4e2d\u901a\u5e38\u4f7f\u7528malanta\u016d\u3002<\/li>\n<\/ul>\n<p><strong>preter <\/strong><\/p>\n<ul>\n<li>\u5728\u5176\u4fa7\u9762\u53d1\u751f\u79fb\u52a8\u7684\u5730\u65b9\u3002\u8be5\u79fb\u52a8\u901a\u5e38\u79bb\u5f00\u8be5\u5730\u800c\u7ee7\u7eed\u524d\u884c\uff0c\u4f46\u662f\u6839\u636e\u4e0a\u4e0b\u6587\u4e5f\u53ef\u80fd\u505c\u7559\u5728\u8be5\u5730\u800c\u4e0d\u524d\u884c\uff1aLi pasis <strong>preter mi<\/strong> sen saluto. \u4ed6\u4e0d\u6253\u62db\u547c\u5c31\u4ece\u6211\u8eab\u8fb9\u8d70\u4e86\u8fc7\u53bb\u3002<\/li>\n<\/ul>\n<p><strong>sub <\/strong><\/p>\n<ul>\n<li>\u6bd4\u51e0\u4e4e\u76f4\u63a5\u4f4d\u4e8e\u5176\u4e0a\u7684\u67d0\u7269\u66f4\u4f4e\u7684\u5730\u65b9\u3002Sub\u6700\u5e38\u7528\u7684\u610f\u601d\u662f\u201c\u5728\u2026\u4e0b\u65b9\u201d\uff08\u201cmalsuper\u201d\uff09\u3002\u8fd9\u65f6\uff0c\u4e0b\u9762\u7684\u7269\u4f53\u901a\u5e38\u4e0d\u63a5\u89e6\u4e0a\u9762\u7684\u7269\u4f53\uff1a\u011ci\u00a0ku\u015das\u00a0<strong>sub la tablo<\/strong>.\u00a0 \u5b83\u5728\u684c\u5b50\u5e95\u4e0b\u3002\u6709\u65f6\uff0csub\u7684\u610f\u601d\u662f\u201c\u5728\u2026\u4e0b\u201d\uff08\u201cmalsur\u201d\uff09\u3002\u8fd9\u65f6\uff0c\u5e95\u4e0b\u7684\u7269\u4f53\u786e\u5b9e\u4e0e\u4e0a\u9762\u7684\u7269\u4f53\u63a5\u89e6\uff1aSekaj folioj krakis <strong>sub liaj piedoj<\/strong>. \u00a0\u5e72\u67af\u7684\u6811\u53f6\u5728\u4ed6\u811a\u4e0b\u5288\u556a\u4f5c\u54cd\u3002<\/li>\n<li>\u88ab\u67d0\u7269\u8986\u76d6\u7684\u5730\u65b9\uff0c\u4e0d\u4f9d\u9644\u4e8e\u4e0a\u9762\u7684\u7269\u4f53\uff1a\u015ci portas la libron <strong>sub la brako<\/strong>. \u00a0\u5979\u7528\u80f3\u818a\u5939\u7740\u4e66\u3002<\/li>\n<\/ul>\n<p><strong>super <\/strong><\/p>\n<ul>\n<li>\u6bd4\u51e0\u4e4e\u76f4\u63a5\u4f4d\u4e8e\u5176\u4e0b\u7684\u67d0\u7269\u66f4\u9ad8\u7684\u5730\u65b9\u3002\u5728\u8fd9\u4e24\u5904\u4e4b\u95f4\u901a\u5e38\u6709\u7740\u7a7a\u95f4\uff0c\u56e0\u6b64\u4e92\u4e0d\u63a5\u89e6\uff1a<strong>Super ni <\/strong>briletas la steloj. \u00a0\u661f\u661f\u5728\u6211\u4eec\u4e0a\u65b9\u95ea\u70c1\u3002\u7136\u800c\u6709\u65f6\u6709\u7740\u76f8\u4e92\u63a5\u89e6\uff0c\u4f46\u662f\u5fae\u4e4e\u5176\u5fae\u800c\u4e0d\u88ab\u4eba\u8003\u8651\uff1a<strong>Super la tero<\/strong> sin trovas aero. \u00a0\u5730\u7403\u4e0a\u6709\u7a7a\u6c14\u3002\u5982\u679c\u6709\u91cd\u8981\u7684\u76f8\u4e92\u63a5\u89e6\uff0c\u5c31\u7528sur\u3002<\/li>\n<li>\u4e0d\u533a\u5206\u9ad8\u5ea6\u6216\u76f8\u4e92\u63a5\u89e6\u7684\u8986\u76d6\uff1a\u015ciaj longaj blondaj haroj pendis <strong>super \u015dia nuko<\/strong>. \u00a0\u5979\u7684\u91d1\u8272\u957f\u53d1\u5782\u5728\u80a9\u4e0a\u3002<\/li>\n<\/ul>\n<p><strong>sur <\/strong><\/p>\n<ul>\n<li>\u5728\u67d0\u7269\u8868\u9762\u7684\u5730\u65b9\u3002\u901a\u5e38\u6d89\u53ca\u5230\u652f\u6491\u3001\u88ab\u56fa\u5b9a\u3001\u6324\u538b\u3001\u63a5\u89e6\u6027\u8986\u76d6\u6216\u5176\u4ed6\u91cd\u8981\u7684\u76f8\u4e92\u63a5\u89e6\u3002\u6700\u4e3a\u5e38\u89c1\u7684\u662f\uff0csur\u8868\u793a\u9ad8\u4e8e\u88ab\u63a5\u89e6\u9762\u7684\u76f8\u4e92\u63a5\u89e6\u7684\u4f4d\u7f6e\uff1a<strong>Sur la tero <\/strong>ku\u015das \u015dtono.\u00a0 \u5730\u4e0a\u6709\u77f3\u5934\u3002\u4f46\u662f\uff0csur\u4e5f\u53ef\u4ee5\u4e0d\u533a\u5206\u9ad8\u5ea6\u800c\u8868\u793a\u9762\u4e0a\u7684\u4f4d\u7f6e\uff1aMeze <strong>sur la muro<\/strong> pendis portreto. \u00a0\u5899\u4e2d\u592e\u6302\u7740\u4e00\u5e45\u753b\u50cf\u3002<\/li>\n<\/ul>\n<p><strong>tra <\/strong><\/p>\n<ul>\n<li>\u79fb\u52a8\u5728\u5176\u5185\u90e8\u8fdb\u884c\u7684\u5730\u65b9\u3002\u8be5\u79fb\u52a8\u59cb\u4e8e\u4e8b\u7269\u5916\u90e8\uff0c\u8fdb\u5165\u5176\u4e2d\uff0c\u518d\u524d\u884c\u81f3\u4e8b\u7269\u7684\u53e6\u4e00\u7aef\u3002\u8be5\u79fb\u52a8\u4e5f\u53ef\u4ee5\u59cb\u4e8e\u4e00\u7aef\uff0c\u5e76\u5411\u53e6\u4e00\u7aef\u5ef6\u7eed\u3002\u6839\u636e\u4e0a\u4e0b\u6587\uff0c\u8be5\u79fb\u52a8\u53ef\u4ee5\u79bb\u5f00\u8be5\u5730\u800c\u524d\u884c\uff0c\u6216\u505c\u7559\u5728\u8be5\u5730\u800c\u4e0d\u524d\u884c\uff1a<strong>Tra la fenestro\u00a0<\/strong>la vaporo iras sur la korton. \u00a0\u84b8\u6c14\u900f\u8fc7\u7a97\u6237\u98d8\u5230\u9662\u5185\u3002\u7136\u800c\uff0c\u8be5\u79fb\u52a8\u5e38\u5e38\u5e76\u975e\u4e25\u683c\u5730\u4ece\u4e00\u4fa7\u884c\u81f3\u53e6\u4e00\u4fa7\uff0c\u800c\u662f\u975e\u7cbe\u786e\u5730\u5728\u4e8b\u7269\u5185\u90e8\u4ece\u4e00\u5730\u884c\u81f3\u53e6\u4e00\u5730\uff1aLa soldatoj kondukis la arestitojn <strong>tra la stratoj<\/strong>. \u00a0\u58eb\u5175\u4eec\u62bc\u7740\u88ab\u6355\u8005\u7a7f\u8fc7\u5927\u8857\u3002<\/li>\n<li>\u5728\u81ea\u59cb\u81f3\u7ec8\u7684\u6574\u4e2a\u671f\u95f4\uff1aIli festis <strong>tra la tuta nokto<\/strong>. \u00a0\u4ed6\u4eec\u5f7b\u591c\u6b22\u5e86\u3002<\/li>\n<\/ul>\n<p><strong>trans <\/strong><\/p>\n<ul>\n<li>\u201c\u5728\u2026\u7684\u53e6\u4e00\u4fa7\u201d\u7684\u4f4d\u7f6e\u3002\u5f53\u4e00\u5b9a\u8981\u8d70\u5728\u6709\u5173\u4e8b\u7269\u4e4b\u4e0a\u6216\u4e0a\u65b9\u4ee5\u4fbf\u5230\u8fbe\u53e6\u4e00\u8fb9\u65f6\uff0c\u5c31\u4f7f\u7528trans\uff1aLi lo\u011das <strong>trans la strato<\/strong>. \u00a0\u4ed6\u4f4f\u5728\u8857\u5bf9\u9762\u3002<\/li>\n<\/ul>\n<p><strong>maltrans <\/strong><\/p>\n<ul>\n<li>\u201c\u5728\u2026\u7684\u8fd9\u4e00\u4fa7\u201d\u7684\u4f4d\u7f6e\u3002Maltrans\u6781\u5176\u5c11\u7528\uff0c\u66f4\u4e3a\u4e60\u60ef\u7684\u662f\u77ed\u8bed\u0109iflanke de\uff1aPrefere restu <strong>maltrans la rivero<\/strong>. = Prefere restu <strong>\u0109iflanke de la rivero<\/strong>.\u00a0 \u6700\u597d\u7559\u5728\u6cb3\u8fd9\u8fb9\u3002<\/li>\n<\/ul>\n<p>\u4e3a\u4e86\u8868\u793a\u5411\u6709\u5173\u5730\u70b9\uff0f\u4f4d\u7f6e\u7684\u79fb\u52a8\uff0c\u5e38\u7528\u201c\u5730\u70b9\u4ecb\u8bcd\uff0b\u8868\u793a\u65b9\u5411\u7684N\u8bcd\u5c3e\u201d\uff08\u00a710.2.4\uff09\u3002<\/p>\n<p>\u4e2d\u56fd\u4e16\u754c\u8bed\u7f51\u7ad9\u7eff\u7f51<br \/>\nVerda Reto, la \u0109ina esperanta retejo<br \/>\n<a href=\"https:\/\/reto.cn\/\">https:\/\/reto.cn<br \/>\n<\/a><br \/>\n<a href=\"https:\/\/reto.cn\/php\/hanyu\/detala-lernu-gramatiko\/\">\u8fd4\u56de\u4e16\u754c\u8bed\u8be6\u89e3\u8bed\u6cd5\u76ee\u5f55<\/a><\/p>\n<\/div>\n<\/div>\n","protected":false},"excerpt":{"rendered":"<p>&nbsp; \u4e16\u754c\u8bed\u8be6\u89e3\u8bed\u6cd5 10.3.1\u00a0 \u5730\u70b9\u4ecb\u8bcd 10.3.1 \u5730\u70b9\u4ecb\u8bcd \u5730\u70b9\u4ecb\u8bcd\u8868\u793a\u5728\u7a7a\u95f4\u3001\u5e73\u9762\u3001\u7ebf\u6bb5\u2026 <span class=\"read-more\"><a href=\"https:\/\/reto.cn\/php\/hanyu\/gramatiko_de_esperanto\/detala-lernu-gramatiko\/lokaj_prepozicioj\/\">\u7ee7\u7eed\u9605\u8bfb Legi pli &raquo;<\/a><\/span><\/p>\n","protected":false},"author":1,"featured_media":0,"parent":6989,"menu_order":1031,"comment_status":"open","ping_status":"closed","template":"","meta":{"footnotes":""},"_links":{"self":[{"href":"https:\/\/reto.cn\/php\/hanyu\/wp-json\/wp\/v2\/pages\/7128"}],"collection":[{"href":"https:\/\/reto.cn\/php\/hanyu\/wp-json\/wp\/v2\/pages"}],"about":[{"href":"https:\/\/reto.cn\/php\/hanyu\/wp-json\/wp\/v2\/types\/page"}],"author":[{"embeddable":true,"href":"https:\/\/reto.cn\/php\/hanyu\/wp-json\/wp\/v2\/users\/1"}],"replies":[{"embeddable":true,"href":"https:\/\/reto.cn\/php\/hanyu\/wp-json\/wp\/v2\/comments?post=7128"}],"version-history":[{"count":0,"href":"https:\/\/reto.cn\/php\/hanyu\/wp-json\/wp\/v2\/pages\/7128\/revisions"}],"up":[{"embeddable":true,"href":"https:\/\/reto.cn\/php\/hanyu\/wp-json\/wp\/v2\/pages\/6989"}],"wp:attachment":[{"href":"https:\/\/reto.cn\/php\/hanyu\/wp-json\/wp\/v2\/media?parent=7128"}],"curies":[{"name":"wp","href":"https:\/\/api.w.org\/{rel}","templated":true}]}}