{"id":7265,"date":"2021-07-25T19:25:57","date_gmt":"2021-07-25T11:25:57","guid":{"rendered":"http:\/\/reto.cn\/php\/hanyu\/?page_id=7265"},"modified":"2022-02-16T12:48:48","modified_gmt":"2022-02-16T04:48:48","slug":"apozicio","status":"publish","type":"page","link":"https:\/\/reto.cn\/php\/hanyu\/gramatiko_de_esperanto\/detala-lernu-gramatiko\/apozicio\/","title":{"rendered":"\u4e16\u754c\u8bed\u8be6\u89e3\u8bed\u6cd5 \u6570\u91cf\u8bcd"},"content":{"rendered":"<h3 class=\"entry-title\">\u4e16\u754c\u8bed\u8be6\u89e3\u8bed\u6cd5<\/h3>\n<h3 style=\"text-align: center;\">\u7b2c19\u7ae0\u00a0 \u540c\u4f4d\u8bed<\/h3>\n<p>\u540c\u4f4d\u8bed\u662f\u540e\u7f6e\u7684\u5bf9\u53e5\u6210\u5206\u7684\u8bf4\u660e\u6027\u518d\u63aa\u8bcd\u3002\u5b83\u901a\u8fc7\u5176\u4ed6\u8bcd\u8bed\u8868\u793a\u76f8\u540c\u7684\u4e8b\u7269\u3002\u540c\u4f4d\u8bed\u4ee5\u67d0\u79cd\u65b9\u5f0f\u4fee\u9970\u524d\u9762\u7684\u53e5\u6210\u5206\uff0c\u4f46\u662f\uff0c\u5b83\u53c8\u662f\u7279\u6709\u7684\u53e5\u6210\u5206\u3002\u5728\u53e3\u8bed\u4e2d\uff0c\u4eba\u4eec\u901a\u5e38\u7528\u524d\u540e\u7a0d\u4f5c\u505c\u987f\u7684\u65b9\u5f0f\u6765\u533a\u522b\u540c\u4f4d\u8bed\u3002\u5728\u4e66\u9762\u8bed\u4e2d\uff0c\u4eba\u4eec\u4e60\u60ef\u4e0a\u52a0\u9017\u53f7\u3002<\/p>\n<p>\u540c\u4f4d\u8bed\u6240\u8d77\u7684\u53e5\u4f5c\u7528\u4e0e\u7b2c\u4e00\u4e2a\u53e5\u6210\u5206\u76f8\u540c\u3002\u5982\u679c\u7b2c\u4e00\u4e2a\u53e5\u6210\u5206\u6709\u5bbe\u683c\u8bcd\u5c3eN\uff0c\u540c\u4f4d\u8bed\u4e5f\u8981\u6709\u8be5\u8bcd\u5c3e\uff1a<\/p>\n<ul>\n<li>Karlo, <strong>nia prezidanto<\/strong>, prezentis Petron, <strong>la novan sekretarion<\/strong>.\u00a0\u6211\u4eec\u7684\u4e3b\u5e2d\u5361\u5c14\u4ecb\u7ecd\u4e86\u65b0\u6765\u7684\u79d8\u4e66\u5f7c\u5f97\u3002\u25c7Karlo\u548cnia prezidanto\u90fd\u662f\u4e3b\u8bed\uff0c\u4ed6\u4eec\u751a\u81f3\u662f\u540c\u4e00\u4e2a\u4eba\u3002Petro\u548cla nova sekretario\u90fd\u662f\u5bbe\u8bed\uff0c\u56e0\u4e3a\u4ed6\u4eec\u662f\u540c\u4e00\u4e2a\u4eba\u3002<\/li>\n<li>Tie mi renkontis Vil\u0109jon, <strong>mian edzon<\/strong>.\u00a0 \u5728\u90a3\u91cc\u6211\u9047\u89c1\u4e86\u6211\u7684\u4e08\u592b\u5c0f\u5a01\u5ec9\u3002<\/li>\n<li>La diablo lin prenu, <strong>la senta\u016dgulon<\/strong>!\u00a0 \u8ba9\u9b54\u9b3c\u6293\u4f4f\u4ed6\uff0c\u8fd9\u4e2a\u5e9f\u7269\uff01<\/li>\n<li>La koko, <strong>trumpetisto de l\u2019 mateno<\/strong>, per sia la\u016dta, forta, hela vo\u0109o el dormo vekas dion de la tago.\u00a0 \u6e05\u6668\u7684\u5c0f\u53f7\u624b\u516c\u9e21\u4ee5\u5176\u9ad8\u4ea2\u6709\u529b\u7684\u660e\u4eae\u55d3\u97f3\u5c06\u65e5\u795e\u4ece\u6c89\u7761\u4e2d\u5524\u9192\u3002<\/li>\n<li>Li prelegis pri Hitlero, <strong>la fondinto de la naziismo<\/strong>.\u00a0 \u4ed6\u5c31\u7eb3\u7cb9\u4e3b\u4e49\u7684\u521b\u59cb\u4eba\u5e0c\u7279\u52d2\u505a\u4e86\u6f14\u8bb2\u3002\u25c7\u53ef\u4ee5\u8bf4\uff1a&#8230; pri Hitlero, <strong>pri<\/strong> la fondinto&#8230;<\/li>\n<li>Ni esprimas nian koran dankon al sinjoro Schleyer, <strong>la unua kaj plej energia pioniro de la ideo de ne\u016dtrala lingvo internacia<\/strong>.\u00a0\u6211\u4eec\u5411\u65bd\u83b1\u8036\u5c14\u5148\u751f\u2014\u2014\u4e2d\u7acb\u7684\u56fd\u9645\u8bed\u7406\u60f3\u7684\u7b2c\u4e00\u4f4d\u548c\u6700\u6709\u6bc5\u529b\u7684\u5148\u9a71\u8005\u2014\u2014\u8868\u8fbe\u6211\u4eec\u8877\u5fc3\u7684\u611f\u8c22\u3002\u25c7\u53ef\u4ee5\u8bf4\uff1a&#8230; al sinjoro Schleyer, <strong>al<\/strong> la unua kaj plej energia pioniro&#8230;<\/li>\n<\/ul>\n<p>\u6709\u65f6\uff0c\u540c\u4f4d\u8bed\u7531nome, tio estas\u6216\u7c7b\u4f3c\u77ed\u8bed\u5f15\u5bfc\uff1a<\/p>\n<ul>\n<li>Mi renkontis mian malamikon, <strong>nome la mortiginton de mia patro<\/strong>.\u00a0\u6211\u9047\u89c1\u4e86\u6211\u7684\u4ec7\u654c\uff0c\u4e5f\u5c31\u662f\u6740\u5bb3\u6211\u7236\u4eb2\u7684\u51f6\u624b\u3002<\/li>\n<li>Hodia\u016d mi ricevis duoblan pagon, <strong>tio estas cent dolarojn<\/strong>.\u00a0 \u4eca\u5929\u6211\u6536\u5230\u4e86\u53cc\u4efd\u62a5\u916c\uff0c\u5373100\u5143\u3002\u25c7\u201cTio estas: mi ricevis cent dolarojn.\u201d\u7684\u7f29\u7565\u53e5\u3002<\/li>\n<\/ul>\n<p>\u4e0d\u8981\u5c06\u540c\u4f4d\u8bed\u548c\u79f0\u8c13\u8bed\uff08\u00a710.1.3\uff09\u6df7\u6dc6\u3002\u79f0\u8c13\u8bed\u53ef\u4ee5\u8c8c\u4f3c\u540c\u4f4d\u8bed\uff0c\u4f46\u662f\uff0c\u79f0\u8c13\u8bed\u6c38\u8fdc\u4e0d\u8981\u7528N\u8bcd\u5c3e\u6216\u5176\u4ed6\u4f5c\u7528\u6807\u5fd7\u3002\u8bf7\u6bd4\u8f83\u4ee5\u4e0b\u53e5\u5b50\uff1a<\/p>\n<ul>\n<li>Iuj asertis, ke ili vidis e\u0109 profesoron, <strong>Pa\u016dlon Jenkins<\/strong>.\u00a0\u4e00\u4e9b\u4eba\u65ad\u5b9a\uff0c\u4ed6\u4eec\u751a\u81f3\u89c1\u5230\u4e86\u4e00\u4f4d\u6559\u6388\u2014\u2014\u4fdd\u7f57\u00b7\u8a79\u91d1\u65af\u3002\u25c7\u4f7f\u4eba\u60ca\u8bb6\u7684\u662f\u4ed6\u4eec\u603b\u7b97\u89c1\u5230\u4e86\u4e00\u4e2a\u6559\u6388\u3002\u7a0d\u540e\u53c8\u8865\u5145\u8bf4\u4ed6\u4eec\u89c1\u5230\u7684\u6b63\u662f\u4fdd\u7f57\u00b7\u8a79\u91d1\u65af\u3002Pa\u016dlon Jenkins\u662f\u540c\u4f4d\u8bed\u3002<\/li>\n<li>Iuj asertis, ke ili vidis e\u0109 profesoron <strong>Pa\u016dlo Jenkins<\/strong>.\u00a0 \u4e00\u4e9b\u4eba\u65ad\u5b9a\uff0c\u4ed6\u4eec\u751a\u81f3\u89c1\u5230\u4e86\u4fdd\u7f57\u00b7\u8a79\u91d1\u65af\u6559\u6388\u3002\u25c7\u4f7f\u4eba\u60ca\u8bb6\u7684\u662f\u4ed6\u4eec\u89c1\u5230\u7684\u6b63\u662f\u4fdd\u7f57\u00b7\u8a79\u91d1\u65af\uff0c\u6b64\u4eba\u662f\u6559\u6388\u3002Pa\u016dlo Jenkins\u662fprofesoron\u7684\u79f0\u8c13\u8bed\u3002Profesoron Pa\u016dlo Jenkins = tiun profesoron, kiu nomi\u011das Pa\u016dlo Jenkins.<\/li>\n<\/ul>\n<p>\u4e5f\u4e0d\u8981\u5c06\u540c\u4f4d\u8bed\u548c\u53e5\u4f5c\u7528\u547c\u8bed\uff08\u00a710.1.2\uff09\u6df7\u6dc6\uff0c\u540e\u8005\u4e0d\u8981\u7528\u4f5c\u7528\u6807\u5fd7\uff1a<\/p>\n<ul>\n<li>Sidigu vin, <strong>sinjoro<\/strong>!\u00a0 \u8bf7\u5750\uff0c\u5148\u751f\uff01\u25c7Vin\u548csinjoro\u662f\u540c\u4e00\u4eba\uff0c\u4f46\u662f\uff0cvin\u662f\u5bbe\u8bed\uff0csinjoro\u662f\u547c\u8bed\u3002<\/li>\n<\/ul>\n<p><strong>19.1 <\/strong><strong>\u7528\u4f5c\u540c\u4f4d\u8bed\u7684<\/strong><strong>\u0109iu(j), amba\u016d<\/strong><strong>\u6216<\/strong><strong>\u0109io <\/strong><\/p>\n<p>\u0108iu(j) (\u00a711.8), amba\u016d\u548c\u0109io\uff08\u00a711.9\uff09\u53ef\u4ee5\u662f\u540d\u8bcd\u6216\u4eba\u79f0\u4ee3\u8bcd\u7684\u8bf4\u660e\u6027\u540c\u4f4d\u8bed\u3002\u5982\u679c\u540d\u8bcd\u6216\u4ee3\u8bcd\u6709N\u8bcd\u5c3e\uff0c\u8fd9\u65f6\uff0c\u540c\u4f4d\u8bed\u4e5f\u8981\u6709\u8be5\u8bcd\u5c3e\uff08amba\u016d\u9664\u5916\uff0c\u8be5\u8bcd\u4ece\u6765\u4e0d\u53ef\u4ee5\u6709N\u8bcd\u5c3e\uff09\u3002\u6b64\u7c7b\u540c\u4f4d\u8bed\u5e76\u975e\u59cb\u7ec8\u7d27\u8ddf\u5728\u7b2c\u4e00\u4e2a\u53e5\u6210\u5206\u4e4b\u540e\uff0c\u800c\u662f\u7ecf\u5e38\u4f4d\u4e8e\u53e5\u4e2d\u66f4\u540e\u7684\u4f4d\u7f6e\uff1a<\/p>\n<ul>\n<li>Ni <strong>\u0109iuj<\/strong> legas. = Ni legas. \u0108iuj (el ni) legas.\u00a0 \u6211\u4eec\u5927\u5bb6\u90fd\u5728\u9605\u8bfb\u3002<\/li>\n<li>Ili <strong>\u0109iuj<\/strong> sidas silente kaj skribas. = Ili sidas. \u0108iuj (el ili) sidas.\u00a0 \u4ed6\u4eec\u90fd\u9759\u5750\u7740\u5199\u5b57\u3002<\/li>\n<li>\u015ci vidis, kiel la cikonioj forflugis, <strong>\u0109iu<\/strong> aparte. = La cikonioj forflugis. \u0108iu unuopa cikonio forflugis aparte.\u00a0 \u5979\u770b\u5230\u9e73\u662f\u5982\u4f55\u5f62\u53ea\u5f71\u5355\u5730\u98de\u8d70\u4e86\u3002<\/li>\n<li>La kolonoj havis <strong>\u0109iu<\/strong> la alton de dek ok ulnoj.\u00a0 \u3008\u5723\u7ecf\u3009\u8fd9\u4e00\u6839\u67f1\u5b50\u9ad8\u5341\u516b\u8098\u3002\u25c7\u6bcf\u4e00\u6839\u5355\u72ec\u7684\u67f1\u5b50\u90fd\u662f\u8fd9\u4e48\u9ad8\u3002<\/li>\n<li>Vin <strong>\u0109iujn<\/strong> mi kore salutas. = Mi salutas vin. Mi salutas \u0109iujn (el vi).\u00a0 \u6211\u5411\u4f60\u4eec\u5927\u5bb6\u8868\u793a\u8877\u5fc3\u7684\u95ee\u5019\u3002<\/li>\n<li>Ili <strong>amba\u016d<\/strong> estis bonaj homoj. = Ili estis bonaj homoj. Amba\u016d (el ili) estis bonaj homoj.\u00a0 \u4ed6\u4eec\u4e24\u4eba\u90fd\u662f\u597d\u4eba\u3002<\/li>\n<li>Tio estas <strong>\u0109io<\/strong> tre bona. = Tio estas tre bona. \u0108io (el tio) estas tre bona.\u00a0 \u6240\u6709\u8fd9\u4e00\u5207\u90fd\u5f88\u597d\u3002\u25c7\u0108io\u53ea\u53ef\u4ee5\u4f5c\u4e3a\u5c0f\u54c1\u8bcdtio\u7684\u540c\u4f4d\u8bed\u51fa\u73b0\u3002<\/li>\n<\/ul>\n<p><strong>19.2 <\/strong><strong>\u8fde\u5199<\/strong><\/p>\n<p>\u540c\u4f4d\u8bed\u7684\u7279\u6b8a\u5f62\u5f0f\u662f\u8fde\u5199\u3002\u5728\u8fde\u5199\u4e2d\uff0c\u591a\u4e2a\uff08\u6700\u5e38\u89c1\u7684\u662f\u4e24\u4e2a\uff09\u540c\u7c7b\u8bcd\u5408\u4f5c\u8868\u793a\u67d0\u4e2a\u7279\u6b8a\u4e8b\u7269\u3002\u8fde\u5199\u4e2d\u7684\u5404\u4e2a\u8bcd\u51e0\u4e4e\u6210\u4e3a\u4e00\u4e2a\u5408\u6210\u8bcd\u3002\u4eba\u4eec\u65e0\u505c\u987f\u5730\u5c06\u5b83\u4eec\u8bfb\u51fa\uff0c\u5e76\u4e14\u4e60\u60ef\u4e0a\u5c06\u5b83\u4eec\u8fde\u5199\uff0c\u4f46\u662f\u5e26\u6709\u5206\u9694\u7b26\u3002\u7136\u800c\uff0c\u5e76\u975e\u6d89\u53ca\u5230\u5408\u6210\u8bcd\u3002\u8bed\u6cd5\u4e0a\uff08\u901a\u5e38\uff09\u5c06\u5b83\u4eec\u4f5c\u4e3a\u7279\u522b\u7684\u8bcd\u5bf9\u5f85\uff1a<\/p>\n<ul>\n<li>Pluraj <strong>\u015dtatoj-membroj<\/strong> informis pri sia preteco ampleksigi la instruadon de Esperanto. = &#8230; \u015dtatoj, kiuj estas membroj [de UNESKO]&#8230;\u00a0 \u591a\u6570\u4f1a\u5458\u56fd\u901a\u62a5\u4e86\u4ed6\u4eec\u6269\u5c55\u4e16\u754c\u8bed\u6559\u5b66\u7684\u51c6\u5907\u60c5\u51b5\u3002\u25c7\u015ctatoj\u548cmembroj\u90fd\u6709J\u8bcd\u5c3e\uff0c\u56e0\u4e3a\u5b83\u4eec\u662f\u4e24\u4e2a\u5355\u72ec\u7684\u8bcd\u3002<\/li>\n<li>La Franca flago estas <strong>blua-blanka-ru\u011da<\/strong>.\u00a0 \u6cd5\u56fd\u56fd\u65d7\u662f\u84dd\u767d\u7ea2\u4e09\u8272\u7684\u3002\u25c7\u4e5f\u53ef\u4ee5\u8bf4blua, blanka kaj ru\u011da\uff0c\u4f46\u662f\uff0c\u8fde\u5199\u5f62\u5f0f\u8868\u793a\u8bba\u53ca\u786e\u5b9a\u7684\u7edf\u4e00\u989c\u8272\u7ed3\u5408\u4f53\u3002<\/li>\n<li>La fotoj ne estis koloraj, sed <strong>nigraj-blankaj<\/strong>.\u00a0 \u90a3\u4e9b\u7167\u7247\u4e0d\u662f\u5f69\u8272\u7684\uff0c\u800c\u662f\u9ed1\u767d\u7684\u3002\u25c7\u4e5f\u53ef\u4ee5\u8bf4nigraj kaj blankaj\uff0c\u4f46\u662fnigraj-blankaj\u66f4\u52a0\u5f3a\u8c03\u4e0ekoloraj\u7684\u5bf9\u6bd4\u3002\u8fd9\u91cc\u8bf4\u7684\u662f\u7167\u7247\u7684\u67d0\u79cd\u6027\u8d28\u3002<\/li>\n<li>Kio estos, tio estos, mi provos <strong>trafe-maltrafe<\/strong>. = &#8230; mi provos, \u0109u trafe, \u0109u maltrafe, la\u016d \u015danco.\u00a0 \u662f\u4ec0\u4e48\u6837\u5c31\u662f\u4ec0\u4e48\u6837\uff0c\u6211\u6765\u8bd5\u7740\u78b0\u78b0\u8fd0\u6c14\u3002<\/li>\n<li><strong>Vole-ne-vole<\/strong> li devis konsenti. = \u0108u vole, \u0109u ne-vole, li devis konsenti.\u00a0 \u4e0d\u7ba1\u613f\u610f\u4e0e\u5426\uff0c\u4ed6\u90fd\u5fc5\u987b\u540c\u610f\u3002<\/li>\n<li><strong>Pli-malpli<\/strong> unu horon poste Marta eniris en sian \u0109ambreton en la mansardo. = Proksimume unu horon poste&#8230;\u00a0 \u5dee\u4e0d\u591a\u8fc7\u4e86\u4e00\u4e2a\u5c0f\u65f6\uff0c\u739b\u5c14\u5854\u8fdb\u5165\u4e86\u5979\u5728\u9876\u697c\u4e0a\u7684\u5c0f\u623f\u95f4\u3002\u25c7\u6709\u65f6\uff0c\u53ef\u4ee5\u540c\u6837\u6070\u5f53\u5730\u8bf4pli a\u016d malpli\uff0c\u4f46\u662f\u8fd9\u5e76\u4e0d\u771f\u6b63\u5177\u6709proksimume\u7684\u610f\u601d\u3002<\/li>\n<\/ul>\n<p><strong>19.3 <\/strong><strong>\u8bc4\u6ce8\u6027\u540c\u4f4d\u8bed<\/strong><\/p>\n<p>\u6709\u65f6\uff0c\u7528\u4f5c\u540c\u4f4d\u8bed\u7684\u53e5\u6210\u5206\u5e76\u4e0d\u8868\u793a\u540c\u4e00\u4e8b\u7269\uff0c\u800c\u662f\u8865\u5145\u6709\u5173\u8be5\u4e8b\u7269\u7684\u67d0\u79cd\u4fe1\u606f\u3002\u6700\u5e38\u89c1\u7684\u662f\u8bba\u53ca\u4e8b\u7269\u6240\u5728\u7684\u6216\u6765\u81ea\u7684\u5730\u70b9\u3002\u6b64\u79cd\u8bc4\u6ce8\u6027\u7684\u540c\u4f4d\u8bed\u4ece\u4e0d\u63a5N\u8bcd\u5c3e\u3002\u53ef\u4ee5\u5c06\u6b64\u79cd\u540c\u4f4d\u8bed\u770b\u4f5c\u662f\u7f29\u7565\u4ece\u53e5\uff1a<\/p>\n<ul>\n<li>Prelegis interalie profesoro Kiselman, <strong>Svedujo<\/strong>. = &#8230; Kiselman, kiu venas el Svedujo.\u00a0 \u7279\u522b\u662f\u6765\u81ea\u745e\u5178\u7684\u5409\u585e\u5c14\u66fc\u6559\u6388\u53d1\u8868\u4e86\u6f14\u8bb2\u3002\u25c7\u4e5f\u53ef\u4ee5\u8bf4\uff1a&#8230; Kiselman el Svedujo.<\/li>\n<li>Ni vizitis Tokion,\u00a0<strong>Japanio<\/strong>. = &#8230; Tokion, kiu trovi\u011das en Japanio. \u6216\uff1a&#8230; Tokion en Japanio.\u00a0 \u6211\u4eec\u8bbf\u95ee\u4e86\u65e5\u672c\u4e1c\u4eac\u3002<\/li>\n<\/ul>\n<p>&nbsp;<\/p>\n<p>\u4e2d\u56fd\u4e16\u754c\u8bed\u7f51\u7ad9\u7eff\u7f51<br \/>\nVerda Reto, la \u0109ina esperanta retejo<br \/>\n<a href=\"https:\/\/reto.cn\/\">https:\/\/reto.cn<\/a><\/p>\n<p><a href=\"https:\/\/reto.cn\/php\/hanyu\/detala-lernu-gramatiko\/\">\u8fd4\u56de\u4e16\u754c\u8bed\u8be6\u89e3\u8bed\u6cd5\u76ee\u5f55<\/a><\/p>\n","protected":false},"excerpt":{"rendered":"<p>\u4e16\u754c\u8bed\u8be6\u89e3\u8bed\u6cd5 \u7b2c19\u7ae0\u00a0 \u540c\u4f4d\u8bed \u540c\u4f4d\u8bed\u662f\u540e\u7f6e\u7684\u5bf9\u53e5\u6210\u5206\u7684\u8bf4\u660e\u6027\u518d\u63aa\u8bcd\u3002\u5b83\u901a\u8fc7\u5176\u4ed6\u8bcd\u8bed\u8868\u793a\u76f8\u540c\u7684\u4e8b\u7269\u3002\u540c\u4f4d\u8bed\u2026 <span class=\"read-more\"><a href=\"https:\/\/reto.cn\/php\/hanyu\/gramatiko_de_esperanto\/detala-lernu-gramatiko\/apozicio\/\">\u7ee7\u7eed\u9605\u8bfb Legi pli &raquo;<\/a><\/span><\/p>\n","protected":false},"author":1,"featured_media":0,"parent":6989,"menu_order":0,"comment_status":"open","ping_status":"closed","template":"","meta":{"footnotes":""},"_links":{"self":[{"href":"https:\/\/reto.cn\/php\/hanyu\/wp-json\/wp\/v2\/pages\/7265"}],"collection":[{"href":"https:\/\/reto.cn\/php\/hanyu\/wp-json\/wp\/v2\/pages"}],"about":[{"href":"https:\/\/reto.cn\/php\/hanyu\/wp-json\/wp\/v2\/types\/page"}],"author":[{"embeddable":true,"href":"https:\/\/reto.cn\/php\/hanyu\/wp-json\/wp\/v2\/users\/1"}],"replies":[{"embeddable":true,"href":"https:\/\/reto.cn\/php\/hanyu\/wp-json\/wp\/v2\/comments?post=7265"}],"version-history":[{"count":0,"href":"https:\/\/reto.cn\/php\/hanyu\/wp-json\/wp\/v2\/pages\/7265\/revisions"}],"up":[{"embeddable":true,"href":"https:\/\/reto.cn\/php\/hanyu\/wp-json\/wp\/v2\/pages\/6989"}],"wp:attachment":[{"href":"https:\/\/reto.cn\/php\/hanyu\/wp-json\/wp\/v2\/media?parent=7265"}],"curies":[{"name":"wp","href":"https:\/\/api.w.org\/{rel}","templated":true}]}}