{"id":7274,"date":"2021-07-25T19:32:07","date_gmt":"2021-07-25T11:32:07","guid":{"rendered":"http:\/\/reto.cn\/php\/hanyu\/?page_id=7274"},"modified":"2022-02-16T12:43:26","modified_gmt":"2022-02-16T04:43:26","slug":"verboj_kaj_frazroloj","status":"publish","type":"page","link":"https:\/\/reto.cn\/php\/hanyu\/gramatiko_de_esperanto\/detala-lernu-gramatiko\/verboj_kaj_frazroloj\/","title":{"rendered":"\u4e16\u754c\u8bed\u8be6\u89e3\u8bed\u6cd5 \u52a8\u8bcd\u4e0e\u53e5\u4f5c\u7528"},"content":{"rendered":"<h3 class=\"entry-title\">\u4e16\u754c\u8bed\u8be6\u89e3\u8bed\u6cd5<\/h3>\n<h3 style=\"text-align: center;\">\u7b2c22\u7ae0\u00a0 \u52a8\u8bcd\u4e0e\u53e5\u4f5c\u7528<\/h3>\n<p>\u53e5\u5b50\u6700\u91cd\u8981\u7684\u90e8\u5206\u662f\u8c13\u8bed\uff0c\u5b83\u4e3b\u5bfc\u5168\u53e5\u7684\u8bed\u6cd5\u3002\u8c13\u8bed\u5982\u540c\u5267\u672c\u7684\u5e95\u7a3f\uff0c\u8c13\u8bed\u52a8\u8bcd\u7684\u610f\u601d\u51b3\u5b9a\u4e86\u4f55\u79cd\u4f5c\u7528\u8005\u53ef\u4ee5\u51fa\u73b0\uff0c\u5e76\u4e14\u5b83\u4eec\u8981\u6709\u4f55\u79cd\u4f5c\u7528\u6807\u5fd7\u3002\u56e0\u6b64\uff0c\u4e3a\u4e86\u6b63\u786e\u5730\u6784\u9020\u53e5\u5b50\uff0c\u5fc5\u987b\u5f88\u597d\u5730\u4e86\u89e3\u6bcf\u4e00\u4e2a\u52a8\u8bcd\u7684\u610f\u601d\uff0c\u5e76\u4e14\u77e5\u9053\u4f55\u79cd\u4f5c\u7528\u8005\u53ef\u4ee5\u6216\u5fc5\u987b\u51fa\u73b0\u3002\u6700\u91cd\u8981\u7684\u662f\uff0c\u77e5\u9053\u6709\u5173<strong>\u4e3b\u8bed<\/strong>\u3001<strong>\u5bbe\u8bed<\/strong>\u548c<strong>\u8868\u8bed<\/strong>\u7684\u8be6\u7ec6\u60c5\u51b5\u3002<\/p>\n<p><strong>22.1 <\/strong><strong>\u65e0\u4e3b\u8bed\u52a8\u8bcd<\/strong><\/p>\n<p>\u51e0\u4e4e\u6bcf\u4e00\u4e2a\u4e16\u754c\u8bed\u52a8\u8bcd\u90fd\u5fc5\u987b\u6709\u4e3b\u8bed\uff08\u00a710.1.1\uff09\uff0c\u4f46\u662f\uff0c\u6709\u4e00\u4e9b\u52a8\u8bcd\u4e0d\u9700\u8981\u8fd9\u6837\u7684\u4f5c\u7528\u8005\u3002\u5b83\u4eec\u662f\u65e0\u4e3b\u8bed\u7684\uff1a<\/p>\n<p><strong>tagi\u011di<\/strong><\/p>\n<ul>\n<li>\u5355\u72ec\u7684\u52a8\u8bcd\u9650\u5b9a\u5f62\u5f0f\u8db3\u4ee5\u6784\u9020\u5b8c\u6574\u7684\u53e5\u5b50\uff1aTagi\u011dis.\u00a0 \u5929\u4eae\u4e86\u3002Balda\u016d tagi\u011dos.\u00a0 \u5f88\u5feb\u5c31\u8981\u5929\u4eae\u4e86\u3002<\/li>\n<\/ul>\n<p><strong>temi<\/strong><\/p>\n<ul>\n<li>Temi\u4e0d\u9700\u8981\u4e3b\u8bed\uff0c\u4f46\u662f\u901a\u5e38\u6709\u8868\u793a\u4e3b\u9898\u7684pri\u72b6\u8bed\uff1aTemas pri politiko.\u00a0 \u8bf4\u7684\u662f\u653f\u6cbb\u3002Ver\u015dajne temos pri ni.\u00a0 \u5f88\u53ef\u80fd\u6d89\u53ca\u5230\u6211\u4eec\u3002<\/li>\n<li>\u7136\u800c\uff0c\u5177\u6709\u4e3b\u9898\u7684\u4e8b\u7269\u53ef\u4ee5\u4f5c\u4e3a\u4e3b\u8bed\u51fa\u73b0\uff1aLa libro temas pri matematiko.\u00a0 \u8fd9\u672c\u4e66\u662f\u5173\u4e8e\u6570\u5b66\u7684\u3002<\/li>\n<\/ul>\n<p><strong>pluvi<\/strong><\/p>\n<ul>\n<li>Pluvis hiera\u016d.\u00a0 \u6628\u5929\u4e0b\u96e8\u3002Balda\u016d pluvos.\u00a0 \u5f88\u5feb\u5c31\u8981\u4e0b\u96e8\u4e86\u3002\u5982\u679c\u67d0\u4e2a\u975e\u96e8\u6c34\u7684\u5176\u4ed6\u4e1c\u897f\u96e8\u6c34\u822c\u5730\u843d\u4e0b\uff0c\u8be5\u4e8b\u7269\u5c31\u4f5c\u4e3a\u4e3b\u8bed\u51fa\u73b0\uff1a\u0108iuspecaj demandoj pluvis sur \u015din.\u00a0 \u5404\u79cd\u95ee\u9898\u5168\u90fd\u843d\u5728\u5979\u5934\u4e0a\u3002\u015ctonoj pluvis sur ilin.\u00a0 \u77f3\u5934\u96e8\u70b9\u822c\u5730\u7838\u5411\u4ed6\u4eec\u3002\uff08\u843d\u4e0b\u7269\u4e0d\u53ef\u4ee5\u4f5c\u4e3a\u5bbe\u8bed\u51fa\u73b0\u3002\u8fd9\u53e5\u662f\u4e0d\u53ef\u80fd\u7684\uff1a*Pluvis \u015dtonojn sur ilin.*\uff09<\/li>\n<\/ul>\n<p><strong>22.2 <\/strong><strong>\u4e0d\u53ca\u7269\u52a8\u8bcd<\/strong><\/p>\n<p>\u7edd\u5927\u591a\u6570\u52a8\u8bcd\u5fc5\u987b\u6709\u4e3b\u8bed\uff08\u00a710.1.1\uff09\uff0c\u4f46\u662f\uff0c\u5b83\u4eec\u5f53\u4e2d\u7684\u8bb8\u591a\u8bcd\u4e0d\u53ef\u4ee5\u6709\u5bbe\u8bed\uff08\u00a710.2.1\uff09\u3002\u5b83\u4eec\u662f\u4e0d\u53ca\u7269\u52a8\u8bcd\u3002<\/p>\n<p><strong>morti<\/strong><\/p>\n<ul>\n<li>\u4e3b\u8bed\u662f\u5931\u53bb\u751f\u547d\u7684\u4eba\uff1aEn la domo de la malgranda Niko mortis lia maljuna avino.\u00a0 \u5728\u5c0f\u5c3c\u514b\u7684\u5bb6\u91cc\uff0c\u4ed6\u5e74\u8fc8\u7684\u7956\u6bcd\u6b7b\u6389\u4e86\u3002<\/li>\n<\/ul>\n<p><strong>okazi<\/strong><\/p>\n<ul>\n<li>\u4e3b\u8bed\u662f\u52a8\u4f5c\u6216\u7c7b\u4f3c\u4e8b\u7269\uff1aEn Kj\u00f6ge \u0109iujare okazadis tre vizitata foiro.\u00a0 \u5374\u683c\u57ce\u91cc\u6bcf\u5e74\u90fd\u6709\u4e00\u6b21\u70ed\u95f9\u7684\u96c6\u5e02\u3002Kio okazis?\u00a0 \u53d1\u751f\u4e86\u4ec0\u4e48\u4e8b\uff1fOkazis io grava.\u00a0 \u53d1\u751f\u4e86\u4e00\u4ef6\u91cd\u8981\u7684\u4e8b\u3002<\/li>\n<\/ul>\n<p><strong>danci <\/strong><\/p>\n<ul>\n<li>\u4e3b\u8bed\u662f\u8df3\u821e\u7684\u4eba\uff1aLa gejunuloj kune dancis.\u00a0 \u5e74\u8f7b\u7537\u5973\u4eec\u5728\u4e00\u8d77\u8df3\u821e\u3002<\/li>\n<li>\u7136\u800c\uff0c\u821e\u79cd\u5076\u5c14\u53ef\u4ee5\u4f5c\u4e3a\u5bbe\u8bed\u51fa\u73b0\uff1aMi dancis valson kun li.\u00a0\u6211\u548c\u4ed6\u4e00\u8d77\u8df3\u4e86\u534e\u5c14\u5179\u821e\u3002<\/li>\n<\/ul>\n<p><strong>22.3 <\/strong><strong>\u53ca\u7269\u52a8\u8bcd<\/strong><\/p>\n<p>\u8bb8\u591a\u5e26\u4e3b\u8bed\u7684\u52a8\u8bcd\u9664\u4e86\u4e3b\u8bed\uff08\u00a710.1.1\uff09\u4e4b\u5916\u8fd8\u53ef\u4ee5\u6709\u5bbe\u8bed\uff08\u00a710.2.1\uff09\u3002\u5b83\u4eec\u662f\u53ca\u7269\u52a8\u8bcd\u3002<\/p>\n<p><strong>vidi <\/strong><\/p>\n<ul>\n<li>\u4e3b\u8bed\u662f\u7528\u773c\u775b\u6ce8\u610f\u5230\u67d0\u4e8b\u7269\u7684\u4eba\u3002\u5bbe\u8bed\u662f\u88ab\u6ce8\u610f\u7684\u4e8b\u7269\uff1aLa knabino vidas la domon.\u00a0 \u5973\u5b69\u770b\u5230\u623f\u5b50\u3002\u0108u vi vidis la akcidenton?\u00a0 \u4f60\u770b\u5230\u90a3\u8d77\u4e8b\u6545\u4e86\u5417\uff1f<\/li>\n<\/ul>\n<p><strong>preni <\/strong><\/p>\n<ul>\n<li>\u4e3b\u8bed\u662f\u5f15\u8d77\u52a8\u4f5c\u5e76\u83b7\u53d6\u7269\u4f53\u7684\u4eba\u3002\u5bbe\u8bed\u662f\u7531\u4e8e\u83b7\u53d6\u800c\u8f6c\u79fb\u5230\u4e3b\u8bed\u7684\u4e8b\u7269\uff1a\u015ci prenis teleron el la \u015dranko.\u00a0 \u5979\u4ece\u67dc\u5b50\u91cc\u53d6\u51fa\u76d8\u5b50\u3002<\/li>\n<\/ul>\n<p><strong>helpi <\/strong><\/p>\n<ul>\n<li>\u4e3b\u8bed\u662f\u534f\u52a9\u4eba\u3002\u5176\u4efb\u52a1\u6216\u5de5\u4f5c\u5f97\u5230\u534f\u52a9\u7684\u4e8b\u7269\u53ef\u4ee5\u662f\u5bbe\u8bed\uff1aIli helpis la blindulon.\u00a0\u4ed6\u4eec\u5e2e\u52a9\u4e86\u90a3\u4f4d\u76f2\u4eba\u3002<\/li>\n<li>\u4e5f\u53ef\u4ee5\u4f7f\u7528al\u72b6\u8bed\u6765\u4ee3\u66ff\u5bbe\u8bed\uff1aEble mi povos helpi al vi.\u00a0 \u4e5f\u8bb8\u6211\u53ef\u4ee5\u5e2e\u52a9\u4f60\u3002<\/li>\n<\/ul>\n<p><strong>22.4 <\/strong><strong>\u4fee\u9970\u6027\u52a8\u8bcd<\/strong><\/p>\n<p>\u4fee\u9970\u6027\u52a8\u8bcd\u5c06\u4fee\u9970\u8bed\u5173\u8054\u5230\u4e3b\u8bed\u6216\u5bbe\u8bed\u4e0a\u3002\u8fd9\u79cd\u4fee\u9970\u8bed\u88ab\u79f0\u4e3a\u8868\u8bed\uff08\u00a710.1.4\uff09\u3002\u7edd\u5927\u591a\u6570\u60c5\u51b5\u4e0b\uff0c\u5b83\u6ca1\u6709\u4f5c\u7528\u6807\u5fd7\u3002<\/p>\n<p><strong>esti <\/strong><\/p>\n<ul>\n<li>\u4e3b\u8bed\u662f\u5177\u6709\u67d0\u79cd\u6027\u8d28\u7684\u4e8b\u7269\u3002\u8be5\u6027\u8d28\u4f5c\u4e3a\u8868\u8bed\u51fa\u73b0\uff1aLa domo estas granda.\u00a0 \u623f\u5b50\u5f88\u5927\u3002Mia patro estis \u015doforo.\u00a0 \u6211\u7236\u4eb2\u662f\u6c7d\u8f66\u53f8\u673a\u3002<\/li>\n<\/ul>\n<p><strong>fari\u011di <\/strong><\/p>\n<ul>\n<li>\u4e3b\u8bed\u662f\u83b7\u5f97\u67d0\u79cd\u6027\u8d28\u7684\u4e8b\u7269\u3002\u8be5\u6027\u8d28\u4f5c\u4e3a\u8868\u8bed\u51fa\u73b0\uff1aLa etoso fari\u011dis malbona.\u00a0 \u6c14\u6c1b\u53d8\u5dee\u4e86\u3002Li fari\u011dis neeltenebla.\u00a0 \u4ed6\u5fcd\u53d7\u4e0d\u4f4f\u4e86\u3002<\/li>\n<\/ul>\n<p><strong>opinii <\/strong><\/p>\n<ul>\n<li>\u4e3b\u8bed\u662f\u5bf9\u67d0\u4e8b\u7269\u7684\u6027\u8d28\u6301\u6709\u610f\u89c1\u7684\u4eba\u3002\u5bbe\u8bed\u662f\u5177\u6709\u8be5\u6027\u8d28\u7684\u4e8b\u7269\u3002\u8be5\u6027\u8d28\u672c\u8eab\u4f5c\u4e3a\u5bbe\u8bed\u7684\u8868\u8bed\u51fa\u73b0\uff1aMia fratino opinias viajn klopodojn vanaj.\u00a0 \u6211\u59d0\u59d0\u8ba4\u4e3a\u4f60\u7684\u52aa\u529b\u662f\u5f92\u52b3\u7684\u3002<\/li>\n<\/ul>\n<p><strong>22.5 IG<\/strong><strong>\u52a8\u8bcd<\/strong><\/p>\n<p>\u7528\u540e\u7f00IG\uff08\u00a727.17\uff09\u6784\u6210\u7684\u52a8\u8bcd\u6c38\u8fdc\u662f\u53ca\u7269\u7684\u3002\u5b83\u4eec\u8868\u793a\u5bfc\u81f4\u67d0\u79cd\u7ed3\u679c\u3002\u4e3b\u8bed\u6c38\u8fdc\u662f\u8d77\u56e0\u6216\u8087\u56e0\u8005\uff0cIG\u4e4b\u524d\u7684\u8bcd\u6839\u8868\u793a\u7ed3\u679c\u3002<\/p>\n<p>\u5982\u679cIG\u52a8\u8bcd\u7684\u7ed3\u679c\u662f<strong>\u6027\u8d28<\/strong>\u6216<strong>\u72b6\u6001<\/strong>\uff08\u4f4d\u7f6e\u3001\u8eab\u4efd\u2026\uff09\uff0c\u5219\u5bbe\u8bed\u662f\u63a5\u53d7\u8be5\u6027\u8d28\u3001\u72b6\u6001\u7b49\u7684\u4eba\u3002<\/p>\n<p><strong>lacigi <\/strong><\/p>\n<ul>\n<li>\u5bbe\u8bed\u662f\u53d8\u5f97\u75b2\u52b3\u7684\u4eba\uff1aLa tro multa parolado lacigas lin.\u00a0 \u8fc7\u591a\u7684\u6f14\u8bb2\u4f7f\u4ed6\u611f\u5230\u75b2\u52b3\u3002La voja\u011do certe vin lacigis.\u00a0 \u4f60\u8d70\u4e86\u8fd9\u4e48\u8fdc\u7684\u8def\uff0c\u4e00\u5b9a\u662f\u5f88\u75b2\u5026\u4e86\u3002Tiu \u0109i medikamento estas bona, sed \u011di lacigas la uzanton.\u00a0 \u8fd9\u836f\u5f88\u597d\uff0c\u4f46\u662f\u5b83\u4f7f\u670d\u836f\u4eba\u611f\u5230\u4e4f\u529b\u3002<\/li>\n<\/ul>\n<p><strong>edzinigi <\/strong><\/p>\n<ul>\n<li>\u5bbe\u8bed\u662f\u6210\u4e3a\u59bb\u5b50\u7684\u4eba\uff1aMi edzinigas mian filinon ne kun ia simpla nobelo.\u00a0 \u6211\u4e0d\u628a\u5973\u513f\u5ac1\u7ed9\u67d0\u4e2a\u5351\u5fae\u7684\u8d35\u65cf\u3002Li edzinigis \u015din al si per la edzi\u011da ringo kontra\u016d la volo de \u015dia patro.\u00a0 \u4ed6\u8fdd\u80cc\u5979\u7236\u4eb2\u7684\u610f\u613f\uff0c\u7528\u7ed3\u5a5a\u6212\u6307\u5a36\u5979\u4e3a\u59bb\u3002<\/li>\n<\/ul>\n<p>\u67d0\u4e9bIG\u52a8\u8bcd\uff0c\u5176\u7ed3\u679c\u662f<strong>\u4e0d\u53ca\u7269\u7684\u52a8\u4f5c<\/strong>\u3002\u8fd9\u65f6\uff0c\u5c31\u4ece\u5176\u4ed6\u7684\u4e0d\u53ca\u7269\u52a8\u8bcd\u6784\u6210IG\u52a8\u8bcd\u3002\u8fd9\u6837\u7684IG\u52a8\u8bcd\uff0c\u5176\u5bbe\u8bed\u5c31\u662f\u539f\u52a8\u8bcd\u7684\u4e3b\u8bed\u3002<\/p>\n<p><strong>bruligi <\/strong><\/p>\n<ul>\n<li>\u5bbe\u8bed\u662f\u71c3\u70e7\u8d77\u6765\u7684\u4e1c\u897f\uff1aPost infekta malsano oni ofte bruligas la vestojn de la malsanulo.\u00a0 \u5728\u4f20\u67d3\u75c5\u8fc7\u540e\uff0c\u4eba\u4eec\u5e38\u5e38\u5c06\u60a3\u8005\u7684\u8863\u670d\u70e7\u6389\u3002La suda suno bruligas lian nudan kapon.\u00a0 \u5357\u65b9\u7684\u592a\u9633\u707c\u4f24\u4e86\u4ed6\u7684\u5149\u5934\u3002<\/li>\n<\/ul>\n<p><strong>sidigi <\/strong><\/p>\n<ul>\n<li>\u5bbe\u8bed\u662f\u88ab\u6446\u653e\u6210\u5750\u59ff\u7684\u4eba\uff1aRapide \u015di prenis la infanon sur la brakojn kaj sidigis \u011din sur siaj genuoj.\u00a0 \u5979\u5f88\u5feb\u62b1\u8d77\u5b69\u5b50\uff0c\u628a\u4ed6\u653e\u5728\u819d\u76d6\u4e0a\u3002La hundon li residigis sur la keston.\u00a0 \u4ed6\u53c8\u8ba9\u72d7\u5750\u5230\u7bb1\u5b50\u4e0a\u3002<\/li>\n<\/ul>\n<p>\u67d0\u4e9bIG\u52a8\u8bcd\uff0c\u5176\u7ed3\u679c\u662f<strong>\u53ca\u7269\u7684\u52a8\u4f5c<\/strong>\u3002\u8fd9\u65f6\uff0c\u5c31\u4ece\u5df2\u662f\u53ca\u7269\u7684\u52a8\u8bcd\u4e0a\u6784\u6210IG\u52a8\u8bcd\u3002\u4f7f\u7528\u8fd9\u6837\u7684IG\u52a8\u8bcd\u6709\u4e24\u79cd\u65b9\u5f0f\uff0cIG\u52a8\u8bcd\u7684\u5bbe\u8bed\u53ef\u4ee5\u662f\u539f\u52a8\u8bcd\u7684\u4e3b\u8bed\uff0c\u6216\u662f\u539f\u52a8\u8bcd\u7684\u5bbe\u8bed\u3002<\/p>\n<p><strong>sciigi <\/strong><\/p>\n<ul>\n<li>\u5bbe\u8bed\u53ef\u4ee5\u662f\u83b7\u77e5\u67d0\u4e8b\u7684\u4eba\uff1a\u015ci sciigis min pri la nova\u0135o.\u00a0 \u4ed6\u544a\u8bc9\u4e86\u6211\u90a3\u4e2a\u6d88\u606f\u3002<\/li>\n<li>\u5bbe\u8bed\u4e5f\u53ef\u4ee5\u6539\u4e3a\u6240\u77e5\u7684\u6d88\u606f\uff1a\u015ci sciigis la nova\u0135on al mi.\u00a0 \u4ed6\u628a\u90a3\u4e2a\u6d88\u606f\u544a\u8bc9\u4e86\u6211\u3002<\/li>\n<\/ul>\n<p><strong>memorigi <\/strong><\/p>\n<ul>\n<li>\u5bbe\u8bed\u53ef\u4ee5\u662f\u8bb0\u8d77\u67d0\u4e8b\u7684\u4eba\uff1aTio memorigas min pri mia infaneco.\u00a0 \u8fd9\u8ba9\u6211\u60f3\u8d77\u4e86\u6211\u7684\u7ae5\u5e74\u3002<\/li>\n<li>\u5bbe\u8bed\u4e5f\u53ef\u4ee5\u6539\u4e3a\u8bb0\u5fc6\u4e2d\u7684\u4e8b\uff1aTio memorigas al mi mian infanecon.\u00a0 \u8fd9\u8ba9\u6211\u60f3\u8d77\u4e86\u6211\u7684\u7ae5\u5e74\u3002<\/li>\n<\/ul>\n<p>\u4e0d\u53ef\u4ee5\u540c\u65f6\u4f7f\u7528\u8fd9\u4e24\u79cd\u53ef\u80fd\u3002\u4e0d\u53ef\u80fd\u8bf4\uff1a*\u015ci sciigis min nova\u0135on.* \u4e5f\u4e0d\u53ef\u80fd\u8bf4\uff1a*Tio memorigas min mian infanecon.*<\/p>\n<p><strong>22.6 I\u011c<\/strong><strong>\u52a8\u8bcd<\/strong><\/p>\n<p>\u7528\u540e\u7f00I\u011c\uff08\u00a727.18\uff09\u6784\u6210\u7684\u52a8\u8bcd\u6c38\u8fdc\u662f\u4e0d\u53ca\u7269\u7684\u3002<\/p>\n<p>\u666e\u901a\u7684I\u011c\u52a8\u8bcd\u8868\u793a\u5411\u65b0\u72b6\u6001\u7684\u8f6c\u79fb\u3002I\u011c\u524d\u7684\u8bcd\u6839\u8868\u793a\u7ed3\u679c\uff0c\u5373\u65b0\u72b6\u6001\u3002\u666e\u901a\u7684I\u011c\u52a8\u8bcd\u7684\u4e3b\u8bed\u662f\u8fdb\u5165\u65b0\u72b6\u6001\u7684\u4e8b\u7269\u3002\u53ef\u80fd\u5b58\u5728\u7684\u8f6c\u79fb\u8087\u56e0\u8005\u901a\u5e38\u5728\u53e5\u4e2d\u4e0d\u51fa\u73b0\u3002\u5728I\u011c\u52a8\u8bcd\u4e0a\uff0c\u8087\u56e0\u8005\u662f\u4e0d\u53d7\u5173\u6ce8\u7684\u3002<\/p>\n<p><strong>malpuri\u011di <\/strong><\/p>\n<ul>\n<li>\u4e3b\u8bed\u662f\u53d8\u810f\u7684\u4eba\uff1aMia vesto malpuri\u011dis.\u00a0 \u6211\u7684\u8863\u670d\u810f\u4e86\u3002<\/li>\n<\/ul>\n<p><strong>glacii\u011di <\/strong><\/p>\n<ul>\n<li>\u4e3b\u8bed\u662f\u53d8\u6210\u51b0\u6216\u53d8\u5f97\u51b0\u51b7\u7684\u4e1c\u897f\uff1aLa akvo glacii\u011dis.\u00a0 \u6c34\u7ed3\u6210\u4e86\u51b0\u3002<\/li>\n<\/ul>\n<p><strong>edzini\u011di <\/strong><\/p>\n<ul>\n<li>\u4e3b\u8bed\u662f\u6210\u4e3a\u59bb\u5b50\u7684\u4eba\uff1a\u0108u vi volas edzini\u011di kun mi?\u00a0 \u4f60\u613f\u610f\u5ac1\u7ed9\u6211\u5417\uff1f<\/li>\n<\/ul>\n<p>\u4ece\u53ca\u7269\u52a8\u8bcd\u6784\u6210\u7684I\u011c\u52a8\u8bcd\u5e76\u4e0d\u6d89\u53ca\u5230\u7ed3\u679c\u7684\u4ea7\u751f\u6216\u72b6\u6001\u7684\u8f6c\u53d8\uff0c\u800c\u662f\u6d89\u53ca\u5230\u81ea\u884c\u53d1\u751f\u7684\u52a8\u4f5c\u3002\u8981\u4e48\u4e0d\u5b58\u5728\u8087\u56e0\u8005\uff0c\u8981\u4e48\u53ef\u80fd\u5b58\u5728\u7684\u8087\u56e0\u8005\u4e0d\u53d7\u5173\u6ce8\u3002I\u011c\u52a8\u8bcd\u7684\u4e3b\u8bed\u5373\u4e3a\u539f\u52a8\u8bcd\u7684\u5bbe\u8bed\u3002\u56e0\u6b64\uff0c\u5728\u6b64\u7c7b\u52a8\u8bcd\u4e0aI\u011c\u7528\u6765\u9006\u8f6c\u53e5\u4f5c\u7528\u3002\u8fd9\u7c7b\u4f3c\u4e8e\u88ab\u52a8\u6001\uff08\u00a721.5\uff09\u3002\u7136\u800c\uff0c\u5728\u771f\u6b63\u7684\u88ab\u52a8\u6001\u4e0a\uff0c\u8087\u56e0\u8005\u4e00\u5b9a\u4f1a\u5b58\u5728\uff0c\u5c3d\u7ba1\u53ef\u80fd\u4e0d\u88ab\u63d0\u5230\u3002<\/p>\n<p><strong>detrui\u011di <\/strong><\/p>\n<ul>\n<li>\u4e3b\u8bed\u662f\u88ab\u5b8c\u5168\u635f\u574f\u6216\u62c6\u6bc1\u7684\u4e1c\u897f\u3002\u4e0d\u8bba\u662f\u6709\u4eba\u5c06\u5176\u635f\u574f\uff0c\u8fd8\u662f\u5176\u81ea\u884c\u635f\u574f\uff0c\u8fd9\u4e00\u70b9I\u011c\u52a8\u8bcd\u90fd\u4e0d\u8868\u793a\uff1aTiu \u0109i domo detrui\u011dis dum la milito.\u00a0 \u8fd9\u5ea7\u623f\u5b50\u5728\u6218\u4e89\u4e2d\u6bc1\u574f\u4e86\u3002\u0108iuj miaj planoj detrui\u011dis.\u00a0 \u6211\u7684\u6240\u6709\u8ba1\u5212\u90fd\u7834\u706d\u4e86\u3002<\/li>\n<li>\u539f\u52a8\u8bcddetrui\u610f\u601d\u662f\u201c\u4f7f\uff08\u5b8c\u5168\uff09\u635f\u574f\uff0c\u62c6\u6bc1\u201d\uff1aLa milito detruis la domojn.\u00a0 \u6218\u4e89\u6bc1\u574f\u4e86\u90a3\u4e9b\u623f\u5b50\u3002<\/li>\n<\/ul>\n<p><strong>ruli\u011di <\/strong><\/p>\n<ul>\n<li>\u4e3b\u8bed\u662f\u81ea\u8f6c\u79fb\u52a8\u7684\u4e1c\u897f\uff0c\u6216\u662f\u5176\u8f6e\u5b50\u65cb\u8f6c\u79fb\u52a8\u7684\u8f66\u8f86\uff1aLa veturilo ruli\u011dis tre rapide.\u00a0 \u8f66\u8f86\u8fc5\u901f\u5730\u884c\u9a76\u3002<\/li>\n<li>Ruli\u610f\u601d\u662f\u201c\u901a\u8fc7\u6eda\u52a8\u67d0\u7269\u6216\u5176\u8f6e\u5b50\u4f7f\u5176\u79fb\u52a8\u201d\uff1aRulu nun al mi grandan \u015dtonon.\u00a0 \u3008\u5723\u7ecf\u3009\u4eca\u65e5\u8981\u5c06\u5927\u77f3\u5934\u6eda\u5230\u6211\u8fd9\u91cc\u6765\u3002La vendisto rulis sian \u0109aron la\u016d la strato.\u00a0 \u5546\u8d29\u6cbf\u8857\u63a8\u8f66\u3002<\/li>\n<\/ul>\n<p><strong>komenci\u011di <\/strong><\/p>\n<ul>\n<li>\u4e3b\u8bed\u662f\u6d89\u53ca\u5176\u7b2c\u4e00\u90e8\u5206\u7684\u4e8b\u7269\uff1aTiam komenci\u011dis la milito.\u00a0 \u5f53\u65f6\uff0c\u6218\u4e89\u5c31\u5f00\u59cb\u4e86\u3002Lia nomo komenci\u011das per \u201cZ\u201d.\u00a0 \u4ed6\u7684\u540d\u5b57\u4ee5Z\u5f00\u5934\u3002<\/li>\n<li>Komenci\u610f\u601d\u662f\u201c\u4f7f\u2026\u5f00\u59cb\uff0c\u7740\u624b\u505a\u67d0\u4e8b\u7684\u7b2c\u4e00\u90e8\u5206\u201d\uff1aIli komencis sian voja\u011don.\u00a0 \u4ed6\u4eec\u5f00\u59cb\u4e86\u65c5\u884c\u3002\u015ci komencis paroli.\u00a0 \u5979\u5f00\u59cb\u8bb2\u6f14\u3002<\/li>\n<\/ul>\n<p>&nbsp;<\/p>\n<p>\u4e2d\u56fd\u4e16\u754c\u8bed\u7f51\u7ad9\u7eff\u7f51<br \/>\nVerda Reto, la \u0109ina esperanta retejo<br \/>\n<a href=\"https:\/\/reto.cn\/\">https:\/\/reto.cn<\/a><\/p>\n<p><a href=\"https:\/\/reto.cn\/php\/hanyu\/detala-lernu-gramatiko\/\">\u8fd4\u56de\u4e16\u754c\u8bed\u8be6\u89e3\u8bed\u6cd5\u76ee\u5f55<\/a><\/p>\n","protected":false},"excerpt":{"rendered":"<p>\u4e16\u754c\u8bed\u8be6\u89e3\u8bed\u6cd5 \u7b2c22\u7ae0\u00a0 \u52a8\u8bcd\u4e0e\u53e5\u4f5c\u7528 \u53e5\u5b50\u6700\u91cd\u8981\u7684\u90e8\u5206\u662f\u8c13\u8bed\uff0c\u5b83\u4e3b\u5bfc\u5168\u53e5\u7684\u8bed\u6cd5\u3002\u8c13\u8bed\u5982\u540c\u5267\u672c\u7684\u5e95\u7a3f\uff0c\u8c13\u8bed\u52a8\u2026 <span class=\"read-more\"><a href=\"https:\/\/reto.cn\/php\/hanyu\/gramatiko_de_esperanto\/detala-lernu-gramatiko\/verboj_kaj_frazroloj\/\">\u7ee7\u7eed\u9605\u8bfb Legi pli &raquo;<\/a><\/span><\/p>\n","protected":false},"author":3,"featured_media":0,"parent":6989,"menu_order":0,"comment_status":"open","ping_status":"closed","template":"","meta":{"footnotes":""},"_links":{"self":[{"href":"https:\/\/reto.cn\/php\/hanyu\/wp-json\/wp\/v2\/pages\/7274"}],"collection":[{"href":"https:\/\/reto.cn\/php\/hanyu\/wp-json\/wp\/v2\/pages"}],"about":[{"href":"https:\/\/reto.cn\/php\/hanyu\/wp-json\/wp\/v2\/types\/page"}],"author":[{"embeddable":true,"href":"https:\/\/reto.cn\/php\/hanyu\/wp-json\/wp\/v2\/users\/3"}],"replies":[{"embeddable":true,"href":"https:\/\/reto.cn\/php\/hanyu\/wp-json\/wp\/v2\/comments?post=7274"}],"version-history":[{"count":0,"href":"https:\/\/reto.cn\/php\/hanyu\/wp-json\/wp\/v2\/pages\/7274\/revisions"}],"up":[{"embeddable":true,"href":"https:\/\/reto.cn\/php\/hanyu\/wp-json\/wp\/v2\/pages\/6989"}],"wp:attachment":[{"href":"https:\/\/reto.cn\/php\/hanyu\/wp-json\/wp\/v2\/media?parent=7274"}],"curies":[{"name":"wp","href":"https:\/\/api.w.org\/{rel}","templated":true}]}}