{"id":7280,"date":"2021-07-25T19:35:57","date_gmt":"2021-07-25T11:35:57","guid":{"rendered":"http:\/\/reto.cn\/php\/hanyu\/?page_id=7280"},"modified":"2022-02-16T12:42:23","modified_gmt":"2022-02-16T04:42:23","slug":"nerekta_parolo","status":"publish","type":"page","link":"https:\/\/reto.cn\/php\/hanyu\/gramatiko_de_esperanto\/detala-lernu-gramatiko\/nerekta_parolo\/","title":{"rendered":"\u4e16\u754c\u8bed\u8be6\u89e3\u8bed\u6cd5 \u95f4\u63a5\u5f15\u8bed"},"content":{"rendered":"<p>&nbsp;<\/p>\n<h3 class=\"entry-title\">\u4e16\u754c\u8bed\u8be6\u89e3\u8bed\u6cd5<\/h3>\n<h3 style=\"text-align: center;\">\u7b2c24\u7ae0\u00a0 \u95f4\u63a5\u5f15\u8bed<\/h3>\n<p>\u95f4\u63a5\u5f15\u8bed\u662f\u8f6c\u8ff0\u67d0\u4eba\u7684\u8a00\u8bed\u3001\u60f3\u6cd5\u3001\u610f\u89c1\u3001\u51b3\u5b9a\u3001\u7591\u95ee\u3001\u8bc4\u6ce8\u7b49\u7684\u4ece\u53e5\uff08\u00a723\uff09\u3002\u5f88\u591a\u60c5\u51b5\u4e0b\uff0c\u5fc5\u987b\u5bf9\u539f\u6765\u7684\u8a00\u8bed\u6216\u60f3\u6cd5\u7684\u5f62\u5f0f\u7a0d\u4f5c\u6539\u53d8\u3002\u95f4\u63a5\u5f15\u8bed\u6709\u522b\u4e8e\u76f4\u63a5\u5f15\u8bed\uff0c\u5373\u65e0\u53d8\u5316\u7684\u5f15\u7528\u8bed\uff0c\u540e\u8005\u4e0d\u662f\u4ece\u53e5\uff0c\u56e0\u6b64\u6ca1\u6709\u4ece\u5c5e\u8fde\u8bcd\u3002\u76f4\u63a5\u5f15\u8bed\u5e38\u5e38\u51fa\u73b0\u5728\u5f15\u53f7\u4e4b\u95f4\u548c\u5192\u53f7\u4e4b\u540e\u3002<br \/>\n<strong>\u76f4\u63a5\u5f15\u8bed\uff1a<\/strong> Petro diris: \u201c<strong>Mi volas doni ion al vi.<\/strong>\u201d\u00a0 \u5f7c\u5f97\u8bf4\uff1a\u201c\u6211\u60f3\u7ed9\u4f60\u4e00\u6837\u4e1c\u897f\u3002\u201d<br \/>\n<strong>\u95f4\u63a5\u5f15\u8bed\uff1a<\/strong> Petro diris, <strong>ke li volas doni ion al mi<\/strong>.\u00a0 \u5f7c\u5f97\u8bf4\u4ed6\u60f3\u7ed9\u6211\u4e00\u6837\u4e1c\u897f\u3002<br \/>\n<strong>\u76f4\u63a5\u5f15\u8bed\uff1a<\/strong> Karlo demandis: \u201c<strong>\u0108u vi volas iri kun mi?<\/strong>\u201d\u00a0 \u5361\u5c14\u95ee\uff1a\u201c\u4f60\u60f3\u8ddf\u6211\u4e00\u8d77\u53bb\u5417?\u201d<br \/>\n<strong>\u95f4\u63a5\u5f15\u8bed\uff1a<\/strong> Karlo demandis, <strong>\u0109u mi volas iri kun li<\/strong>.\u00a0 \u5361\u5c14\u95ee\u6211\u662f\u5426\u60f3\u8ddf\u4ed6\u4e00\u8d77\u53bb\u3002<br \/>\n\u95f4\u63a5\u5f15\u8bed\u901a\u5e38\u662fke\u4ece\u53e5\uff08\u00a723.1\uff09\u6216\u7591\u95ee\u4ece\u53e5\uff08\u00a723.2\uff09\u3002\u8fd9\u79cd\u4ece\u53e5\u6700\u5e38\u7528\u4f5cdiri, krii, pensi, scii, decidi, skribi, kompreni, rimarki, vidi, demandi, voli, a\u016ddi\u7b49\u52a8\u8bcd\u7684\u5bbe\u8bed\uff1aLi diris, <strong>ke li estas feli\u0109a<\/strong>.\u00a0 \u4ed6\u8bf4\u4ed6\u5f88\u5e78\u798f\u3002\u015ci pensis, <strong>ke \u015di estas feli\u0109a<\/strong>.\u00a0 \u5979\u60f3\u5979\u5f88\u5e78\u798f\u3002<br \/>\n\u95f4\u63a5\u5f15\u8bed\u4e5f\u4f5c\u4e3apenso, decido, demando, timo\u7b49\u8bcd\u7684\u8865\u8db3\u8bed\u51fa\u73b0\uff1aLi havis la penson, <strong>ke li estas feli\u0109a<\/strong>.\u00a0 \u4ed6\u8ba4\u4e3a\u4ed6\u5f88\u5e78\u798f\u3002La decido estis, <strong>ke Petro estu prezidanto<\/strong>.\u00a0 \u51b3\u5b9a\u662f\u5f7c\u5f97\u5f53\u4e3b\u5e2d\u3002Ili faris la demandon, <strong>\u0109u ili povas partopreni<\/strong>.\u00a0 \u4ed6\u4eec\u95ee\u9053\u4ed6\u4eec\u662f\u5426\u80fd\u53c2\u52a0\u3002<br \/>\n\u95f4\u63a5\u5f15\u8bed\u8fd8\u4f5c\u4e3a\u015dajni, esti evidente, esti dube, esti klare, esti (ne)eble, esti ver\u015dajne\u7b49\u8bcd\u7684\u4e3b\u8bed\u51fa\u73b0\uff1a\u015cajnis, <strong>ke pluvas<\/strong>.\u00a0\u5929\u597d\u50cf\u5728\u4e0b\u96e8\u3002Estis evidente, <strong>ke li ne estas feli\u0109a<\/strong>.\u00a0 \u663e\u7136\uff0c\u4ed6\u4e0d\u5e78\u798f\u3002<br \/>\n<strong>24.1 <\/strong><strong>\u95f4\u63a5\u5f15\u8bed\u4e2d\u7684\u52a8\u8bcd\u5f62\u5f0f<\/strong><br \/>\n\u5728\u67d0\u4e9b\u8bed\u8a00\u4e2d\uff0c\u95f4\u63a5\u5f15\u8bed\u6709\u65f6\u5fc5\u987b\u6539\u53d8\u52a8\u8bcd\u5f62\u5f0f\u3002\u5728\u4e16\u754c\u8bed\u4e2d\uff0c\u59cb\u7ec8\u4fdd\u7559\u539f\u6765\u7684\u52a8\u8bcd\u5f62\u5f0f\uff1a<\/p>\n<ul>\n<li>Li diris: \u201cMi <strong>volas<\/strong> man\u011di\u201d.\u00a0 \u4ed6\u8bf4\uff1a\u201c\u6211\u8981\u5403\u996d\u3002\u201d \u2192 Li diris, ke li <strong>volas<\/strong> man\u011di.\u00a0 \u4ed6\u8bf4\u4ed6\u8981\u5403\u996d\u3002\u25c7Volas\u7684AS\u662f\u539f\u8bdd\u7684\u73b0\u5728\uff0c\u4e0d\u8981\u6539\u4e3aIS\u3002<\/li>\n<li>Li diris: \u201cMi tiam <strong>lo<\/strong><strong>\u011d<\/strong><strong>is<\/strong> en \u0108inio.\u201d\u00a0 \u4ed6\u8bf4\uff1a\u201c\u5f53\u65f6\u6211\u4f4f\u5728\u4e2d\u56fd\u3002\u201d \u2192 Li diris, ke li tiam <strong>lo<\/strong><strong>\u011d<\/strong><strong>is<\/strong> en \u0108inio.\u00a0 \u4ed6\u8bf4\uff0c\u5f53\u65f6\u4ed6\u4f4f\u5728\u4e2d\u56fd\u3002\u25c7Lo\u011dis\u7684IS\u8868\u793a\u6bd4\u539f\u8bdd\u66f4\u65e9\u7684\u65f6\u95f4\u3002\u6539\u4e3aestis lo\u011dinta\u662f\u9519\u8bef\u7684\u3002<\/li>\n<li>\u015ci demandis: \u201c\u0108u vi <strong>iros<\/strong> kun mi al kinejo?\u201d\u00a0 \u5979\u95ee\uff1a\u201c\u4f60\u8ddf\u6211\u4e00\u8d77\u53bb\u770b\u7535\u5f71\u5417?\u201d \u2192 \u015ci demandis, \u0109u mi <strong>iros<\/strong> kun \u015di al kinejo.\u00a0 \u5979\u95ee\u6211\u662f\u5426\u8ddf\u5979\u4e00\u8d77\u53bb\u770b\u7535\u5f71\u3002\u25c7Iros\u7684OS\u8868\u793a\u539f\u95ee\u9898\u4e4b\u540e\u7684\u65f6\u95f4\uff0c\u6539\u4e3aestis ironta\u6216volis iri\u662f\u9519\u8bef\u7684\u3002\u5982\u679c\u539f\u95ee\u9898\u662f\u0108u vi <strong>volas iri<\/strong> kun mi?\uff0c\u90a3\u5c31\u8bf4\uff1a\u015ci demandis, \u0109u mi <strong>volas iri<\/strong> kun \u015di.<\/li>\n<li>Li ne komprenis: \u201cKial \u015di ne <strong>volas <\/strong>partopreni?\u201d\u00a0 \u4ed6\u4e0d\u660e\u767d\uff1a\u201c\u4e3a\u4ec0\u4e48\u5979\u4e0d\u60f3\u53c2\u52a0?\u201d \u2192 Li ne komprenis, kial \u015di ne <strong>volas<\/strong> partopreni.\u00a0 \u4ed6\u4e0d\u660e\u767d\u4e3a\u4ec0\u4e48\u5979\u4e0d\u60f3\u53c2\u52a0\u3002\u25c7Volas\u7684AS\u8868\u793a\u539f\u95ee\u9898\u7684\u65f6\u95f4\u3002<\/li>\n<li>Ili ordonis: \u201c<strong>Paku<\/strong> tuj vian valizon!\u201d\u00a0 \u4ed6\u4eec\u547d\u4ee4\uff1a\u201c\u7acb\u5373\u6536\u62fe\u4f60\u7684\u884c\u674e\uff01\u201d\u2192 Ili ordonis, ke mi tuj <strong>paku <\/strong>mian valizon.\u00a0 \u4ed6\u4eec\u547d\u4ee4\u6211\u7acb\u5373\u6536\u62fe\u6211\u7684\u884c\u674e\u3002<\/li>\n<li>\u015ci esperis, ke \u015di ilin <strong>trovos<\/strong>.\u00a0 \u5979\u5e0c\u671b\uff08\u5979\uff09\u627e\u5230\u4ed6\u4eec\u3002\u25c7\u539f\u6765\u7684\u60f3\u6cd5\u662f\uff1a\u201cMi ilin <strong>trovos<\/strong>.\u201d<\/li>\n<li>\u015ci estis plena de timo, ke la infano <strong>mortos<\/strong>.\u00a0 \u5979\u975e\u5e38\u62c5\u5fc3\u5b69\u5b50\u4f1a\u6b7b\u53bb\u3002\u25c7\u5979\u4e00\u8fb9\u62c5\u5fc3\u4e00\u8fb9\u60f3\uff1a\u201cLa infano <strong>mortos<\/strong>!\u201d<\/li>\n<li>Li metis la kondi\u0109on, ke oni ne <strong>instruu<\/strong> al \u015di la Kristanan religion.\u00a0\u4ed6\u63d0\u51fa\u6761\u4ef6\uff0c\u8bf7\u6c42\uff08\u5b66\u6821\uff09\u4e0d\u8981\u6559\u7ed9\u5979\u57fa\u7763\u6559\u7684\u8bfe\u7a0b\u3002\u25c7\u4ed6\u8bf4\uff1a\u201cNe <strong>instruu<\/strong> al \u015di&#8230;\u201d<\/li>\n<li>\u015cajnis al \u015di, ke \u015din <strong>\u0109<\/strong><strong>irka<\/strong><strong>\u016d<\/strong><strong>as<\/strong> unu sola densa barilo el traboj.\u00a0 \u5979\u89c9\u5f97\u6a2a\u6881\u4e2d\u597d\u50cf\u6709\u4e00\u6392\u6728\u6805\u680f\uff0c\u5bc6\u5bc6\u5730\u56f4\u5728\u5979\u7684\u56db\u5468\u3002\u25c7\u5979\u60f3\uff1a\u201cMin <strong>\u0109<\/strong><strong>irka<\/strong><strong>\u016d<\/strong><strong>as<\/strong>&#8230;\u201d\uff0c\u56e0\u4e3a\u5979\u662f\u8fd9\u4e48\u8ba4\u4e3a\u7684\u3002<\/li>\n<\/ul>\n<p>\u5173\u7cfb\u4ece\u53e5\uff08\u00a723.3\uff09\u901a\u5e38\u4e0d\u8f6c\u8ff0\u8a00\u8bed\u6216\u60f3\u6cd5\u3002\u56e0\u6b64\uff0c\u5728\u6b64\u7c7b\u4ece\u53e5\u4e2d\uff0c\u52a8\u8bcd\u65f6\u6001\u4e0e\u7edd\u5bf9\u7684\u73b0\u5728\u76f8\u5173\u8054\uff1a<\/p>\n<ul>\n<li>Mi ne konis tiun, kiu <strong>venis<\/strong>.\u00a0 \u6211\u4e0d\u8ba4\u8bc6\u90a3\u4e2a\u6765\u7684\u4eba\u3002\u25c7Konis\u548cvenis\u90fd\u8868\u793a\u73b0\u5728\u4e4b\u524d\u7684\u65f6\u95f4\u3002\u5b83\u4eec\u5f88\u53ef\u80fd\u8868\u793a\u76f8\u540c\u7684\u65f6\u95f4\u3002<\/li>\n<li>Mi ne konis la personon, kiu <strong>estis <\/strong>balda\u016d <strong>venonta<\/strong> tra la pordo.\u00a0 \u6211\u4e0d\u8ba4\u8bc6\u90a3\u4e2a\u5f88\u5feb\u5c31\u8981\u8fdb\u95e8\u6765\u7684\u4eba\u3002\u25c7Konis\u548cestis\u90fd\u8868\u793a\u73b0\u5728\u4e4b\u524d\u65f6\u95f4\u3002Venonta\u8868\u793a\u90a3\u4e2a\u8fc7\u53bb\u65f6\u95f4\u4e4b\u540e\u7684\u65f6\u95f4\u3002<\/li>\n<\/ul>\n<p><strong>24.2 <\/strong><strong>\u95f4\u63a5\u5f15\u8bed\u4e2d\u7684\u65f6\u95f4\u8bcd\u548c\u5730\u70b9\u8bcd<\/strong><br \/>\n\u5982\u679c\u5728\u88ab\u5f15\u8ff0\u7684\u53e5\u5b50\u4e2d\u6709\u8868\u793a\u65f6\u95f4\u7684\u77ed\u8bed\uff0c\u5b83\u5728\u95f4\u63a5\u5f15\u8bed\u4e2d\u901a\u5e38\u53ef\u4ee5\u4e0d\u52a0\u53d8\u5316\u5730\u4fdd\u7559\u3002\u7136\u800c\uff0c\u4e00\u4e9b\u65f6\u95f4\u8bcd\u53d6\u51b3\u4e8e\u7edd\u5bf9\u7684\u73b0\u5728\uff0c\u56e0\u6b64\uff0c\u6709\u65f6\u5fc5\u987b\u53d8\u5316\u4ee5\u907f\u514d\u6df7\u6dc6\u3002\u8fd9\u7c7b\u8bcd\u662fhodia\u016d, hiera\u016d, anta\u016dhiera\u016d, morga\u016d\u548cpostmorga\u016d\u3002\u53ef\u662f\uff0c\u5176\u4e2d\u5fc5\u987b\u6539\u53d8\u8fd9\u79cd\u65f6\u95f4\u8bcd\u7684\u53e5\u5b50\u662f\u76f8\u5f53\u5c11\u89c1\u7684\uff1a<\/p>\n<ul>\n<li>Pasintan lundon li diris: \u201cMi ne laboros <strong>hodia<\/strong><strong>\u016d<\/strong>!\u201d\u00a0 \u4e0a\u5468\u4e00\u4ed6\u8bf4\uff1a\u201c\u4eca\u5929\u6211\u4e0d\u5de5\u4f5c\u3002\u201d \u2192 Pasintan lundon li diris, ke li ne laboros <strong>tiun tagon<\/strong>.\u00a0 \u4e0a\u5468\u4e00\u4ed6\u8bf4\u4ed6\u90a3\u5929\u4e0d\u5de5\u4f5c\u3002\u25c7\u5982\u679c\u5728\u4ece\u53e5\u4e2d\u4fdd\u7559hodia\u016d\uff0c\u5219\u8bf4\u7684\u662f\u8bf4\u5168\u53e5\u7684\u5f53\u5929\u3002<\/li>\n<li>Morga\u016d li ver\u015dajne diros: \u201cMi estis malsana <strong>hiera<\/strong><strong>\u016d<\/strong>!\u201d\u00a0 \u660e\u5929\u4ed6\u5f88\u53ef\u80fd\u8bf4\uff1a\u201c\u6211\u6628\u5929\u75c5\u4e86\u3002\u201d \u2192 Morga\u016d li ver\u015dajne diros, ke li estis malsana <strong>hodia<\/strong><strong>\u016d<\/strong>.\u00a0 \u660e\u5929\u4ed6\u5f88\u53ef\u80fd\u8bf4\u4ed6\u4eca\u5929\u75c5\u4e86\u3002\u25c7\u5982\u679c\u5728\u95f4\u63a5\u5f15\u8bed\u4e2d\u4f7f\u7528hiera\u016d\uff0c\u5219\u8bf4\u7684\u662f\u8bf4\u5168\u53e5\u7684\u524d\u4e00\u5929\u3002\u4ed6\u5b9e\u9645\u4e0a\u5c06\u8c08\u8bba\u4eca\u5929\u7684\u65e5\u5b50\uff0c\u6240\u4ee5\u8981\u6539\u4e3ahodia\u016d\u3002<\/li>\n<li>Anta\u016d unu semajno li demandis al mi: \u201c\u0108u vi venos al mi <strong>morga<\/strong><strong>\u016d<\/strong>?\u201d\u00a0 \u4e00\u661f\u671f\u524d\u4ed6\u95ee\u6211\uff1a\u201c\u4f60\u660e\u5929\u6765\u6211\u8fd9\u91cc\u5417?\u201d \u2192 Anta\u016d unu semajno li demandis al mi, \u0109u mi venos al li <strong>la postan tagon<\/strong>.\u00a0 \u4e00\u661f\u671f\u524d\u4ed6\u95ee\u6211\u7b2c\u4e8c\u5929\u662f\u5426\u8981\u53bb\u4ed6\u90a3\u91cc\u3002<\/li>\n<\/ul>\n<p>\u7136\u800c\uff0c\u5728\u8bb2\u8ff0\u4e2d\u6709\u65f6\u4e0d\u52a0\u53d8\u5316\u5730\u4fdd\u7559hodia\u016d, hiera\u016d\u548cmorga\u016d\uff1a<\/p>\n<ul>\n<li>Li renkontis konaton, junan poeton, kiu rakontis al li, ke <strong>morga<\/strong><strong>\u016d<\/strong> [= la postan tagon] li komencos sian someran voja\u011don.\u00a0 \u4ed6\u9047\u5230\u4e00\u4e2a\u719f\u4eba\uff0c\u4e00\u4e2a\u5e74\u8f7b\u7684\u8bd7\u4eba\uff0c\u90a3\u4eba\u544a\u8bc9\u4ed6\uff0c\u660e\u5929\u4ed6\u5c06\u5f00\u59cb\u590f\u5b63\u65c5\u884c\u3002\u25c7\u8fd9\u53e5\u8bdd\u51fa\u73b0\u5728\u4e00\u5219\u7ae5\u8bdd\u4e2d\uff0c\u51e0\u4e4e\u4e0d\u53ef\u80fd\u4e0e\u771f\u5b9e\u7684\u660e\u5929\u76f8\u6df7\u6dc6\u3002<\/li>\n<\/ul>\n<p>\u8bf8\u5982hiera\u016do, hiera\u016da tago, morga\u016do, morga\u016da tago\u7b49\u5f62\u5f0f\u5e38\u5e38\u4e0d\u53d7\u7edd\u5bf9\u73b0\u5728\u7684\u7ea6\u675f\u800c\u88ab\u4f7f\u7528\u3002<br \/>\n\u6709\u65f6\uff0c\u5728\u95f4\u63a5\u5f15\u8bed\u4e2d\uff0c\u65f6\u95f4\u8bcdnun\u53ef\u4ee5\u6539\u53d8\u4ee5\u6c42\u610f\u601d\u6e05\u695a\uff0c\u4f46\u662f\u66f4\u4e3a\u5e38\u89c1\u7684\u662f\uff0c\u8fd9\u5e76\u975e\u6709\u5fc5\u8981\uff1a<\/p>\n<ul>\n<li>Hiera\u016d li diris: \u201cMi volas fari tion <strong>nun<\/strong> kaj ne poste!\u201d\u00a0 \u6628\u5929\u4ed6\u8bf4\uff1a\u201c\u6211\u60f3\u73b0\u5728\u5c31\u505a\uff0c\u800c\u4e0d\u662f\u7a0d\u540e\uff01\u201d \u2192 Hiera\u016d li diris, ke li volas fari tion <strong>nun<\/strong> kaj ne poste.\u00a0 \u6628\u5929\u4ed6\u8bf4\uff0c\u4ed6\u60f3\u73b0\u5728\u5c31\u505a\uff0c\u800c\u4e0d\u662f\u7a0d\u540e\u3002\u25c7\u53ef\u4ee5\u6539\u4e3atiam, tiumomente\u6216\u8005\u53ef\u80fdtuj\uff0c\u4f46\u662fnun\u4e5f\u9002\u7528\u3002<\/li>\n<\/ul>\n<p>\u5982\u679c\u5728\u5f02\u5730\u8f6c\u8ff0\u4e8b\u60c5\uff0c\u5219\u88ab\u5f15\u8ff0\u53e5\u5b50\u4e2d\u7684\u5730\u70b9\u77ed\u8bed\uff0c\u6709\u65f6\u5728\u95f4\u63a5\u5f15\u8bed\u4e2d\u5fc5\u987b\u6539\u53d8\u3002\u8fd8\u6709\u7684\u65f6\u5019\uff0c\u8fd9\u79cd\u6539\u53d8\u53ef\u4ee5\u662f\u81ea\u7136\u7684\uff0c\u4f46\u4e0d\u662f\u975e\u6539\u4e0d\u53ef\u7684\uff1a<\/p>\n<ul>\n<li>\u5361\u5c14\u548c\u827e\u5a03\u5728\u5df4\u9ece\u3002\u5361\u5c14\u8c08\u5230\u5317\u4eac\uff0c\u5bf9\u827e\u5a03\u8bf4\uff1aMi iros <strong>tien<\/strong>.\u00a0 \u6211\u5c06\u53bb\u90a3\u91cc\u3002<\/li>\n<li>\u827e\u5a03\u540e\u6765\u548c\u5f7c\u5f97\u4e00\u8d77\u5728\u5317\u4eac\uff0c\u5c31\u5411\u5f7c\u5f97\u8f6c\u8ff0\uff1aKarlo diris, ke li iros <strong>\u0109<\/strong><strong>i tien<\/strong>. (\u6216\uff1a&#8230; ke li venos \u0109i tien.)\u00a0 \u5361\u5c14\u8bf4\u4ed6\u5c06\u6765\u8fd9\u91cc\u3002<\/li>\n<li>\u5f7c\u5f97\u548c\u827e\u5a03\u5728\u4e1c\u4eac\uff0c\u5f7c\u5f97\u5bf9\u5979\u8bf4\uff1aMi iam estis <strong>en Berlino<\/strong>.\u00a0 \u6211\u53bb\u8fc7\u67cf\u6797\u3002<\/li>\n<li>\u827e\u5a03\u548c\u5361\u5c14\u540e\u6765\u5728\u67cf\u6797\uff0c\u5979\u5411\u4ed6\u8f6c\u8ff0\uff1aPetro diris, ke li iam estis <strong>\u0109<\/strong><strong>i tie<\/strong>.\u00a0 \u5f7c\u5f97\u8bf4\u4ed6\u6765\u8fc7\u8fd9\u91cc\u3002\u6216\uff1aPetro diris, ke li iam estis <strong>en Berlino<\/strong>.\u00a0 \u5f7c\u5f97\u8bf4\u4ed6\u6765\u8fc7\u67cf\u6797\u3002<\/li>\n<\/ul>\n<p><strong>24.3 <\/strong><strong>\u95f4\u63a5\u5f15\u8bed\u4e2d\u7684\u4ee3\u8bcd<\/strong><br \/>\n\u5982\u679c\u8bf4\u8bdd\u4eba\u548c\u542c\u8bdd\u4eba\u6539\u53d8\u7684\u8bdd\uff0c\u5728\u95f4\u63a5\u5f15\u8bed\u4e2d\u4eba\u79f0\u4ee3\u8bcd\u548c\u7269\u4e3b\u4ee3\u8bcd\u5e38\u5e38\u5fc5\u987b\u6539\u53d8\uff1a<\/p>\n<ul>\n<li>\u5361\u5c14\u8bf4\uff1a<strong>Mi<\/strong> estas tre feli\u0109a.\u00a0 \u6211\u5f88\u5e78\u798f\u3002<\/li>\n<li>\u5f7c\u5f97\u5411\u827e\u5a03\u8bb2\u8ff0\uff1aKarlo diris, ke <strong>li<\/strong> estas tre feli\u0109a.\u00a0 \u5361\u5c14\u8bf4\u4ed6\u5f88\u5e78\u798f\u3002\u25c7Mi \u2192 li.<\/li>\n<li>\u5361\u5c14\u5bf9\u827e\u5a03\u8bf4\uff1a<strong>Mi<\/strong> amas <strong>vin<\/strong>.\u00a0 \u6211\u7231\u4f60\u3002<\/li>\n<li>\u5f7c\u5f97\u95ee\u827e\u5a03\uff1a\u0108u li vere diris, ke <strong>li <\/strong>amas <strong>vin<\/strong>?\u00a0 \u4ed6\u771f\u7684\u8bf4\u8fc7\u4ed6\u7231\u4f60\u5417\uff1f\u25c7Mi \u2192 li, vin\u4fdd\u7559\u3002<\/li>\n<li>\u5f7c\u5f97\u95ee\u5361\u5c14\uff1a\u0108u vi vere diris, ke <strong>vi <\/strong>amas <strong>\u015d<\/strong><strong>in<\/strong>? \u4f60\u771f\u7684\u8bf4\u8fc7\u4f60\u7231\u5979\u5417\uff1f\u25c7Mi \u2192 vi, vin \u2192 \u015din.<\/li>\n<li>\u5f7c\u5f97\u5411\u4f0a\u4e3d\u838e\u767d\u8bb2\u8ff0\uff1aLi fakte diris al <strong>\u015d<\/strong><strong>i<\/strong>, ke <strong>li<\/strong> amas <strong>\u015d<\/strong><strong>in<\/strong>.\u00a0 \u4ed6\u5b9e\u9645\u4e0a\u5bf9\u5979\u8bf4\u8fc7\u4ed6\u7231\u5979\u3002\u25c7Mi \u2192 li, vin \u2192 \u015din.<\/li>\n<li>\u5361\u5c14\u5bf9\u5f7c\u5f97\u8bf4\u5230\u827e\u5a03\uff1a<strong>Mi<\/strong> amas <strong>\u015d<\/strong><strong>in<\/strong>.\u00a0 \u6211\u7231\u5979\u3002<\/li>\n<li>\u5f7c\u5f97\u5411\u827e\u5a03\u8bb2\u8ff0\uff1aLi diris, ke <strong>li<\/strong> amas <strong>vin<\/strong>.\u00a0\u4ed6\u8bf4\u4ed6\u7231\u4f60\u3002\u25c7Mi \u2192 li, \u015din \u2192 vin.<\/li>\n<\/ul>\n<p>\u4e2d\u56fd\u4e16\u754c\u8bed\u7f51\u7ad9\u7eff\u7f51<br \/>\nVerda Reto, la \u0109ina esperanta retejo<br \/>\n<a href=\"https:\/\/reto.cn\/\">https:\/\/reto.cn<\/a><\/p>\n<p><a href=\"https:\/\/reto.cn\/php\/hanyu\/detala-lernu-gramatiko\/\">\u8fd4\u56de\u4e16\u754c\u8bed\u8be6\u89e3\u8bed\u6cd5\u76ee\u5f55<\/a><\/p>\n","protected":false},"excerpt":{"rendered":"<p>&nbsp; \u4e16\u754c\u8bed\u8be6\u89e3\u8bed\u6cd5 \u7b2c24\u7ae0\u00a0 \u95f4\u63a5\u5f15\u8bed \u95f4\u63a5\u5f15\u8bed\u662f\u8f6c\u8ff0\u67d0\u4eba\u7684\u8a00\u8bed\u3001\u60f3\u6cd5\u3001\u610f\u89c1\u3001\u51b3\u5b9a\u3001\u7591\u95ee\u3001\u8bc4\u6ce8\u7b49\u7684\u2026 <span class=\"read-more\"><a href=\"https:\/\/reto.cn\/php\/hanyu\/gramatiko_de_esperanto\/detala-lernu-gramatiko\/nerekta_parolo\/\">\u7ee7\u7eed\u9605\u8bfb Legi pli &raquo;<\/a><\/span><\/p>\n","protected":false},"author":1,"featured_media":0,"parent":6989,"menu_order":0,"comment_status":"open","ping_status":"closed","template":"","meta":{"footnotes":""},"_links":{"self":[{"href":"https:\/\/reto.cn\/php\/hanyu\/wp-json\/wp\/v2\/pages\/7280"}],"collection":[{"href":"https:\/\/reto.cn\/php\/hanyu\/wp-json\/wp\/v2\/pages"}],"about":[{"href":"https:\/\/reto.cn\/php\/hanyu\/wp-json\/wp\/v2\/types\/page"}],"author":[{"embeddable":true,"href":"https:\/\/reto.cn\/php\/hanyu\/wp-json\/wp\/v2\/users\/1"}],"replies":[{"embeddable":true,"href":"https:\/\/reto.cn\/php\/hanyu\/wp-json\/wp\/v2\/comments?post=7280"}],"version-history":[{"count":0,"href":"https:\/\/reto.cn\/php\/hanyu\/wp-json\/wp\/v2\/pages\/7280\/revisions"}],"up":[{"embeddable":true,"href":"https:\/\/reto.cn\/php\/hanyu\/wp-json\/wp\/v2\/pages\/6989"}],"wp:attachment":[{"href":"https:\/\/reto.cn\/php\/hanyu\/wp-json\/wp\/v2\/media?parent=7280"}],"curies":[{"name":"wp","href":"https:\/\/api.w.org\/{rel}","templated":true}]}}