{"id":8059,"date":"2021-09-22T20:37:29","date_gmt":"2021-09-22T12:37:29","guid":{"rendered":"http:\/\/reto.cn\/php\/hanyu\/?page_id=8059"},"modified":"2022-02-15T11:06:52","modified_gmt":"2022-02-15T03:06:52","slug":"pri_ig","status":"publish","type":"page","link":"https:\/\/reto.cn\/php\/hanyu\/gramatiko_de_esperanto\/demandoj_kaj_respondoj_en_esperanta_lernado\/pri_ig\/","title":{"rendered":"\u5173\u4e8e\u540e\u7f00 -IG-"},"content":{"rendered":"<p>\u5218\u9e3f\u5143<\/p>\n<p>\u540e\u7f00-ig-\u5728\u4e16\u754c\u8bed\u4e2d\u662f\u4e00\u4e2a\u5f88\u91cd\u8981\u7684\u6784\u8bcd\u5143\u7d20\uff0c\u5b83\u53ef\u4ee5\u52a0\u5728\u4efb\u4f55\u8bcd\u6839\u540e\u9762\uff0c\u6784\u6210\u4f7f\u5f79\u52a8\u8bcd\uff0c\u8868\u793a\u201c\u81f4\u4f7f\u7684\u6548\u679c\u201d\u800c\u5e76\u4e0d\u7cbe\u786e\u8bf4\u660e\u7528\u4f55\u79cd\u624b\u6bb5\u53bb\u201c\u81f4\u4f7f\u201d\u3002\u5177\u4f53\u7528\u6cd5\u5982\u4e0b\uff1a<\/p>\n<p>A. \u52a0\u5728\u52a8\u8bcd\u8bcd\u6839\u540e\u9762\uff0c\u8868\u793a\u201c\u4f7f\u2026\u505a\u67d0\u4e8b\u201d\u3002\u5b83\u53ef\u4ee5\uff1a<\/p>\n<p>1. \u4e0e\u4e0d\u53ca\u7269\u52a8\u8bcd\u8fde\u7528\uff0c-ig-\u7684\u524d\u9762\u9690\u542b\u7740\u5206\u8bcd\u540e\u7f00-anta\u6216-inta\u7684\u610f\u601d\uff0c\u56e0\u800c\u4f7f\u4e0d\u53ca\u7269\u52a8\u8bcd\u53d8\u4e3a\u53ca\u7269\u52a8\u8bcd\u3002\u4f8b\u5982\uff1aabortigi (= igi iun abortanta) \u4f7f\u6d41\u4ea7\uff0f\u5815\u80ce\uff0cbruligi \u4f7f\u71c3\u70e7\uff0f\u70b9\u71c3\uff0c\u0109esigi \u4f7f\u505c\u6b62\uff0cda\u016drigi \u4f7f\u6301\u7eed\uff0f\u7ee7\u7eed\uff0cdevigi (= fari ke iu devu) \u5f3a\u8feb\uff0cdormigi \u4f7f\u5165\u7761\uff0f\u50ac\u7720\uff0cenuigi \u4f7f\u538c\u5026\uff0cestigi \u4f7f\u5b58\u5728\uff0f\u4f7f\u4ea7\u751f\uff0cfaligi \u4f7f\u843d\u4e0b\uff0c\u011dojigi \u4f7f\u9ad8\u5174\uff0f\u4f7f\u6109\u5feb\uff0chaltigi \u4f7f\u505c\u6b62\uff0f\u963b\u6b62\uff0cirigi \u4f7f\u884c\u8d70\uff0f\u8bf7\u2026\u8d70\uff0ckurigi \u4f7f\u5954\u8dd1\uff0cku\u015digi \u4f7f\u8eba\u4e0b\uff0ckutimigi \u4f7f\u4e60\u60ef\u4e8e\uff0cmortigi \u6740\u6b7b\uff0cpasigi \u4f7f\u901a\u8fc7\uff0f\u4f20\u9001\uff0cpendigi \u628a\u2026\u6302\u4e0a\uff0f\u60ac\u6302\uff0cpereigi \u4f7f\u4e27\u751f\uff0f\u6740\u6b7b\uff0crapidigi \u52a0\u5feb\uff0f\u50ac\u4fc3\uff0csidigi \u4f7f\u5750\u4e0b\uff0cstarigi \u5efa\u7acb\uff0f\u8bbe\u7acb\uff0csuferigi \u4f7f\u53d7\u82e6\uff0f\u4f7f\u611f\u5230\u75db\u82e6\uff0c\u015dprucigi \u4f7f\u55b7\u51fa\uff0f\u55b7\u6d12\uff0cvenigi \u4f7f\u5230\u6765\uff0f\u8bf7\u2026\u6765\uff0c\u7b49\u3002<\/p>\n<p>2. \u4e0e\u53ca\u7269\u52a8\u8bcd\u8fde\u7528\uff0c-ig-\u7684\u524d\u9762\u9690\u542b\u7740\u5206\u8bcd\u540e\u7f00-anta\/-inta\u6216-ata\/-ita\u7684\u610f\u601d\uff1b\u6362\u8a00\u4e4b\uff0c\u540e\u7f00-ig-\u5728\u8fd9\u91cc\u6709\u65f6\u5177\u6709\u4e3b\u52a8\u610f\u4e49\uff0c\u6709\u65f6\u5177\u6709\u88ab\u52a8\u610f\u4e49\u3002\u4f8b\u5982\uff1a<\/p>\n<p>\u2460\u4e3b\u52a8\u610f\u4e49\uff1a<br \/>\nsciigi amikon pri nova\u0135o LR.10 (= igi amikon scianta\u2026) \u628a\u6d88\u606f\u544a\u77e5\u670b\u53cb<br \/>\ntrinkigi \u0109evalon je akvo PIV.460 (= igi \u0109evalon trinkanta\u2026) \u7ed9\u9a6c\u996e\u6c34<br \/>\nVi min man\u011digos, mi vin trinkigos. PE.2562 \u4f60\u7ed9\u6211\u5403\u7684\uff0c\u6211\u5c31\u7ed9\u4f60\u559d\u7684\u3002\uff0f\u4f60\u5e2e\u6211\uff0c\u6211\u4e5f\u5e2e\u4f60\u3002\uff0f\u2248\u4e92\u52a9\u4e92\u5229\u3002<br \/>\nTondro kampulon memorigas pri Dio. PE.2438 \u96f7\u58f0\u4f7f\u4e61\u5df4\u4f6c\u8bb0\u8d77\u4e0a\u5e1d\u3002\uff08\u55bb\u6307\u53d7\u5230\u5371\u9669\u5a01\u80c1\u65f6\u624d\u60f3\u8d77\u4e0a\u5e1d\u3002\uff09<br \/>\nPli bone estas enviigi, ol kompatigi. PE.1965 \u4f7f\u4eba\u5fcc\u5992\u80dc\u4e8e\u4ee4\u4eba\u540c\u60c5\u3002\uff0f\u5b81\u53ef\u4f7f\u4eba\u5fcc\u5992\uff0c\u4e5f\u4e0d\u8981\u4f7f\u4eba\u540c\u60c5\u3002<br \/>\nIli lernigis sian langon paroli malveron. Jr.9:5 \u4ed6\u4eec\u6559\u820c\u5934\u5b66\u4e60\u8bf4\u8c0e\u3002<br \/>\nMi iam vin amis. \u2015 Efektive, princo, vi kredigis min pri tio. H.89 \u6211\u66fe\u7ecf\u7231\u8fc7\u4f60\u3002\u2014\u2014\u771f\u7684\uff0c\u6bbf\u4e0b\uff0c\u60a8\u66fe\u7ecf\u4f7f\u6211\u76f8\u4fe1\u60a8\u7231\u6211\u3002<br \/>\nVi vane penas \/ Kredigi min, ke tio estas vero. H.19 \u4f60\u529b\u56fe\u8ba9\u6211\u76f8\u4fe1\u8fd9\u662f\u771f\u7684\uff0c\u4f46\u8fd9\u662f\u5f92\u52b3\u7684\u3002<br \/>\n\u015ci devigis \u015din man\u011di en la kuirejo kaj laboradi sen\u0109ese. Ek.13 \u5979\u5f3a\u8feb\u5979\u5728\u53a8\u623f\u5403\u996d\u3001\u4e0d\u505c\u5730\u5e72\u6d3b\u513f\u3002<br \/>\nKio decidigis lin elekti \u011duste min? \u015cU.188 \u662f\u4ec0\u4e48\u4f7f\u4ed6\u51b3\u5b9a\u5c31\u9009\u62e9\u4e86\u6211\uff1f<\/p>\n<p>\u2461\u88ab\u52a8\u610f\u4e49\uff1a<br \/>\nsciigi nova\u0135on al amiko LR.10 (= igi nova\u0135on sciata\u2026) \u4f7f\u6d88\u606f\u4e3a\u670b\u53cb\u6240\u77e5\uff0f\u628a\u6d88\u606f\u544a\u77e5\u670b\u53cb<br \/>\ntrinkigi akvon al \u0109evalo PIV.460 (= igi akvon trinkata\u2026) \u4f7f\u6c34\u88ab\u9a6c\u6240\u996e\uff0f\u7ed9\u9a6c\u996e\u6c34<br \/>\na\u016ddigi sian vo\u0109on al iu alia (= igi sian vo\u0109on a\u016ddata\u2026) \u4f7f\u4ed6\u4eba\u542c\u5230\u81ea\u5df1\u7684\u58f0\u97f3<br \/>\nabonigi al iu gazeton PIV.460 \u4f7f\u67d0\u4eba\u8ba2\u6742\u5fd7<br \/>\nMi man\u011digis kokinon al miaj gastoj. PIV.460 \u6211\u7ed9\u6211\u7684\u5ba2\u4eba\u5403\u6bcd\u9e21\u3002<br \/>\nAnka\u016d al vi\u2026 li sentigos sian skur\u011don. Rb.42 \u4ed6\u4e5f\u8981\u8ba9\u4f60\u5c1d\u5c1d\u4ed6\u7684\u76ae\u97ad\u7684\u6ecb\u5473\u3002<br \/>\nMildeco pardonigas e\u0109 grandajn krimojn. Pr.10:4 \u67d4\u548c\u80fd\u514d\u5927\u8fc7\u3002<br \/>\n\u015ci havigas al mi multe da \u011dojo. FA.3-59 \u5979\u4f7f\u6211\u5f97\u5230\u4e86\u8bb8\u591a\u5feb\u4e50\u3002<br \/>\nTiu afero decidigis [al ili] la militon. PIV.460 \u8fd9\u4ef6\u4e8b\u8ba9\u4ed6\u4eec\u4e0b\u51b3\u5fc3\u6253\u4ed7\u3002<br \/>\n[La amba\u016d teksistoj] komprenigis la neordinaran desegnon. FA.1-69 \u8fd9\u4e24\u4e2a\u7ec7\u5de5\u628a\u90a3\u4e9b\u7a00\u6709\u7684\u82b1\u7eb9\u63cf\u8ff0\u4e86\u4e00\u756a\u3002<br \/>\nMar\u0109andado a\u0109eti ne devigas. PE.1498 \u8bb2\u4ef7\u94b1\u4e0d\u4e00\u5b9a\u975e\u5f97\u4e70\u3002\uff0f\u2248\u751f\u610f\u4e0d\u6210\u60c5\u610f\u5728\u3002<br \/>\nPoste mi min distingigis per kura\u011do en bataloj kontra\u016d romianoj. Tx \u540e\u6765\uff0c\u6211\u56e0\u81ea\u5df1\u5728\u4e0e\u7f57\u9a6c\u4eba\u7684\u6218\u6597\u4e2d\u8868\u73b0\u52c7\u6562\u800c\u663e\u5f97\u5f88\u7a81\u51fa\u3002<\/p>\n<p>B. \u4e0e\u975e\u52a8\u8bcd\u8bcd\u6839\u8fde\u7528\uff0c\u8868\u793a\u201c\u4f7f\u2026\u53d8\u6210\u67d0\u6837\uff08fari iun ia; fari, ke iu estu ia\uff09\u201d\u3002\u5b83\u53ef\u4ee5\uff1a<\/p>\n<p>1. \u52a0\u5728\u5f62\u5bb9\u8bcd\u8bcd\u6839\u540e\uff0c\u4f8b\u5982\uff1aakrigi (= fari akra) \u4f7f\u950b\u5229\uff0caliigi \u4f7f\u53d8\u4e3a\u522b\u6837\uff0f\u6539\u53d8\uff0capartigi \u4f7f\u5206\u5f00\uff0cbeligi \u4f7f\u7f8e\uff0f\u7f8e\u5316\uff0cblankigi \u4f7f\u767d\uff0f\u6f02\u767d\uff0cblindigi \u4f7f\u5931\u660e\uff0f\u81f4\u76f2\uff0ccertigi \u4f7f\u786e\u4fe1\uff0cdikigi \u4f7f\u53d8\u539a\uff0f\u4f7f\u53d1\u80d6\uff0cpravigi \u5ba3\u79f0\uff08\u67d0\u4eba\uff09\u6b63\u786e\uff0ctrankviligi \u4f7f\u5b89\u5b81\uff0f\u629a\u6170\uff0c\u7b49\u3002\u53c8\u5982\uff1a<br \/>\nLaboro lacigas, sed akiro \u011dojigas. PE.1244 \u5de5\u4f5c\u4f7f\u4eba\u75b2\u52b3\uff0c\u6536\u83b7\u4ee4\u4eba\u559c\u60a6\u3002<br \/>\nKiu tro sin pravigas, tiu mem sin kulpigas. PE.1118 \u8fc7\u5206\u4e3a\u81ea\u5df1\u8fa9\u89e3\u7684\u4eba\uff0c\u53cd\u800c\u4f7f\u81ea\u5df1\u8d1f\u7f6a\u3002\uff0f\u2248\u6b32\u76d6\u5f25\u5f70\u3002<br \/>\n\u011ci [= Tiu flamo] lumas, sed \u011di tute ne varmigas. H.32 \u8fd9\u706b\u7130\u53d1\u5149\uff0c\u4f46\u662f\u4e00\u70b9\u4e5f\u4e0d\u70ed\u3002\uff0f\u8fd9\u706b\u7130\u662f\u5149\u591a\u4e8e\u70ed\u7684\u3002<br \/>\nLa prudento necesigas \/ Nin venki la naturon. H.12 (= \u2026 igas necese, ke ni venku\u2026) \u7406\u667a\u8feb\u4f7f\u6211\u4eec\u6218\u80dc\u7980\u6027\u3002<\/p>\n<p>2. \u52a0\u5728\u526f\u8bcd\u8bcd\u6839\u3001\u4ecb\u8bcd\u6216\u8bcd\u7f00\u540e\u9762\uff0c\u4f8b\u5982\uff1aaligi (= fari ke iu venu al; almeti ion) \u4f7f\u52a0\u5165\uff0f\u4f7f\u6dfb\u4e0a\uff0cdisigi (= fari disen) \u4f7f\u5206\u6563\uff0f\u4f7f\u5206\u5f00\uff0ceksigi \u5f00\u9664\uff0f\u89e3\u96c7\uff0f\u514d\u804c\uff0celigi \u4f7f\u4ece\u2026\u4e2d\u51fa\u6765\uff0f\u91ca\u653e\uff0cenigi \u4f7f\u8fdb\u5165\uff0f\u8f93\u5165\uff0cforigi \u4f7f\u53bb\u8fdc\u5904\uff0f\u4f7f\u6d88\u5931\uff0cneprigi \u4f7f\u6709\u5fc5\u8981\uff0f\u4f7f\u52a1\u5fc5\uff0csurigi \u4f7f\u5230\u4e0a\u9762\u53bb\uff0f\u63a8\u4e0a\u53bb\uff0c\u7b49\u3002\u53c8\u5982\uff1a<br \/>\nMi senigis al vi la \u011dojojn de via juneco. Rb.44 \u6211\u4f7f\u4f60\u4e27\u5931\u4e86\u4f60\u9752\u6625\u7684\u6b22\u4e50\u3002<br \/>\nNi devas labori por kunigi, ne por disigi. PIV.459 \u6211\u4eec\u5e94\u8be5\u4fc3\u6210\u8054\u5408\uff0c\u800c\u4e0d\u662f\u5206\u88c2\u3002<br \/>\n\u6709\u65f6\uff0c\u53ef\u89c1\u52a0\u5728\u6570\u8bcd\u540e\u7684\u7528\u4f8b\uff0c\u4f8b\u5982\uff1a<br \/>\nLa sesan tapi\u015don faldu duige anta\u016d la tabernaklo. Er.26:9 \u8fd9\u7b2c\u516d\u5e45\u5e54\u5b50\u8981\u5728\u7f69\u68da\u7684\u524d\u9762\u6298\u4e0a\u53bb\u3002<\/p>\n<p>3. \u52a0\u5728\u975e\u5408\u6210\u7684\u540d\u8bcd\u8bcd\u6839\u540e\uff0c\u53ef\u5206\u6790\u4e3a\u5c06-ig-\u52a0\u5728\u7531\u8be5\u8bcd\u6839\u6d3e\u751f\u800c\u6765\u7684\u5f62\u5bb9\u8bcd\u5f62\u5f0f\u540e\u3002\u4f8b\u5982\uff1aentuziasmigi (= fari entuziasma) \u4f7f\u6709\u70ed\u60c5\uff0f\u6fc0\u52b1\uff0cflamigi \u4f7f\uff08\u706b\uff09\u70e7\u65fa\uff0f\u9f13\u821e\uff0cgastigi \u63a5\u5f85\uff08\u5ba2\u4eba\uff09\uff0cglaciigi \u4f7f\u7ed3\u51b0\uff0cpintigi \u4f7f\u5c16\uff0f\u78e8\u5c16\uff0f\u524a\u5c16\uff0crajtigi \u8d4b\u4e88\u2026\u6743\u529b\uff0f\u6388\u6743\uff0cruinigi \u4f7f\u6210\u5e9f\u589f\uff0f\u6bc1\u574f\uff0cvestigi \u4f7f\u7a7f\u8863\u670d\uff0c\u7b49\u3002\u53c8\u5982\uff1a<br \/>\nNe por la celo de propagando mi publikigas nun mian kredon. OV.339 \u6211\u73b0\u5728\u516c\u5e03\u6211\u7684\u4fe1\u4ef0\u5e76\u4e0d\u662f\u4e3a\u4e86\u5ba3\u4f20\u4e4b\u76ee\u7684\u3002<br \/>\nTiamaniere la kongresoj reguligas la uzadon de la lingvo. OV.401 \u8fd9\u6837\uff0c\u6211\u4eec\u7684\u5927\u4f1a\u5c31\u80fd\u4f7f\u8bed\u8a00\u7684\u4f7f\u7528\u89c4\u8303\u5316\u3002<br \/>\nMi komencos \/ Rompadi vian koron, \u2026 \/ \u2026 se ankora\u016d \/ Kutimoj la malbonaj \u011din ne tute \/ \u015ctonigis. H.121 \u5047\u5982\u4e07\u6076\u7684\u4e60\u60ef\u4e0d\u66fe\u786c\u5316\u4f60\u7684\u5fc3\uff0c\u6211\u5c31\u8981\u5f00\u59cb\u7ede\u65ad\u5b83\u4e86\u3002<\/p>\n<p>4. \u52a0\u5728\u5e26\u6709\u524d\u7f00\u6027\u4ecb\u8bcd\u7684\u540d\u8bcd\u8bcd\u6839\u540e\u9762\uff0c\u8fd9\u65f6\uff0c\u540e\u7f00-ig-\u6839\u636e\u524d\u7f00\u7684\u4e0d\u540c\u800c\u5177\u6709\u4e0d\u540c\u7684\u610f\u4e49\uff0c\u800c\u8be5\u540d\u8bcd\u603b\u662f\u8be5\u4ecb\u8bcd\u7684\u8865\u8db3\u6210\u5206\u3002<\/p>\n<p>\u2460\u4e0e\u5730\u70b9\u4ecb\u8bcd\u8fde\u7528\u65f6\uff0c\u540e\u7f00-ig-\u610f\u4e3a\u201c\u5c06\u2026\u7f6e\u4e8e\u67d0\u5730\u201d\u3002\u4f8b\u5982\uff1aalbordigi \u5c06\uff08\u8239\uff09\u9760\u5cb8\uff0f\u5c06\u2026\u5f04\u5230\u5cb8\u8fb9\uff0calcentrigi \u628a\u2026\u63a8\u5411\u4e2d\u5fc3\uff0f\u4f7f\u96c6\u4e2d\uff0cdevojigi \u4f7f\u504f\u79bb\u6b63\u9053\uff0celartikigi \u4f7f\u5173\u8282\u8131\u4f4d\uff0f\u4f7f\u8131\u81fc\uff0celnodigi \u4f7f\uff08\u5267\u60c5\uff09\u6536\u573a\uff0cenbalzamigi \u7528\uff08\u9632\u8150\uff09\u9999\u6599\u4fdd\u5b58\uff08\u5c38\u4f53\uff09\uff0cendigigi \u7b51\u5824\u575d\u62e6\uff08\u6c34\uff09\uff0cendomigi \u628a\uff08\u4eba\uff09\u8bf7\u8fdb\u5c4b\u91cc\uff0f\u628a\uff08\u7269\uff09\u642c\u8fdb\u5c4b\u91cc\uff0cenkadrigi \u5c06\u2026\u653e\u5165\u6846\u5185\uff0f\u7ed9\u2026\u52a0\u6846\uff0cenkale\u015digi \u4f7f\uff08\u4eba\uff09\u4e0a\u56db\u8f6e\u9a6c\u8f66\uff0cenkasigi \u628a\u2026\u7eb3\u5165\u91d1\u5e93\uff0f\u6536\uff08\u6b3e\uff09\uff0cenkorpigi \u4f7f\u5177\u4f53\u5316\uff0f\u4f53\u73b0\uff0cenlitigi \u4f7f\u4e0a\u5e8a\uff08\u7761\u89c9\uff09\uff0cenmanigi \u628a\u2026\u653e\u5230\u67d0\u4eba\u624b\u91cc\uff0cen\u015dipigi \u5c06\u2026\u88c5\u4e0a\u8239\uff0centerigi \u628a\u2026\u57cb\u5165\u571f\u4e2d\uff0centombigi \u628a\u2026\u846c\u5165\u575f\u5893\uff0cinternaciigi \u4f7f\u56fd\u9645\u5316\uff0csubakvigi \u4f7f\u4e0b\u6c34\uff0f\u6d78\u6ca1\uff0csurkrucigi (= krucumi) \u628a\u2026\u9489\u6b7b\u5728\u5341\u5b57\u67b6\u4e0a\uff0csurscenigi \u628a\u2026\u642c\u4e0a\u94f6\u5e55\uff0c\u7b49\u3002<\/p>\n<p>\u2461\u4e0e\u8868\u7f3a\u5c11\u6216\u53bb\u9664\u7684\u4ecb\u8bcd\u8fde\u7528\u65f6\uff0c\u540e\u7f00-ig-\u610f\u4e3a\u201c\u5c06\u2026\u53bb\u9664\u201d\u3002\u4f8b\u5982\uff1adetronigi \u628a\u2026\u8d76\u4e0b\u738b\u4f4d\uff0f\u5e9f\u9edc\uff0cdezonigi \u4f7f\u62bd\u6389\u8170\u5e26\uff0csenakvigi \u4f7f\u65e0\u6c34\uff0f\u4f7f\u8131\u6c34\uff0csenbridigi \u5378\u4e0b\uff08\u9a6c\u7684\uff09\u7b3c\u5934\uff0f\u4f7f\u65e0\u62d8\u65e0\u675f\uff0csenbukligi \u4f7f\uff08\u5934\u53d1\uff09\u65e0\u5377\u66f2\uff0csenmaskigi \u9664\u53bb\uff08\u67d0\u4eba\u7684\uff09\u5047\u9762\u5177\uff0csenordigi \u4f7f\u65e0\u5e8f\uff0f\u5f04\u4e71\uff0csenorigi \u9664\u53bb\u2026\u4e0a\u7684\u9540\u91d1\u5c42\uff0csenplumigi \u62d4\u5149\uff08\u9e1f\u7684\uff09\u7fbd\u6bdb\uff0f\u7ed9\u2026\u892a\u6bdb\uff0csenpolvigi \u64e6\u53bb\u2026\u4e0a\u7684\u7070\u5c18\uff0f\u7ed9\u2026\u9664\u5c18\uff0csenvualigi \u63ed\u53bb\uff08\u67d0\u4eba\u7684\uff09\u9762\u7eb1\uff0f\u4f7f\u66b4\u9732\uff0c\u7b49\u3002<\/p>\n<p>\u2462\u4e0e\u8868\u65b9\u5f0f\u7684\u4ecb\u8bcd\u8fde\u7528\uff0c\u540e\u7f00-ig-\u610f\u4e3a\u201c\u4f7f\u5904\u4e8e\u2026\u72b6\u6001\u4e2d\u201d\u3002\u4f8b\u5982\uff1aendan\u011derigi \u4f7f\u5904\u4e8e\u5371\u9669\u4e2d\uff0f\u5371\u53ca\uff0cla\u016dliniigi palisojn \u5c06\u6728\u6869\u6392\u76f4\uff0c\u7b49\u3002<\/p>\n<p>C. \u4ece\u6240\u6709\u7684ig\u52a8\u8bcd\u4e0a\u90fd\u53ef\u4ee5\u6709\u89c4\u5219\u5730\u6784\u9020\u51fa\uff1a<\/p>\n<p>1. \u540d\u8bcd\uff0c\u610f\u4e3a\u201c-igi\u52a8\u4f5c\uff08ago -igi\uff09\u201d\u6216\u201c-igi\u52a8\u4f5c\u4ea7\u751f\u7684\u4e8b\u7269\uff08-iga\u0135o\uff09\u201d\u3002\u4f8b\u5982\uff1a<br \/>\naprobi la nuligon de kondi\u0109o PIV.460 \u8d5e\u6210\u53d6\u6d88\u4e00\u9879\u6761\u4ef6<br \/>\nmortigo de senfortaj bestoj DP.159 \u6740\u6b7b\u5f31\u5c0f\u52a8\u7269\uff0f\u5bf9\u5f31\u5c0f\u52a8\u7269\u7684\u8650\u6740<br \/>\nkondamnita je pendigo PIV.460 \u88ab\u5224\u7ede\u5211<br \/>\nEstu trankvila, mi donos al vi kontentigon. PIV.460 \u8bf7\u653e\u5fc3\uff0c\u6211\u4f1a\u8ba9\u4f60\u6ee1\u610f\u7684\u3002<\/p>\n<p>2. \u5f62\u5bb9\u8bcd\uff0c\u610f\u4e3a\u201c\uff08\u80fd\u591f\uff09\u4f7f\u7136\u7684\uff08-iganta, povanta -igi\uff09\u201d\u3002\u4f8b\u5982\uff1a<br \/>\nsaniga aero PIV.460 \u6709\u76ca\u5065\u5eb7\u7684\u7a7a\u6c14<br \/>\nmortiga frapo PIV.460 \u81f4\u6b7b\u7684\u4e00\u51fb<br \/>\ntrankviligaj vortoj \u015cU.16 \u5b89\u6170\u7684\u8bdd<br \/>\nruinigema filino de Babel Ps.137:8 \u5c06\u8981\u88ab\u706d\u7684\u5df4\u6bd4\u4f26\u57ce\uff08\u201c\u57ce\u201d\u539f\u6587\u4f5c\u201c\u5973\u5b50\u201d\uff09<\/p>\n<p>3. \u526f\u8bcd\uff0c\u610f\u4e3a\u201c\u4f7f\u7136\u5730\uff08en -iga maniero\uff09\u201d\u3002\u4f8b\u5982\uff1a<br \/>\nenuige paroladi PIV.460 \u4ee4\u4eba\u751f\u538c\u5730\u8bb2\u8bdd\uff0f\u4f5c\u4e4f\u5473\u7684\u6f14\u8bb2<br \/>\ndevige rideti PIV.460 \u52c9\u5f3a\u5730\u5fae\u7b11\uff0f\u5f3a\u989c\u5fae\u7b11<br \/>\nmemorige por la Izraelidoj Nm.16:40 \u7ed9\u4ee5\u8272\u5217\u4eba\u4f5c\u7eaa\u5ff5\uff0f\u8ba9\u4ee5\u8272\u5217\u4eba\u8c28\u8bb0<br \/>\nOni\u2026 ne lavis vin purige per akvo. J\u0125.16:4 \uff08\u4f60\u7684\u7236\u6bcd\uff09\u6ca1\u6709\u7528\u6c34\u6d17\u4f60\uff0c\u4f7f\u4f60\u6d01\u51c0\u3002<br \/>\nJen estas la limoj, la\u016d kiuj vi devas dividi heredige la teron. J\u0125.47:13 \u4f60\u4eec\u8981\u7167\u5730\u7684\u5883\u754c\u5206\u5730\u4e3a\u4e1a\u3002<br \/>\nLa tablo estis kovrita per blindige blanka tablotuko. FA.2-113 \u684c\u4e0a\u94fa\u7740\u70ab\u76ee\u7684\u767d\u53f0\u5e03\u3002<br \/>\nNe donu kreskige al via frato monon, nek man\u011da\u0135on. Re.23:19 \u4f60\u501f\u7ed9\u4f60\u5f1f\u5144\u7684\uff0c\u6216\u662f\u94b1\u8d22\u6216\u662f\u7cae\u98df\uff0c\u90fd\u4e0d\u53ef\u53d6\u5229\u3002<br \/>\nNeniu el ni donos sian filinon edzinige al Benjamenido. J\u011d.21:1 \u6211\u4eec\u90fd\u4e0d\u5c06\u5973\u513f\u7ed9\u4fbf\u96c5\u60af\u4eba\u4e3a\u59bb\u3002<br \/>\nEstas tre dolorige pensi, ke homo, kiun oni amis, ne plu ekzistas. RV \u60f3\u5230\u6240\u7231\u7684\u4eba\u5df2\u4e0d\u5728\u4e16\uff0c\u8fd9\u662f\u5f88\u4ee4\u4eba\u75db\u5fc3\u7684\u3002<\/p>\n<p>D. \u72ec\u7acb\u4f7f\u7528\uff1aigi\uff0c\u662f\u53ca\u7269\u52a8\u8bcd\uff0c\u610f\u601d\u540c\u540e\u7f00-ig-\uff1b\u4f46\u662f\uff0c\u5728\u8bed\u8a00\u5b9e\u8df5\u4e2d\uff0c\u67f4\u95e8\u970d\u592b\u5c06\u5b83\u53ea\u7528\u4e8e\u201c\u9f13\u52b1\uff0f\u8bf4\u670d\uff0f\u5230\u8fbe\u201d\u7b49\u542b\u4e49\u3002\u4ed6\u8981\u4e48\u5355\u72ec\u7528\u5b83\u3002\u4f8b\u5982\uff1a<\/p>\n<p>Mi mem ne scias. Nenatura forto min igis. Rz.92 \u6211\u81ea\u5df1\u4e5f\u4e0d\u77e5\u9053\uff0c\u4e00\u79cd\u975e\u81ea\u7136\u7684\u529b\u91cf\u63a8\u52a8\u7740\u6211\u3002<br \/>\nKial \u015di devus tiel agadi\u2026? Kio \u015din igus\u2026? BV.35 \u5979\u4e3a\u4ec0\u4e48\u975e\u5f97\u8fd9\u4e48\u505a\uff1f\u4ec0\u4e48\u4fc3\u4f7f\u5979\u8fd9\u4e48\u505a\u7684\uff1f<\/p>\n<p>\u8981\u4e48\u8ddf\u52a8\u8bcd\u5bbe\u8bed\u8fde\u7528\uff0c\u901a\u5e38\u662f\u4e3a\u4e86\u907f\u514d\u6b67\u4e49\uff0c\u6216\u662f\u4e3a\u4e86\u907f\u514d\u4e0d\u5e38\u89c1\u7684\u5408\u6210\u8bcd\uff08\u5982-i\u011digi\uff09\uff0c\u6216\u662f\u4e3a\u4e86\u907f\u514d\u5404\u79cd\u5bbe\u8bed\u8fc7\u5ea6\u7d2f\u79ef\u3002\u4f8b\u5982\uff1a<br \/>\nla maniero, kiel igi la libristojn havi librojn Esperantajn Z \u5982\u4f55\u4f7f\u4e66\u5546\u62e5\u6709\u4e16\u754c\u8bed\u4e66\u7684\u65b9\u5f0f<br \/>\nrimedo por igi la mondon komenci uzadi la lingvon Z \u8ba9\u5168\u4e16\u754c\u90fd\u4f7f\u7528\u8fd9\u79cd\u8bed\u8a00\u7684\u63aa\u65bd<br \/>\nigi la aliajn gazetojn konatigi siajn legantojn kun nia literaturo Z \u8bf4\u670d\u5176\u4ed6\u6742\u5fd7\u53bb\u7ed9\u5b83\u4eec\u7684\u8bfb\u8005\u4ecb\u7ecd\u6211\u4eec\u7684\u6587\u5b66<br \/>\nFari\u011di pli singarda igis min via propra letero. Z \u60a8\u7684\u4eb2\u7b14\u4fe1\u4f7f\u6211\u53d8\u5f97\u66f4\u8c28\u614e\u4e86\u3002<br \/>\nLa vo\u0109o de la Eternulo igas cervinojn naski. Ps.29:9 \u8036\u548c\u534e\u7684\u58f0\u97f3\u60ca\u52a8\u6bcd\u9e7f\u843d\u80ce\u3002<br \/>\nKaj ekinsistis super li la pleja\u011duloj\u2026, por igi lin levi\u011di de la tero. Sm2.12:17 \u8001\u81e3\u6765\u5230\u4ed6\u65c1\u8fb9\uff0c\u8981\u628a\u4ed6\u4ece\u5730\u4e0a\u6276\u8d77\u6765\u3002<br \/>\n[Vintra tago] igas la grupojn \u0109irka\u016d \u0109iu kameno fari pli malvastan ligon. BV.51 \u51ac\u65e5\u91cc\u7684\u4e00\u5929\uff0c\u4f7f\u5f97\u56f4\u5750\u5728\u58c1\u7089\u65c1\u7684\u4e24\u7ec4\u4eba\u5f62\u6210\u4e86\u4e00\u4e2a\u66f4\u52a0\u7d27\u5bc6\u7684\u793e\u4ea4\u8054\u76df\u3002<\/p>\n<p>\u8fd4\u56de<a href=\"https:\/\/reto.cn\/php\/hanyu\/gramatiko_de_esperanto\/demandoj_kaj_respondoj_en_esperanta_lernado\/\">\u4e16\u754c\u8bed\u5b66\u4e60\u95ee\u7b54<\/a>\u680f\u76ee<\/p>\n","protected":false},"excerpt":{"rendered":"<p>\u5218\u9e3f\u5143 \u540e\u7f00-ig-\u5728\u4e16\u754c\u8bed\u4e2d\u662f\u4e00\u4e2a\u5f88\u91cd\u8981\u7684\u6784\u8bcd\u5143\u7d20\uff0c\u5b83\u53ef\u4ee5\u52a0\u5728\u4efb\u4f55\u8bcd\u6839\u540e\u9762\uff0c\u6784\u6210\u4f7f\u5f79\u52a8\u8bcd\uff0c\u8868\u793a\u201c\u81f4\u4f7f\u7684\u6548\u679c\u201d\u2026 <span class=\"read-more\"><a href=\"https:\/\/reto.cn\/php\/hanyu\/gramatiko_de_esperanto\/demandoj_kaj_respondoj_en_esperanta_lernado\/pri_ig\/\">\u7ee7\u7eed\u9605\u8bfb Legi pli &raquo;<\/a><\/span><\/p>\n","protected":false},"author":1,"featured_media":0,"parent":7307,"menu_order":0,"comment_status":"closed","ping_status":"closed","template":"","meta":{"footnotes":""},"_links":{"self":[{"href":"https:\/\/reto.cn\/php\/hanyu\/wp-json\/wp\/v2\/pages\/8059"}],"collection":[{"href":"https:\/\/reto.cn\/php\/hanyu\/wp-json\/wp\/v2\/pages"}],"about":[{"href":"https:\/\/reto.cn\/php\/hanyu\/wp-json\/wp\/v2\/types\/page"}],"author":[{"embeddable":true,"href":"https:\/\/reto.cn\/php\/hanyu\/wp-json\/wp\/v2\/users\/1"}],"replies":[{"embeddable":true,"href":"https:\/\/reto.cn\/php\/hanyu\/wp-json\/wp\/v2\/comments?post=8059"}],"version-history":[{"count":0,"href":"https:\/\/reto.cn\/php\/hanyu\/wp-json\/wp\/v2\/pages\/8059\/revisions"}],"up":[{"embeddable":true,"href":"https:\/\/reto.cn\/php\/hanyu\/wp-json\/wp\/v2\/pages\/7307"}],"wp:attachment":[{"href":"https:\/\/reto.cn\/php\/hanyu\/wp-json\/wp\/v2\/media?parent=8059"}],"curies":[{"name":"wp","href":"https:\/\/api.w.org\/{rel}","templated":true}]}}