{"id":8317,"date":"2021-10-07T14:09:59","date_gmt":"2021-10-07T06:09:59","guid":{"rendered":"http:\/\/reto.cn\/php\/hanyu\/?page_id=8317"},"modified":"2025-05-10T10:26:37","modified_gmt":"2025-05-10T02:26:37","slug":"ekurso12","status":"publish","type":"page","link":"https:\/\/reto.cn\/php\/hanyu\/kurso-de-esperanto\/ekurso12\/","title":{"rendered":"\u4e16\u754c\u8bed\u6559\u7a0b \u7b2c\u5341\u4e8c\u8bfe"},"content":{"rendered":"<p>&nbsp;<\/p>\n<p style=\"font-weight: 400;\"><strong>La Dek-dua Leciono<\/strong><\/p>\n<p style=\"font-weight: 400;\"><strong>\u7b2c\u5341\u4e8c\u8bfe<\/strong><\/p>\n<p><audio style=\"margin: auto; top: 0; right: 0; bottom: 0; left: 0;\" src=\"https:\/\/reto.cn\/hanyu\/ekurso\/ekurso12.mp3\" controls=\"controls\"><\/audio><\/p>\n<p style=\"font-weight: 400;\">\u3010Tipaj frazoj\u3011<\/p>\n<ol>\n<li style=\"font-weight: 400;\"><strong> Mi povas (devas, volas) fari tion.<\/strong><\/li>\n<li style=\"font-weight: 400;\"><strong> Kial vi iros al la urbo morga\u016d?<\/strong><\/li>\n<\/ol>\n<p style=\"font-weight: 400;\"><strong>\u00a0\u00a0<\/strong><\/p>\n<table width=\"100%\">\n<tbody>\n<tr>\n<td width=\"17%\"><strong>\u0108ar mi<\/strong><\/td>\n<td width=\"29%\"><strong>volas a\u0109eti librojn<br \/>\n<\/strong><strong>volas viziti miajn amikojn<\/strong><br \/>\n<strong>volas rigardi filmon<\/strong><\/td>\n<td width=\"54%\"><strong>.<\/strong><\/td>\n<\/tr>\n<\/tbody>\n<\/table>\n<table width=\"100%\">\n<tbody>\n<tr>\n<td width=\"23%\"><strong>3. Estas tempo por ni<\/strong><\/td>\n<td width=\"19%\"><strong>ekiri <\/strong><strong>tagman\u011di<\/strong><br \/>\n<strong>fari nian laboron<\/strong><\/td>\n<td width=\"58%\"><strong>.<\/strong><\/td>\n<\/tr>\n<\/tbody>\n<\/table>\n<table width=\"100%\">\n<tbody>\n<tr>\n<td width=\"21%\"><strong>4. Mi havas ion por<\/strong><\/td>\n<td width=\"10%\"><strong>fari <\/strong><strong>a\u0109eti<\/strong><br \/>\n<strong>paroli<\/strong><\/td>\n<td width=\"69%\"><strong>.<\/strong><\/td>\n<\/tr>\n<\/tbody>\n<\/table>\n<p style=\"font-weight: 400;\"><strong>Teksto (\u8bfe\u6587)<\/strong><\/p>\n<p style=\"font-weight: 400;\"><strong>\u00a0\u0108i Tio Estas Nia Privata Konversacio<\/strong><\/p>\n<p style=\"font-weight: 400;\">\u00a0\u00a0\u00a0Hiera\u016d, mi renkontis mian amikon Petro sur la strato proksima al granda kinejo. Ni tre \u011dojis kaj kune iris en la kinejon por rigardi filmon.<\/p>\n<p style=\"font-weight: 400;\">\u00a0\u00a0\u00a0 Kiam la filmo iris, ni \u011din \u011duis, \u0109ar \u011di estis tre interesa.<\/p>\n<p style=\"font-weight: 400;\">\u00a0\u00a0\u00a0 Post mallonga tempo, bruo subite venis de la se\u011doj malanta\u016d ni. Ni turnis nin malanta\u016den. Malanta\u016d ni sidis juna viro kaj lia amikino. Ili la\u016dte babilis pri la filmo kaj aliaj aferoj. Mi kaj mia amiko estis koleraj, sed ni silentis kaj da\u016drigis nian \u011duadon.<\/p>\n<p style=\"font-weight: 400;\">\u00a0\u00a0\u00a0 La babilado ankora\u016d da\u016dris kaj pli la\u016dtis. Ni estis tre koleraj kaj mia amiko kolere diris al ili, &#8220;Estas tempo por rigardi filmon, ne babilu la\u016dte. Vi devas silenti en la kinejo! Kiam vi la\u016dte babiladas, ni ne povas a\u016ddi.&#8221;<\/p>\n<p style=\"font-weight: 400;\">\u00a0\u00a0\u00a0 &#8220;Kio? Vi ne povas a\u016ddi? Sed \u0109i tio estas nia privata konversacio!&#8221; anka\u016d kolere diris la juna viro.<\/p>\n<p style=\"font-weight: 400;\"><strong>Vortoj (\u751f\u8bcd)<\/strong><\/p>\n<table width=\"475\">\n<tbody>\n<tr>\n<td width=\"238\">kial\u00a0\u00a0\u00a0\u00a0\u00a0\u00a0\u00a0\u00a0\u00a0\u00a0\u00a0\u4e3a\u4ec0\u4e48<\/td>\n<td width=\"237\">filmo\u00a0\u00a0\u00a0\u00a0\u00a0\u00a0\u00a0\u00a0\u00a0\u00a0\u00a0\u7535\u5f71\uff0c\u80f6\u7247<\/td>\n<\/tr>\n<tr>\n<td width=\"238\">hiera\u016d\u00a0\u00a0\u00a0\u00a0\u00a0\u00a0\u00a0\u00a0\u6628\u5929<\/td>\n<td width=\"237\">kino\u00a0\u00a0\u00a0\u00a0\u00a0\u00a0\u00a0\u00a0\u00a0\u00a0\u00a0\u00a0\u00a0\u7535\u5f71\uff08\u827a\u672f\uff09<\/td>\n<\/tr>\n<tr>\n<td width=\"238\">renkonti\u00a0\u00a0\u00a0\u00a0\u00a0\u9047\u89c1\uff0c\u78b0\u89c1<\/td>\n<td width=\"237\">kinejo\u00a0\u00a0\u00a0\u00a0\u00a0\u00a0\u00a0\u00a0\u00a0\u00a0\u00a0\u7535\u5f71\u9662<\/td>\n<\/tr>\n<tr>\n<td width=\"238\">strato\u00a0\u00a0\u00a0\u00a0\u00a0\u00a0\u00a0\u00a0\u00a0\u00a0\u8857\uff0c\u8857\u9053<\/td>\n<td width=\"237\">morga\u016d\u00a0\u00a0\u00a0\u00a0\u00a0\u00a0\u00a0\u00a0\u00a0\u00a0\u660e\u5929<\/td>\n<\/tr>\n<tr>\n<td width=\"238\">kun\u00a0\u00a0\u00a0\u00a0\u00a0\u00a0\u00a0\u00a0\u00a0\u00a0\u00a0\u00a0\u00a0\u4e0e\u2026\u2026\u5728\u4e00\u8d77<\/td>\n<td width=\"237\">kolera\u00a0\u00a0\u00a0\u00a0\u00a0\u00a0\u00a0\u00a0\u00a0\u00a0\u00a0\u00a0\u751f\u6c14\u7684<\/td>\n<\/tr>\n<tr>\n<td width=\"238\">rigardi\u00a0\u00a0\u00a0\u00a0\u00a0\u00a0\u00a0\u00a0\u00a0\u00a0\u770b<\/td>\n<td width=\"237\">la\u016dte\u00a0\u00a0\u00a0\u00a0\u00a0\u00a0\u00a0\u00a0\u00a0\u00a0\u00a0\u00a0\u00a0\u00a0\u5927\u58f0\u5730<\/td>\n<\/tr>\n<tr>\n<td width=\"238\">subite\u00a0\u00a0\u00a0\u00a0\u00a0\u00a0\u00a0\u00a0\u00a0\u00a0\u00a0\u7a81\u7136<\/td>\n<td width=\"237\">silenti\u00a0\u00a0\u00a0\u00a0\u00a0\u00a0\u00a0\u00a0\u00a0\u00a0\u00a0\u00a0\u00a0\u5b89\u9759<\/td>\n<\/tr>\n<tr>\n<td width=\"238\">\u011dui\u00a0\u00a0\u00a0\u00a0\u00a0\u00a0\u00a0\u00a0\u00a0\u00a0\u00a0\u00a0\u00a0\u00a0\u00a0\u4eab\u53d7\uff0c\u6b23\u8d4f<\/td>\n<td width=\"237\">da\u016dri\u00a0\u00a0\u00a0\u00a0\u00a0\u00a0\u00a0\u00a0\u00a0\u00a0\u00a0\u00a0\u00a0\u00a0\u7ee7\u7eed<\/td>\n<\/tr>\n<tr>\n<td width=\"238\">bruo\u00a0\u00a0\u00a0\u00a0\u00a0\u00a0\u00a0\u00a0\u00a0\u00a0\u00a0\u00a0\u00a0\u566a\u58f0<\/td>\n<td width=\"237\">a\u016ddi\u00a0\u00a0\u00a0\u00a0\u00a0\u00a0\u00a0\u00a0\u00a0\u00a0\u00a0\u00a0\u00a0\u00a0\u00a0\u542c\u89c1<\/td>\n<\/tr>\n<tr>\n<td width=\"238\">turni\u00a0\u00a0\u00a0\u00a0\u00a0\u00a0\u00a0\u00a0\u00a0\u00a0\u00a0\u00a0\u00a0\u4f7f\u2026\u2026\u8f6c\u5411<\/td>\n<td width=\"237\">privata\u00a0\u00a0\u00a0\u00a0\u00a0\u00a0\u00a0\u00a0\u00a0\u00a0\u00a0\u79c1\u4eba\u7684<\/td>\n<\/tr>\n<tr>\n<td width=\"238\">viro\u00a0\u00a0\u00a0\u00a0\u00a0\u00a0\u00a0\u00a0\u00a0\u00a0\u00a0\u00a0\u00a0\u00a0\u00a0\u7537\u4eba<\/td>\n<td width=\"237\">konversacio\u00a0\u00a0\u00a0\u4f1a\u8bdd\uff0c\u8c08\u8bdd<\/td>\n<\/tr>\n<tr>\n<td width=\"238\">babili\u00a0\u00a0\u00a0\u00a0\u00a0\u00a0\u00a0\u00a0\u00a0\u00a0\u00a0\u00a0\u00a0\u95f2\u804a\uff0c\u804a\u5929<\/td>\n<td width=\"237\">io\u00a0\uff08\u4e0d\u5b9a\u4ee3\u8bcd\uff09\u4e00\u4e9b\u4e8b\uff0c\u4e00<br \/>\n\u4e9b\u4e1c\u897f<\/td>\n<\/tr>\n<tr>\n<td width=\"238\">voli\u00a0\u00a0\u00a0\u00a0\u00a0\u00a0\u00a0\u00a0\u00a0\u00a0\u00a0\u00a0\u00a0\u00a0\u00a0\u00a0\u60f3\u8981<\/td>\n<td width=\"237\">\u011dusta\u00a0\u00a0\u00a0\u00a0\u00a0\u00a0\u00a0\u00a0\u00a0\u00a0\u00a0\u00a0\u00a0\u00a0\u51c6\u786e\u7684<\/td>\n<\/tr>\n<tr>\n<td width=\"238\">do\u00a0\u00a0\uff08\u526f\u8bcd\uff09 \u90a3\u4e48<\/td>\n<td width=\"237\">horlo\u011do\u00a0\u00a0\u00a0\u00a0\u00a0\u00a0\u00a0\u00a0\u00a0\u00a0\u00a0\u949f<\/td>\n<\/tr>\n<tr>\n<td colspan=\"2\" width=\"475\">ek- (\u63a5\u5934\uff09\u8868\u793a\u7a81\u7136\u7684\u52a8\u4f5c\u6216\u52a8\u4f5c\u7684\u5f00\u59cb<\/td>\n<\/tr>\n<tr>\n<td colspan=\"2\" width=\"475\">-ig\u00a0\uff08\u63a5\u5c3e\uff09\u8868\u793a\u201c\u4f7f\u2026\u2026\u201d<\/td>\n<\/tr>\n<\/tbody>\n<\/table>\n<p style=\"font-weight: 400;\">\u3010\u6982\u8bf4\u3011<\/p>\n<p style=\"font-weight: 400;\">\u00a0\u00a0\u00a0\u00a0\u8fd9\u4e00\u8bfe\u51fa\u73b0\u4e86\u52a8\u8bcd\u4e0d\u5b9a\u5f0f\u7684\u4e24\u79cd\u65b0\u7528\u6cd5\u3002<\/p>\n<ol>\n<li style=\"font-weight: 400;\">\u6784\u6210\u590d\u5408\u8c13\u8bed\uff1a<\/li>\n<\/ol>\n<p style=\"font-weight: 400;\">\u00a0\u00a0\u00a0\u00a0\u52a8\u8bcd\u4e0d\u5b9a\u5f0f\u4e0d\u80fd\u5355\u72ec\u4f5c\u8c13\u8bed\uff0c\u4f46\u53ef\u4ee5\u4e0e\u00a0povi, devi\u00a0\u548c\u00a0voli\u00a0\u7b49\u52a8\u8bcd\u4e00\u8d77\u6784\u6210\u590d\u5408\u8c13\u8bed\u3002\u5982\u00a0Mi povas fari tion\uff08\u6211\u80fd\u4f5c\u90a3\u5de5\u4f5c\uff09\u3002Vi devas iri\uff08\u4f60\u5fc5\u987b\u8d70\uff09\u3002Ili volas rigardi la filmon\uff08\u4ed6\u4eec\u60f3\u770b\u90a3\u90e8\u7535\u5f71\uff09\u3002\u8fd9\u4e9b\u53e5\u5b50\u4e2d\uff0cpovas, devas\u00a0\u548c\u00a0devas\u7b49\uff0c\u4e0e\u81ea\u5df1\u7684\u4e0d\u5b9a\u5f0f\u4e00\u8d77\u88ab\u770b\u4f5c\u4e00\u4e2a\u6574\u4f53\uff0c\u6784\u6210\u8c13\u8bed\u3002\u8fd9\u79cd\u60c5\u51b5\u4e5f\u53ef\u4ee5\u770b\u4f5c\u662f\u4e0d\u5b9a\u5f0f\u5206\u522b\u4f5c\u00a0povi, devi\u00a0\u548c\u00a0voli\u7684\u5bbe\u8bed\u3002<\/p>\n<ol start=\"2\">\n<li style=\"font-weight: 400;\">\u52a8\u8bcd\u4e0d\u5b9a\u5f0f\u4f5c\u5b9a\u8bed\uff1a<\/li>\n<\/ol>\n<p style=\"font-weight: 400;\">\u00a0\u00a0\u00a0 Estas tempo tagman\u011di\u00a0\uff08\u5e02\u5403\u5348\u996d\u7684\u65f6\u95f4\u4e86\uff09\u3002\u8fd9\u662f\u4e00\u4e2a\u65e0\u4e3b\u53e5\uff08\u8868\u793a\u65f6\u95f4\u7684\u53e5\u5b50\u591a\u662f\u65e0\u4e3b\u53e5\uff09\uff0ctempo\u00a0\u662f\u8868\u8bed\uff0ctagman\u011di\u00a0\u4f5c\u5b9a\u8bed\u4fee\u9970\u00a0tempo\u00a0\u3002\u5982\u679c\u6211\u4eec\u8981\u8868\u793a\u662f\u201c\u8c01\u201d\u5403\u996d\u7684\u65f6\u95f4\u5230\u4e86\uff0c\u53ef\u4ee5\u7528\u00a0por\u00a0\u52a0\u4e0a\u4e00\u5b9a\u7684\u540d\u8bcd\u6216\u4ee3\u8bcd\u653e\u5728\u4e0d\u5b9a\u5f0f\u7684\u524d\u8fb9\uff1a<\/p>\n<p style=\"font-weight: 400;\">\u00a0\u00a0\u00a0 Estas tempo por ni tagman\u011di.\u00a0\uff08\u662f\u6211\u4eec\u5403\u5348\u996d\u7684\u65f6\u95f4\u4e86\uff09<\/p>\n<p style=\"font-weight: 400;\">\u00a0\u00a0\u00a0\u00a0\u53e5\u4e2d\u00a0por ni\u00a0\uff08\u5bf9\u4e8e\u6211\u4eec\u6765\u8bf4\uff09\u8fd9\u4e2a\u77ed\u8bed\u662f\u72b6\u8bed\uff0c\u4f46\u5728\u903b\u8f91\u4e0a\uff0c\u5b83\u662f\u4e0d\u5b9a\u5f0f\u7684\u4e3b\u8bed\u3002\u8fd9\u6837\u7684\u4e3b\u8bed\u4e0d\u662f\u53e5\u5b50\u7684\u771f\u6b63\u4e3b\u8bed\uff0c\u5728\u53e5\u6cd5\u4e0a\u8bb2\uff0c\u4e5f\u4e0d\u662f\u4e0d\u5b9a\u5f0f\u7684\u4e3b\u8bed\uff0c\u6211\u4eec\u53ea\u80fd\u4ece\u610f\u601d\u4e0a\u3001\u903b\u8f91\u4e0a\u628a\u5b83\u7406\u89e3\u4e3a\u4e0d\u5b9a\u5f0f\u7684\u4e3b\u8bed\uff0c\u5373\u4e0d\u5b9a\u5f0f\u52a8\u4f5c\u7684\u6267\u884c\u8005\u3002\u5728\u53e5\u5b50\u5206\u6790\u4e0a\uff0c\u7c7b\u4f3c\u00a0por ni\u00a0\u7684\u7ed3\u6784\u662f\u72b6\u8bed\u3002<\/p>\n<p style=\"font-weight: 400;\">\u00a0\u00a0\u00a0 Mi haas ion por fari.\u00a0\uff08\u6211\u6709\u4e00\u4e9b\u8981\u505a\u7684\u4e8b\uff09\u8fd9\u53e5\u8bdd\u53ef\u4ee5\u6d3b\u8bd1\u4e3a\u201c\u6211\u6709\u4e9b\u4e8b\u8981\u505a\u201d\uff0c\u4f46\u53e5\u6cd5\u4e0a\uff0c\u4e0d\u5b9a\u5f0f\u4ecd\u7136\u662f\u5b9a\u8bed\u3002\u8fd9\u4e2a\u4e0d\u5b9a\u5f0f\u7684\u903b\u8f91\u4e3b\u8bed\u5c31\u662f\u53e5\u5b50\u7684\u4e3b\u8bedmi\uff0c\u56e0\u6b64\uff0c\u6ca1\u6709\u5fc5\u8981\u518d\u52a0\u4e0a\u4e00\u4e2a\u00a0por\u00a0\u77ed\u8bed\u6765\u8868\u793a\u52a8\u4f5c\u7684\u6267\u884c\u8005\u3002\u8fd9\u4e2a\u53e5\u5b50\u4e2d\u7684\u00a0por\u00a0\u662f\u4e0e\u4e0d\u5b9a\u5f0f\u8fde\u7528\uff0c\u8fd9\u79cd\u5b9a\u8bed\u7ed3\u6784\u7684\u4e0d\u5b9a\u5f0f\u591a\u7528\u00a0por\u3002<\/p>\n<p style=\"font-weight: 400;\">\u00a0\u00a0\u00a0\u00a0\u6ce8\u610f\uff1a\u5f53\u4e0d\u5b9a\u5f0f\u7684\u903b\u8f91\u4e3b\u8bed\u4e0e\u53e5\u5b50\u4e3b\u8bed\u4e00\u81f4\u65f6\uff0c\u4e0d\u5b9a\u5f0f\u53ef\u4e0e\u00a0por\u00a0\u8fde\u7528\uff0c\u5426\u5219\uff0c\u4e0d\u5b9c\u7528\u00a0por\uff1a<\/p>\n<p style=\"font-weight: 400;\">\u00a0\u00a0\u00a0 Mi havas ion por fari.<\/p>\n<p style=\"font-weight: 400;\">\u00a0\u00a0\u00a0 Estas tempo tagman\u011di.<\/p>\n<p style=\"font-weight: 400;\">\u00a0\u00a0\u00a0 Estas tempo por ni lerni.<\/p>\n<p style=\"font-weight: 400;\">\u00a0\u00a0\u00a0\u00a0\u7b2c\u4e00\u4e2a\u53e5\u5b50\u4e2d\u4e0d\u5b9a\u5f0f\u7684\u903b\u8f91\u4e3b\u8bed\u4e0e\u53e5\u5b50\u4e3b\u8bed\u4e00\u81f4\uff0c\u7528\u00a0por\uff0c\u7b2c\u4e8c\u3001\u4e09\u4e24\u53e5\u4e2d\u4e0d\u5b9a\u5f0f\u7684\u903b\u8f91\u4e3b\u8bed\u4e0e\u4e3b\u8bed\u4e0d\u4e00\u81f4\uff0c\u8fd9\u4e24\u4e2a\u65e0\u4e3b\u53e5\u6ca1\u6709\u51fa\u73b0\u4e3b\u8bed\uff0c\u5982\u679c\u51fa\u73b0\uff0c\u53ea\u80fd\u662f\u8868\u793a\u65f6\u95f4\u7684\u4ee3\u8bcd\u4e4b\u7c7b\uff0c\u6240\u4ee5\uff0c\u6ca1\u7528por\u3002\u7b2c\u4e09\u53e5\u4e2d\u6709\u4e00\u4e2a\u00a0por\uff0c\u4f46\u5b83\u662f\u4e0e\u4ee3\u8bcd\u6784\u6210\u77ed\u8bed\u4f5c\u72b6\u8bed\u7528\uff0c\u4e0e\u4e0d\u5b9a\u5f0f\u65e0\u5173\u3002<\/p>\n<p style=\"font-weight: 400;\">\u3010\u53e5\u578b\u4e0e\u8bfe\u6587\u6ce8\u91ca\u3011<\/p>\n<ol>\n<li style=\"font-weight: 400;\">\u0109ar&#8230;\uff1a\u56e0\u4e3a\u6211\u60f3\u4e70\u4e9b\u4e66\u3002<\/li>\n<\/ol>\n<p style=\"font-weight: 400;\">\u00a0\u00a0\u00a0 \u0109ar\u00a0\u662f\u8fde\u8bcd\uff0c\u8868\u793a\u539f\u56e0\u3002\u6574\u4e2a\u53e5\u5b50\u4ee5\u539f\u56e0\u72b6\u8bed\u7684\u6210\u5206\u4fee\u9970\u524d\u4e00\u53e5\u201c\u8fdb\u57ce\u201d\uff0c\u8868\u793a\u8fdb\u57ce\u7684\u539f\u56e0\u3002<\/p>\n<ol start=\"2\">\n<li style=\"font-weight: 400;\">kinejo:\u7535\u5f71\u9662\u3002<\/li>\n<li style=\"font-weight: 400;\">ekiri\uff1a\u51fa\u53d1\uff0c\u8d70\uff0c\u79bb\u5f00\u3002\u63a5\u5934\u8bcdek-\u8868\u793a\u52a8\u4f5c\u7684\u5f00\u59cb\u3002<\/li>\n<li style=\"font-weight: 400;\">proksima al&#8230;\uff1a\u79bb\u2026\u2026\u8fd1\uff0c\u9760\u8fd1\u2026\u2026\u3002<\/li>\n<\/ol>\n<p style=\"font-weight: 400;\">\u00a0\u00a0\u00a0\u00a0\u8fd9\u4e00\u4e2a\u5f62\u5bb9\u8bcd\u77ed\u8bed\u4f5c\u5b9a\u8bed\u4fee\u9970\u00a0strato\uff0c\u610f\u4e3a\uff1a\u9760\u8fd1\u7535\u5f71\u9662\u7684\u90a3\u6761\u8857\u4e0a\u3002<\/p>\n<ol start=\"5\">\n<li style=\"font-weight: 400;\">kune\uff1a\u4e00\u8d77\u3002\u8fd9\u4e2a\u526f\u8bcd\u662f\u4ecb\u8bcdkun\u7684\u6d3e\u751f\u8bcd\u3002<\/li>\n<li style=\"font-weight: 400;\">iris en la kinejon\uff1a\u8d70\u8fdb\u90a3\u5bb6\u7535\u5f71\u9662\u3002<\/li>\n<\/ol>\n<p style=\"font-weight: 400;\">\u00a0\u00a0\u00a0\u00a0\u8fd9\u91cc\u53c8\u662f\u5bbe\u683c\u8868\u793a\u52a8\u5411\u3002\u4f46\u8fd9\u91cc\u8868\u793a\u52a8\u5411\u7684\u5bbe\u683c\u662f\u4e0e\u4ecb\u8bcd\u8fde\u7528\u7684\u3002\u6bd4\u8f83\uff1a<\/p>\n<p style=\"font-weight: 400;\">\u00a0\u00a0\u00a0 Mi iris en la kinejo.\uff08\u6211\u5728\u7535\u5f71\u9662\u91cc\u8d70\u52a8\u3002\uff09<\/p>\n<p style=\"font-weight: 400;\">\u00a0\u00a0\u00a0 Mi iris en la kinejon.\uff08\u6211\u8d70\u8fdb\u7535\u5f71\u9662\u3002\uff09<\/p>\n<p style=\"font-weight: 400;\">\u00a0\u00a0\u00a0\u00a0\u4e0d\u7528\u5bbe\u683c\u8868\u793a\u5728\u539f\u5730\u8d70\u52a8\uff0c\u7528\u4e86\u5bbe\u683c\u8868\u793a\u4ece\u5916\u9762\u8d70\u8fdb\u53bb\uff0c\u4e24\u53e5\u7684\u610f\u601d\u662f\u4e0d\u540c\u7684\u3002\u8bb8\u591a\u4ecb\u8bcd\u90fd\u53ef\u4ee5\u4e0e\u5bbe\u683c\u8fde\u7528\u8868\u793a\u52a8\u5411\u3002<\/p>\n<ol start=\"7\">\n<li style=\"font-weight: 400;\">kiam la filmo iris\uff1a\u5f53\u7535\u5f71\u653e\u6620\u65f6\u3002<\/li>\n<\/ol>\n<p style=\"font-weight: 400;\">\u00a0\u00a0\u00a0 iri\u00a0\u4e0d\u8868\u793a\u8d70\uff0c\u800c\u8868\u793a\u201c\u8fdb\u884c\u201d\uff0c\u4e0e\u00a0la leciono iras\u00a0\u662f\u4e00\u6837\u7684\u7528\u6cd5\u3002<\/p>\n<ol start=\"8\">\n<li style=\"font-weight: 400;\">Ni turnis nin malanta\u016den:\u6211\u4eec\u56de\u8fc7\u5934\u53bb\u3002<\/li>\n<\/ol>\n<p style=\"font-weight: 400;\">\u00a0\u00a0\u00a0 malanta\u016den\u00a0\u662f\u00a0malanta\u016de\u00a0\u52a0\u4e0a\u00a0-n\u00a0\u8868\u793a\u52a8\u5411\uff0c\u5373\u4ece\u524d\u5230\u540e\u3002<\/p>\n<ol start=\"9\">\n<li style=\"font-weight: 400;\">babili\uff1a\u95f2\u804a\uff0c\u804a\u5929\u3002<\/li>\n<li style=\"font-weight: 400;\">da\u016drigi\uff1a\u4f7f\u2026\u2026\u7ee7\u7eed\uff0c\u7ee7\u7eed\u3002da\u016dri\u662f\u4e0d\u53ca\u7269\u52a8\u8bcd\uff0c\u52a0\u4e0a\u63a5\u5c3e\u8bcd-ig\u6210\u4e3a\u53ca\u7269\u52a8\u8bcd\uff0c\u8868\u793a\u201c\u4f7f\u2026\u2026\u7ee7\u7eed\u201d\u3002-ig\u662f\u5f88\u6709\u7528\u7684\u63a5\u5c3e\u8bcd\uff0c\u8868\u793a\u201c\u4f7f\u2026\u2026\u201d\u3002\u4ee5\u540e\u8be6\u8ff0\u3002<\/li>\n<li style=\"font-weight: 400;\">babiladas\uff1a\u558b\u558b\u4e0d\u4f11\u3002-ad\u8868\u793a\u52a8\u4f5c\u6301\u7eed\u6216\u53cd\u590d\u3002<\/li>\n<\/ol>\n<p style=\"font-weight: 400;\">\u00a0\u00a0\u00a0Gramatiko<strong>\u00a0\uff08\u8bed\u6cd5\uff09<br \/>\n<\/strong><\/p>\n<p style=\"font-weight: 400;\"><strong>\u4e00\u3001\u51e0\u4e2a\u7279\u6b8a\u7684\u52a8\u8bcd<\/strong><\/p>\n<p style=\"font-weight: 400;\">\u00a0\u00a0\u00a0\u4e16\u754c\u8bed\u4e2d\u6709\u4e09\u4e2a\u6bd4\u8f83\u7279\u6b8a\u7684\u52a8\u8bcd\u3002\u6240\u8c13\u7279\u6b8a\u662f\u56e0\u4e3a\u5176\u672c\u8eab\u96be\u4ee5\u5355\u72ec\u6784\u6210\u8c13\u8bed\uff0c\u5728\u5b83\u4eec\u4e4b\u540e\u4e00\u5b9a\u8981\u63a5\u4e0d\u5b9a\u5f0f\u624d\u80fd\u6784\u6210\u610f\u601d\u5b8c\u6574\u7684\u8c13\u8bed\u3002<\/p>\n<p style=\"font-weight: 400;\">\u00a0\u00a0\u00a0\u00a0\u8fd9\u4e09\u4e2a\u7279\u6b8a\u52a8\u8bcd\u662f\u00a0devi\uff08\u5e94\u5f53\uff0c\u5fc5\u987b\uff09\uff0cvoli\uff08\u60f3\u8981\uff0c\u6253\u7b97\uff09\uff0cpovi\uff08\u80fd\u591f\uff0c\u53ef\u4ee5\uff09\u3002<\/p>\n<p style=\"font-weight: 400;\">\u00a0\u00a0\u00a0 Petro devis.<\/p>\n<p style=\"font-weight: 400;\">\u00a0\u00a0\u00a0\u00a0\u8fd9\u53e5\u8bdd\u4e0d\u5b8c\u6574\uff0c\u5b83\u8868\u793a\u7684\u610f\u601d\u53eb\u4eba\u4e0d\u80fd\u7406\u89e3\u3002\u5018\u82e5\u52a0\u4e0a\u4e0d\u5b9a\u5f0f\uff1a<\/p>\n<p style=\"font-weight: 400;\">\u00a0\u00a0\u00a0 Petro devis lerni.\u00a0\u8fd9\u5c31\u5b8c\u6574\u4e86\uff1a\u5f7c\u5f97\u5e94\u5f53\u5b66\u4e60\u3002<\/p>\n<p style=\"font-weight: 400;\">\u00a0\u00a0\u00a0\u00a0\u53c8\u5982\uff1aPetro povis lerni.\uff08\u5f7c\u5f97\u80fd\u591f\u5b66\u4e60\uff09<\/p>\n<p style=\"font-weight: 400;\">\u00a0\u00a0\u00a0\u00a0\u00a0\u00a0\u00a0\u00a0\u00a0\u00a0\u00a0\u00a0\u00a0\u00a0 Petro volis lerni.\uff08\u5f7c\u5f97\u60f3\u5b66\u4e60\uff09<\/p>\n<p style=\"font-weight: 400;\">\u00a0\u00a0\u00a0\u00a0\u4ee5\u4e0a\u7684\u8c13\u8bed\u5f62\u5f0f\u53ef\u770b\u4f5c\u590d\u5408\u8c13\u8bed\uff0c\u4e5f\u53ef\u5c06\u4e0d\u5b9a\u5f0f\u770b\u4f5c\u7279\u6b8a\u52a8\u8bcd\u7684\u5bbe\u8bed\u3002<\/p>\n<p style=\"font-weight: 400;\">\u00a0\u00a0\u00a0\u00a0\u4f7f\u7528\u8fd9\u4e09\u4e2a\u52a8\u8bcd\uff0c\u8981\u6ce8\u610f\u5176\u4e2d\u4e00\u4e2a\u5373\u00a0voli\u00a0\u4e5f\u53ef\u4ee5\u76f4\u63a5\u8ddf\u540d\u8bcd\u4f5c\u5bbe\u8bed\uff0c\u8fd9\u65f6\u5b83\u5c31\u4e0d\u7279\u6b8a\u4e86\u3002\u5982\uff1aMi volas la libron.\uff08\u6211\u60f3\u5f97\u5230\u90a3\u672c\u4e66\u3002\uff09voli\u00a0\u5728\u53e5\u4e2d\u7684\u610f\u601d\u4e3a\u201c\u60f3\u5f97\u5230\u201d\u3002<\/p>\n<p style=\"font-weight: 400;\">\u4e8c\u3001<strong>\u590d\u5408\u8c13\u8bed<\/strong><\/p>\n<p style=\"font-weight: 400;\">\u00a0\u00a0\u00a0\u00a0\u590d\u5408\u8c13\u8bed\u662f\u6bd4\u8f83\u7b80\u5355\u8c13\u8bed\u800c\u8a00\u3002\u6709\u4e24\u79cd\u60c5\u51b5\u5c5e\u4e8e\u590d\u5408\u8c13\u8bed\uff1a<\/p>\n<ol>\n<li style=\"font-weight: 400;\">\u8c13\u8bed\u4e2d\u6709\u4e0a\u9762\u8bb2\u5230\u7684\u4e09\u4e2a\u7279\u6b8a\u52a8\u8bcd\u65f6\uff0c\u662f\u590d\u5408\u8c13\u8bed\uff1a<\/li>\n<\/ol>\n<p style=\"font-weight: 400;\">\u00a0\u00a0\u00a0 Li\u00a0<u>volis iri<\/u>\u00a0al la urbo.<\/p>\n<p style=\"font-weight: 400;\">\u00a0\u00a0\u00a0 Ni\u00a0<u>devas fari<\/u>\u00a0niajn kontribuojn al la afero.<\/p>\n<p style=\"font-weight: 400;\">\u00a0\u00a0\u00a0 Petro\u00a0<u>povas skribi<\/u>\u00a0bone.<\/p>\n<ol start=\"2\">\n<li style=\"font-weight: 400;\">\u6709\u8fde\u7cfb\u52a8\u8bcd\u7684\u8c13\u8bed\u662f\u590d\u5408\u8c13\u8bed\uff1a<\/li>\n<\/ol>\n<p style=\"font-weight: 400;\">\u00a0\u00a0\u00a0 Li\u00a0<u>estas bona<\/u>.<\/p>\n<p style=\"font-weight: 400;\">\u00a0\u00a0\u00a0\u00a0\u4e0d\u5b9a\u5f0f\u3001\u5206\u8bcd\u7b49\u4e0e\u8fde\u7cfb\u52a8\u8bcd\u8fde\u7528\uff0c\u90fd\u53ef\u4ee5\u53eb\u590d\u5408\u8c13\u8bed\u3002\u8fd9\u4e00\u70b9\u6211\u4eec\u5728\u540e\u9762\u8fd8\u8981\u8bb2\u5230\u3002<\/p>\n<p style=\"font-weight: 400;\"><a href=\"https:\/\/reto.cn\/php\/hanyu\/kurso-de-esperanto\/\">\u8fd4\u56de\u76ee\u5f55<\/a><\/p>\n","protected":false},"excerpt":{"rendered":"<p>&nbsp; La Dek-dua Leciono \u7b2c\u5341\u4e8c\u8bfe \u3010Tipaj frazoj\u3011 Mi povas \u2026 <span class=\"read-more\"><a href=\"https:\/\/reto.cn\/php\/hanyu\/kurso-de-esperanto\/ekurso12\/\">\u7ee7\u7eed\u9605\u8bfb Legi pli &raquo;<\/a><\/span><\/p>\n","protected":false},"author":1,"featured_media":0,"parent":8240,"menu_order":0,"comment_status":"open","ping_status":"closed","template":"","meta":{"footnotes":""},"_links":{"self":[{"href":"https:\/\/reto.cn\/php\/hanyu\/wp-json\/wp\/v2\/pages\/8317"}],"collection":[{"href":"https:\/\/reto.cn\/php\/hanyu\/wp-json\/wp\/v2\/pages"}],"about":[{"href":"https:\/\/reto.cn\/php\/hanyu\/wp-json\/wp\/v2\/types\/page"}],"author":[{"embeddable":true,"href":"https:\/\/reto.cn\/php\/hanyu\/wp-json\/wp\/v2\/users\/1"}],"replies":[{"embeddable":true,"href":"https:\/\/reto.cn\/php\/hanyu\/wp-json\/wp\/v2\/comments?post=8317"}],"version-history":[{"count":0,"href":"https:\/\/reto.cn\/php\/hanyu\/wp-json\/wp\/v2\/pages\/8317\/revisions"}],"up":[{"embeddable":true,"href":"https:\/\/reto.cn\/php\/hanyu\/wp-json\/wp\/v2\/pages\/8240"}],"wp:attachment":[{"href":"https:\/\/reto.cn\/php\/hanyu\/wp-json\/wp\/v2\/media?parent=8317"}],"curies":[{"name":"wp","href":"https:\/\/api.w.org\/{rel}","templated":true}]}}