{"id":8545,"date":"2021-10-08T19:23:11","date_gmt":"2021-10-08T11:23:11","guid":{"rendered":"http:\/\/reto.cn\/php\/hanyu\/?page_id=8545"},"modified":"2022-02-02T16:16:28","modified_gmt":"2022-02-02T08:16:28","slug":"leciono-4","status":"publish","type":"page","link":"https:\/\/reto.cn\/php\/hanyu\/parola_lingvo\/jen-nia-mondo-1\/leciono-4\/","title":{"rendered":"Jen Nia Mondo 1 Leciono 4"},"content":{"rendered":"<p>&nbsp;<\/p>\n<h3>Jen Nia Mondo 1<br \/>\n\u8fd9\u662f\u6211\u4eec\u7684\u4e16\u754c\uff08\u4e00\uff09<\/h3>\n<h3 style=\"text-align: center;\">Leciono 4<\/h3>\n<p><img decoding=\"async\" loading=\"lazy\" class=\"aligncenter\" src=\"https:\/\/reto.cn\/parola_lingvo\/jen_nia_mondo_1\/telefoni.png\" width=\"600\" height=\"186\" \/><\/p>\n<h4>Telefoni<\/h4>\n<p><audio style=\"margin: auto; top: 0; right: 0; bottom: 0; left: 0;\" src=\"https:\/\/reto.cn\/parola_lingvo\/jen_nia_mondo_1\/dialogo4.mp3\" controls=\"controls\"><span data-mce-type=\"bookmark\" style=\"display: inline-block; width: 0px; overflow: hidden; line-height: 0;\" class=\"mce_SELRES_start\">\ufeff<\/span><\/audio><br \/>\nP. Jen la numero&#8230; ok du kvar&#8230; kvin tri ses na\u016d. [<em> Waits.<\/em> ] Saluton! Mi petas, \u0109u mi povas paroli al Helena? \u2014 Ne, ne al baleno, al Helena. Kiu vi estas? La besto\u011dardeno? Ho, pardonu, tio estas la mal\u011dusta numero; sendube mi eraris. [<em>Hangs up. To himself.<\/em>] Jes, ok du kvar&#8230; kvin tri ses na\u016d; eble mi diskis kvin tri sep na\u016d. Ok du kvar&#8230; kvin tri ses na\u016d. Nun la numero estas okupita. Jen, denove&#8230; ok du kvar&#8230; kvin tri ses na\u016d&#8230; Saluton! Cu mi povas paroli al Helena? \u2014 Kial ne? Mi beda\u016dras, sed ne nece- sas esti mal\u011dentila&#8230; Kaj al vi, kamarado! \u2014 Mil diabloj, tio ne helpas! Eble la telefonisto povas helpi&#8230; do, cent: unu nul nul&#8230; Mi deziras paroli al mia amikino, la numero estas ok du kvar&#8230; kvin tri ses na\u016d&#8230; Jes, sed la besto\u011dar- deno dufoje respondis. \u2014 Dankon&#8230; [ <em>Waits. Doorbell rings<\/em> ] Pardonu, telefonisto, iu sonorigas \u0109e la pordo. [<em>Pause. Door opens<\/em> ] Helena! Vi estas \u0109i tie!<br \/>\nH. Evidente. Saluton, Petro.<br \/>\nP. Saluton, Helena. Mi tre \u011dojas, ke vi venis, car mi provas telefoni al vi. Momenton! Ha! telefonisto, dankon, dankon. Cio estas nun en ordo. [ <em>Hangs up<\/em> ] Helena, mi volis paroli al vi.<br \/>\nP. Nu, jen mi estas!<\/p>\n<p>\u8fd4\u56de\u00a0<a href=\"https:\/\/reto.cn\/php\/hanyu\/parola_lingvo\/jen-nia-mondo-1\/\">Jen Nia Mondo 1 \u8fd9\u662f\u6211\u4eec\u7684\u4e16\u754c\uff08\u4e00\uff09<\/a><\/p>\n","protected":false},"excerpt":{"rendered":"<p>&nbsp; Jen Nia Mondo 1 \u8fd9\u662f\u6211\u4eec\u7684\u4e16\u754c\uff08\u4e00\uff09 Leciono 4 Telefoni \ufeff \u2026 <span class=\"read-more\"><a href=\"https:\/\/reto.cn\/php\/hanyu\/parola_lingvo\/jen-nia-mondo-1\/leciono-4\/\">\u7ee7\u7eed\u9605\u8bfb Legi pli &raquo;<\/a><\/span><\/p>\n","protected":false},"author":1,"featured_media":0,"parent":8497,"menu_order":0,"comment_status":"open","ping_status":"closed","template":"","meta":{"footnotes":""},"_links":{"self":[{"href":"https:\/\/reto.cn\/php\/hanyu\/wp-json\/wp\/v2\/pages\/8545"}],"collection":[{"href":"https:\/\/reto.cn\/php\/hanyu\/wp-json\/wp\/v2\/pages"}],"about":[{"href":"https:\/\/reto.cn\/php\/hanyu\/wp-json\/wp\/v2\/types\/page"}],"author":[{"embeddable":true,"href":"https:\/\/reto.cn\/php\/hanyu\/wp-json\/wp\/v2\/users\/1"}],"replies":[{"embeddable":true,"href":"https:\/\/reto.cn\/php\/hanyu\/wp-json\/wp\/v2\/comments?post=8545"}],"version-history":[{"count":0,"href":"https:\/\/reto.cn\/php\/hanyu\/wp-json\/wp\/v2\/pages\/8545\/revisions"}],"up":[{"embeddable":true,"href":"https:\/\/reto.cn\/php\/hanyu\/wp-json\/wp\/v2\/pages\/8497"}],"wp:attachment":[{"href":"https:\/\/reto.cn\/php\/hanyu\/wp-json\/wp\/v2\/media?parent=8545"}],"curies":[{"name":"wp","href":"https:\/\/api.w.org\/{rel}","templated":true}]}}