{"id":8642,"date":"2021-10-11T20:23:12","date_gmt":"2021-10-11T12:23:12","guid":{"rendered":"http:\/\/reto.cn\/php\/hanyu\/?page_id=8642"},"modified":"2022-02-02T16:28:02","modified_gmt":"2022-02-02T08:28:02","slug":"leciono-13","status":"publish","type":"page","link":"https:\/\/reto.cn\/php\/hanyu\/parola_lingvo\/jen-nia-mondo-2\/leciono-13\/","title":{"rendered":"Jen Nia Mondo 2 Leciono 13"},"content":{"rendered":"<h3>Jen Nia Mondo 2<br \/>\n\u8fd9\u662f\u6211\u4eec\u7684\u4e16\u754c\uff08\u4e8c\uff09<\/h3>\n<h3 style=\"text-align: center;\">Leciono 13<\/h3>\n<p><img decoding=\"async\" loading=\"lazy\" class=\"alignnone aligncenter\" src=\"https:\/\/reto.cn\/parola_lingvo\/jen_nia_mondo_2\/detaloj.png\" width=\"599\" height=\"191\" \/><\/p>\n<p><strong>Personaj Detaloj<\/strong><br \/>\n<audio style=\"margin: auto; top: 0; right: 0; bottom: 0; left: 0;\" src=\"https:\/\/reto.cn\/parola_lingvo\/jen_nia_mondo_2\/dialogo13.mp3\" controls=\"controls\"><\/audio><br \/>\nH. Ne, ne, ne! Tio estas tro.<br \/>\nP. Kio estas tro?<br \/>\nH. La demandaro. Kial vi donis \u011din al mi? Tio estas mal\u015dparo de tempo.<br \/>\nP. Kiel, kara?<br \/>\nH. \u011ci postulas tro da detaloj.<br \/>\nP. Donu \u011din al mi &#8230; Dankon &#8230; Hm. Nomo &#8230; adreso &#8230; loko kaj dato de naski\u011do &#8230; jes, en ordo. A\u011do. Vi skribis nenion sub &#8216;a\u011do\u2019.<br \/>\nH. Kompreneble ne. Mian a\u011don montras la dato de mia naski\u011do.<br \/>\nP. Jes, sed anka\u016d sub &#8216;sekso&#8217; vi skribis nenion.<br \/>\nH. Mia nomo montras mian sekson.<br \/>\nP. Mi tamen konsilas al vi, fini lataskon. Oni demandas pri via nacio, deveno, familio, profesio, religio&#8230;<br \/>\nH. Sendube vi donas al mi bonan konsilon, sed \u0109u mi havas la sanktan devon, rakonti la tutan historion de mia vivo? Nu, se jes: (<em>moke<\/em>) Mi estas angla, sed mia avino, kiu mortis anta\u016d kvin jaroj, naski\u011dis kaj plenkreskis en Kimrujo; do parte mi devenas de la kimra popolo. Cetere mia avo \u2014<br \/>\nP. Kara, tute ne necesas \u2014<br \/>\nH. Ho, nun vi konsentas, ke tio ne necesas! Kaj kio pri religio? \u0108u mi estas kristano, islamano, adepto de Budhismo, \u0109u mi kredas a\u016d ne kredas je Dio \u2014 tio estas mia propra afero.<br \/>\nP. Jes, kara, vi tute pravas, sed \u2014<br \/>\nH. Sed vi konsilas al mi fini la taskon, \u0109u ne?<br \/>\nP. Efektive ne, \u0109ar mi \u0135us rimarkis, ke jam pasis la limdato por resendo de la demandaro.<\/p>\n<p>\u8fd4\u56de\u00a0<a href=\"https:\/\/reto.cn\/php\/hanyu\/parola_lingvo\/jen-nia-mondo-2\/\">Jen Nia Mondo 2 \u8fd9\u662f\u6211\u4eec\u7684\u4e16\u754c\uff08\u4e8c\uff09<\/a><\/p>\n","protected":false},"excerpt":{"rendered":"<p>\t\t\t\t<![CDATA[]]>\t\t<\/p>\n","protected":false},"author":1,"featured_media":0,"parent":8639,"menu_order":0,"comment_status":"open","ping_status":"closed","template":"","meta":{"footnotes":""},"_links":{"self":[{"href":"https:\/\/reto.cn\/php\/hanyu\/wp-json\/wp\/v2\/pages\/8642"}],"collection":[{"href":"https:\/\/reto.cn\/php\/hanyu\/wp-json\/wp\/v2\/pages"}],"about":[{"href":"https:\/\/reto.cn\/php\/hanyu\/wp-json\/wp\/v2\/types\/page"}],"author":[{"embeddable":true,"href":"https:\/\/reto.cn\/php\/hanyu\/wp-json\/wp\/v2\/users\/1"}],"replies":[{"embeddable":true,"href":"https:\/\/reto.cn\/php\/hanyu\/wp-json\/wp\/v2\/comments?post=8642"}],"version-history":[{"count":0,"href":"https:\/\/reto.cn\/php\/hanyu\/wp-json\/wp\/v2\/pages\/8642\/revisions"}],"up":[{"embeddable":true,"href":"https:\/\/reto.cn\/php\/hanyu\/wp-json\/wp\/v2\/pages\/8639"}],"wp:attachment":[{"href":"https:\/\/reto.cn\/php\/hanyu\/wp-json\/wp\/v2\/media?parent=8642"}],"curies":[{"name":"wp","href":"https:\/\/api.w.org\/{rel}","templated":true}]}}