{"id":8649,"date":"2021-10-11T20:38:01","date_gmt":"2021-10-11T12:38:01","guid":{"rendered":"http:\/\/reto.cn\/php\/hanyu\/?page_id=8649"},"modified":"2022-02-02T16:30:36","modified_gmt":"2022-02-02T08:30:36","slug":"leciono-14","status":"publish","type":"page","link":"https:\/\/reto.cn\/php\/hanyu\/parola_lingvo\/jen-nia-mondo-2\/leciono-14\/","title":{"rendered":"Jen Nia Mondo 2 Leciono 14"},"content":{"rendered":"<h3>Jen Nia Mondo 2<br \/>\n\u8fd9\u662f\u6211\u4eec\u7684\u4e16\u754c\uff08\u4e8c\uff09<\/h3>\n<h3 style=\"text-align: center;\">Leciono 14<\/h3>\n<p><img decoding=\"async\" loading=\"lazy\" class=\"alignnone aligncenter\" src=\"https:\/\/reto.cn\/parola_lingvo\/jen_nia_mondo_2\/domo.png\" width=\"600\" height=\"188\" \/><\/p>\n<p><strong>Domo<\/strong><\/p>\n<p><audio style=\"margin: auto; top: 0; right: 0; bottom: 0; left: 0;\" src=\"https:\/\/reto.cn\/parola_lingvo\/jen_nia_mondo_2\/dialogo14.mp3\" controls=\"controls\"><span data-mce-type=\"bookmark\" style=\"display: inline-block; width: 0px; overflow: hidden; line-height: 0;\" class=\"mce_SELRES_start\">\ufeff<\/span><\/audio><br \/>\nH. Ni bezonas domon.<br \/>\nP. Tute ne. La apartamento estas komforta, kaj la lupago estas ne tro alta.<br \/>\nH. Mi tamen doma\u011das la lupagon &#8211; ni povus uzi la monon por a\u0109eti domon. Kun la tempopaso naski\u011dos infanoj, kaj ni bezonos pli grandan hejmon.<br \/>\nP. Jes, mi konsentas; sed \u011dis nun naski\u011dis e\u0109 ne unu infano. Do apartamento sufi\u0109as ankora\u016d.<br \/>\nH. Sed imagu, kara \u2014 imagu, se ni posedus domon en la kamparo, kun granda \u011dardeno anstata\u016d nur korto &#8211; ekzemple, en laga regiono, a\u016d apud grenkampoj.<br \/>\nP. Kara, kara, nun vi simple revas. Ni ne povus havi tian domon. Ni ne havas sufi\u0109an monon por a\u0109eti e\u0109 la tegmenton.<br \/>\nH. Sed kun granda \u011dardeno ni povus kreskigi legomojn, kaj tiel \u015dpari monon. Ni povus a\u0109eti domon malnovan, e\u0109 ruinigitan, kaj \u011din rekonstrui, brikon post briko.<br \/>\nP. \u0108u rekonstrui domon?! Vi \u0109iam plendas, ke mi ne kapablas e\u0109 alfiksi breton. Vere, vi mirigas miri. Ni lo\u011das en agrabla antauurbo, proksime al mi a laborejo; ni havas belajn meblojn, televidon, fridujon, \u0109ion oportunan; kaj vi volas a\u0109eti ruinon en iu fora landoparto, kie eble mankas gaso kaj elektro, eble e\u0109 akvo por bankuvo a\u016d du\u015do.<br \/>\nH. Sed imagu la trankvilon! Imagu la sunsubiron. Ni sidas sur la herbejo sub arbo, la ombroj plilongi\u011das, la insektoj zumas \u2014<br \/>\nP. Diable, kiel ni trovus la tempon por sidi sub arbo, se ni devus rekonstrui domon? Ne, tio estas fantazio. Ni ne povus toleri la elspezon por kia ajn domo.<br \/>\nH. Do, ni kompromisu. Ni restos en la apartamento dumtempe, sed ni starigos domokason. Ek de nun ni \u015dparos monon. Se vi \u0109esos trinki bieron kaj fumi, tio \u015dparos multon.<br \/>\nP. Kaj se mi oferos mian po\u015dmonon, kion vi oferos?<br \/>\nH. Kion mi povas oferi? Mi nek trinkas bieron, nek fumas.<br \/>\nP. Kia kompromiso!<br \/>\nH. La kompromiso ku\u015das en tio, ke mi konsentas resti en la apartamento, dum vi \u015dparas monon.<\/p>\n<p>\u8fd4\u56de\u00a0<a href=\"https:\/\/reto.cn\/php\/hanyu\/parola_lingvo\/jen-nia-mondo-2\/\">Jen Nia Mondo 2 \u8fd9\u662f\u6211\u4eec\u7684\u4e16\u754c\uff08\u4e8c\uff09<\/a><\/p>\n","protected":false},"excerpt":{"rendered":"<p>\t\t\t\t<![CDATA[]]>\t\t<\/p>\n","protected":false},"author":1,"featured_media":0,"parent":8639,"menu_order":0,"comment_status":"open","ping_status":"closed","template":"","meta":{"footnotes":""},"_links":{"self":[{"href":"https:\/\/reto.cn\/php\/hanyu\/wp-json\/wp\/v2\/pages\/8649"}],"collection":[{"href":"https:\/\/reto.cn\/php\/hanyu\/wp-json\/wp\/v2\/pages"}],"about":[{"href":"https:\/\/reto.cn\/php\/hanyu\/wp-json\/wp\/v2\/types\/page"}],"author":[{"embeddable":true,"href":"https:\/\/reto.cn\/php\/hanyu\/wp-json\/wp\/v2\/users\/1"}],"replies":[{"embeddable":true,"href":"https:\/\/reto.cn\/php\/hanyu\/wp-json\/wp\/v2\/comments?post=8649"}],"version-history":[{"count":0,"href":"https:\/\/reto.cn\/php\/hanyu\/wp-json\/wp\/v2\/pages\/8649\/revisions"}],"up":[{"embeddable":true,"href":"https:\/\/reto.cn\/php\/hanyu\/wp-json\/wp\/v2\/pages\/8639"}],"wp:attachment":[{"href":"https:\/\/reto.cn\/php\/hanyu\/wp-json\/wp\/v2\/media?parent=8649"}],"curies":[{"name":"wp","href":"https:\/\/api.w.org\/{rel}","templated":true}]}}