{"id":8704,"date":"2021-10-15T20:52:37","date_gmt":"2021-10-15T12:52:37","guid":{"rendered":"http:\/\/reto.cn\/php\/hanyu\/?page_id=8704"},"modified":"2022-02-02T16:38:00","modified_gmt":"2022-02-02T08:38:00","slug":"leciono-18","status":"publish","type":"page","link":"https:\/\/reto.cn\/php\/hanyu\/parola_lingvo\/jen-nia-mondo-2\/leciono-18\/","title":{"rendered":"Jen Nia Mondo 2 Leciono 18"},"content":{"rendered":"<h3>Jen Nia Mondo 2<br \/>\n\u8fd9\u662f\u6211\u4eec\u7684\u4e16\u754c\uff08\u4e8c\uff09<\/h3>\n<h3 style=\"text-align: center;\">Leciono 18<\/h3>\n<h4>De Kapo \u011dis Piedoj<\/h4>\n<p><img decoding=\"async\" loading=\"lazy\" class=\" aligncenter\" src=\"https:\/\/reto.cn\/parola_lingvo\/jen_nia_mondo_2\/piedoj.png\" width=\"601\" height=\"189\" \/><\/p>\n<p><audio style=\"margin: auto; top: 0; right: 0; bottom: 0; left: 0;\" src=\"https:\/\/reto.cn\/parola_lingvo\/jen_nia_mondo_2\/dialogo18.mp3\" controls=\"controls\"><span data-mce-type=\"bookmark\" style=\"display: inline-block; width: 0px; overflow: hidden; line-height: 0;\" class=\"mce_SELRES_start\">\ufeff<\/span><\/audio><\/p>\n<p>H. Tiu filmo vere timigis min.<br \/>\nP. Cu vere? Mi trovis gin ne timiga, sed ridiga.<br \/>\nH. Ho jes, nun vi povas sidi trankvile kaj diri tion, sed kiam la atakanto ku\u015digis Pa\u016dlon surdorse, de\u015diris iian \u0109emizon, pugnobatis lian kapon, kaj skrapis per akraj ungoj liajn vangojn, bruston kaj ventron, vere preska\u016d senha\u016dtigis lin &#8211;<br \/>\nP. Tion mi apena\u016d rimarkis, mi devas konfesi. Sed preska\u016d mi saltis el la se\u011do, kiam Rakela perdis la jupon, kaj tiu fripono pendigis \u015din per la longaj blondaj haroj kaj vipis \u015din per leda zono &#8211;<br \/>\nH. Fil Vi tion guis|<br \/>\nP. Jes, je tiu punkto mi ver\u015dis oran\u011dosukon sur mian kravaton.<br \/>\nH. Ho, Petro, kial vi ne vi\u015dis \u011din tuj per la po\u015dtuko? Vidul Vi makulis anka\u016d vian jakon, e\u0109 la manikon<br \/>\nP. Mi ne rimarkis. Mi brosos \u011din.<br \/>\nH. Broso ne sufi\u0109os. Vi devus pli bone prizorgi viajn vestojn. Pasintan semajnon vi \u015diris la pluvmantelon, kaj viaj \u015duoj estas en terura stato.<br \/>\nP. Ne gravas. Sed miaj piedoj estas en bona stato, kaj ankau miaj manoj, okuloj, bu\u015do, kaj &#8230;&#8230; aliaj korpopartoj. Pli gravas la korpo ol la vestoj, \u0109u ne?<br \/>\nH. Certe via lango estas en bona stato. Ciam vi trovas argumenton.<br \/>\nP. Ne sulkigu la frunton. Venu. Sidi\u011du, kaj klinu la kapon sur mian \u015dultron. Cu komforte?<br \/>\nH. Via] genuoj estas lom ostaj, sed &#8230; \u0108u ml havas tiel belan vlza\u011don Kiel Rake I a?<br \/>\nP. Jes, pii belan. Kaj (pa\u016dzas inter \u0109iu) pll belajn llpojn &#8230; kaj mentonon .. .anka\u016d pll belan kolon &#8230; kaj orelojn .. .brakojn &#8230; manojn &#8230; krurojn &#8230; Ni enllti\u011du.<\/p>\n<p>\u8fd4\u56de\u00a0<a href=\"https:\/\/reto.cn\/php\/hanyu\/parola_lingvo\/jen-nia-mondo-2\/\">Jen Nia Mondo 2 \u8fd9\u662f\u6211\u4eec\u7684\u4e16\u754c\uff08\u4e8c\uff09<\/a><\/p>\n","protected":false},"excerpt":{"rendered":"<p>\t\t\t\t<![CDATA[]]>\t\t<\/p>\n","protected":false},"author":1,"featured_media":0,"parent":8639,"menu_order":0,"comment_status":"open","ping_status":"closed","template":"","meta":{"footnotes":""},"_links":{"self":[{"href":"https:\/\/reto.cn\/php\/hanyu\/wp-json\/wp\/v2\/pages\/8704"}],"collection":[{"href":"https:\/\/reto.cn\/php\/hanyu\/wp-json\/wp\/v2\/pages"}],"about":[{"href":"https:\/\/reto.cn\/php\/hanyu\/wp-json\/wp\/v2\/types\/page"}],"author":[{"embeddable":true,"href":"https:\/\/reto.cn\/php\/hanyu\/wp-json\/wp\/v2\/users\/1"}],"replies":[{"embeddable":true,"href":"https:\/\/reto.cn\/php\/hanyu\/wp-json\/wp\/v2\/comments?post=8704"}],"version-history":[{"count":0,"href":"https:\/\/reto.cn\/php\/hanyu\/wp-json\/wp\/v2\/pages\/8704\/revisions"}],"up":[{"embeddable":true,"href":"https:\/\/reto.cn\/php\/hanyu\/wp-json\/wp\/v2\/pages\/8639"}],"wp:attachment":[{"href":"https:\/\/reto.cn\/php\/hanyu\/wp-json\/wp\/v2\/media?parent=8704"}],"curies":[{"name":"wp","href":"https:\/\/api.w.org\/{rel}","templated":true}]}}