{"id":8716,"date":"2021-10-16T01:37:18","date_gmt":"2021-10-15T17:37:18","guid":{"rendered":"http:\/\/reto.cn\/php\/hanyu\/?page_id=8716"},"modified":"2022-02-02T16:48:00","modified_gmt":"2022-02-02T08:48:00","slug":"leciono-20","status":"publish","type":"page","link":"https:\/\/reto.cn\/php\/hanyu\/parola_lingvo\/jen-nia-mondo-2\/leciono-20\/","title":{"rendered":"Jen Nia Mondo 2 Leciono 20"},"content":{"rendered":"<header class=\"entry-header\">\n<h3>Jen Nia Mondo 2<br \/>\n\u8fd9\u662f\u6211\u4eec\u7684\u4e16\u754c\uff08\u4e8c\uff09<\/h3>\n<\/header>\n<div class=\"entry-content\">\n<h3 style=\"text-align: center;\">Leciono 20<\/h3>\n<h4>A\u0109eti<\/h4>\n<p><img decoding=\"async\" loading=\"lazy\" class=\" aligncenter\" src=\"https:\/\/reto.cn\/parola_lingvo\/jen_nia_mondo_2\/acheti.png\" width=\"601\" height=\"189\" \/><\/p>\n<p><audio style=\"margin: auto; top: 0; right: 0; bottom: 0; left: 0;\" src=\"https:\/\/reto.cn\/parola_lingvo\/jen_nia_mondo_2\/dialogo20.mp3\" controls=\"controls\"><span data-mce-type=\"bookmark\" style=\"display: inline-block; width: 0px; overflow: hidden; line-height: 0;\" class=\"mce_SELRES_start\">\ufeff<\/span><\/audio><\/p>\n<p>H. \u0108u vi havas la liston, kara?<br \/>\nP. Jes, kompreneble.<br \/>\nH. Donu \u011din al mi, mi petas &#8230; Dankon Hm.<br \/>\nSapo, lesivpulvoro, dentopasto, ciro, maizflokoj, kremo &#8211; Kio? Tabako? Alumetoj? Sed \u0109u vi ne \u0109esis fumi?<br \/>\nP. Cigaredojn, jes. Mi \u0109esis fumi cigaredojn. Sed anstata\u016de mi decidis fumi pipon. Se mi tute \u0109esus fumi, mi fari\u011dus vere malbonhumora. Almena\u016d pipo ne estas tiel malsaniga, kiel cigaredoj.<br \/>\nH. Temas ne pri sano, sed pri mono.<br \/>\nP. <em>(rapide)<\/em> Kion vi opinias pri tiuj roboj?<br \/>\nH. Tiu ru\u011da estas bela &#8230; \u011cin mi preferas Ia\u016d stilo, sed ne la\u016d koloro. Se la koloro estus alia, mi tre \u015datus \u011din. Pri la tabako &#8211; &#8211;<br \/>\nP. \u0108u vi ne diris, ke vi volas a\u0109eti \u015dtofon? \u0108u vi mezuris, kiom vi bezonas?<br \/>\nH. Jes, mi bezonas sufi\u0109e grandan pecon: \u011di devas esti longa du metrojn, kaj unu metron lar\u011da. Sed tiajn varojn mi preferas a\u0109eti en la urbocentro, en granda magazeno. En la malgrandaj butikoj la prezoj estas tro altaj.<br \/>\nP. Jes, \u0109i tie \u0109io estas tro multekosta. Oni trovas pli favorajn prezojn en la superbazaro. Ni iru tien.<br \/>\nH. \u0108u ni trafu la buson?<br \/>\nP. Ne, \u011di kostas tro. Kontrolu la liston denove.<br \/>\nH. Karotoj, ovoj, pano, butero, margarino, inko, po\u015dtmarkoj &#8230; Afi, vidu, komencis pluvi. Se ni iros al la superbazaro, ni malseki\u011dos.<br \/>\nP. Do \u0109u ni tamen a\u0109etu \u0109i tie, en la malgrandaj butikoj?<br \/>\nH. Kial ne? Finfine oni ne povas kalkuli \u0109iun pencon.<br \/>\nP. \u011custe. Jen la tabakbutiko, trans la strato. Ni eniru!<\/p>\n<\/div>\n<p>\u8fd4\u56de\u00a0<a href=\"https:\/\/reto.cn\/php\/hanyu\/parola_lingvo\/jen-nia-mondo-2\/\">Jen Nia Mondo 2 \u8fd9\u662f\u6211\u4eec\u7684\u4e16\u754c\uff08\u4e8c\uff09<\/a><\/p>\n","protected":false},"excerpt":{"rendered":"<p>\t\t\t\t<![CDATA[]]>\t\t<\/p>\n","protected":false},"author":1,"featured_media":0,"parent":8639,"menu_order":0,"comment_status":"open","ping_status":"closed","template":"","meta":{"footnotes":""},"_links":{"self":[{"href":"https:\/\/reto.cn\/php\/hanyu\/wp-json\/wp\/v2\/pages\/8716"}],"collection":[{"href":"https:\/\/reto.cn\/php\/hanyu\/wp-json\/wp\/v2\/pages"}],"about":[{"href":"https:\/\/reto.cn\/php\/hanyu\/wp-json\/wp\/v2\/types\/page"}],"author":[{"embeddable":true,"href":"https:\/\/reto.cn\/php\/hanyu\/wp-json\/wp\/v2\/users\/1"}],"replies":[{"embeddable":true,"href":"https:\/\/reto.cn\/php\/hanyu\/wp-json\/wp\/v2\/comments?post=8716"}],"version-history":[{"count":0,"href":"https:\/\/reto.cn\/php\/hanyu\/wp-json\/wp\/v2\/pages\/8716\/revisions"}],"up":[{"embeddable":true,"href":"https:\/\/reto.cn\/php\/hanyu\/wp-json\/wp\/v2\/pages\/8639"}],"wp:attachment":[{"href":"https:\/\/reto.cn\/php\/hanyu\/wp-json\/wp\/v2\/media?parent=8716"}],"curies":[{"name":"wp","href":"https:\/\/api.w.org\/{rel}","templated":true}]}}