{"id":8730,"date":"2021-10-16T02:14:04","date_gmt":"2021-10-15T18:14:04","guid":{"rendered":"http:\/\/reto.cn\/php\/hanyu\/?page_id=8730"},"modified":"2022-02-02T16:54:02","modified_gmt":"2022-02-02T08:54:02","slug":"leciono-25","status":"publish","type":"page","link":"https:\/\/reto.cn\/php\/hanyu\/parola_lingvo\/jen-nia-mondo-2\/leciono-25\/","title":{"rendered":"Jen Nia Mondo 2 Leciono 25"},"content":{"rendered":"<header class=\"entry-header\">\n<h3>Jen Nia Mondo 2<br \/>\n\u8fd9\u662f\u6211\u4eec\u7684\u4e16\u754c\uff08\u4e8c\uff09<\/h3>\n<\/header>\n<div class=\"entry-content\">\n<h3>Leciono 25<\/h3>\n<h4>Aktuala\u0135oj<\/h4>\n<p><img decoding=\"async\" loading=\"lazy\" class=\" aligncenter\" src=\"https:\/\/reto.cn\/parola_lingvo\/jen_nia_mondo_2\/aktualajhoj.png\" width=\"603\" height=\"192\" \/><\/p>\n<p><audio style=\"margin: auto; top: 0; right: 0; bottom: 0; left: 0;\" src=\"https:\/\/reto.cn\/parola_lingvo\/jen_nia_mondo_2\/dialogo25.mp3\" controls=\"controls\"><span data-mce-type=\"bookmark\" style=\"display: inline-block; width: 0px; overflow: hidden; line-height: 0;\" class=\"mce_SELRES_start\">\ufeff<\/span><\/audio><\/p>\n<p>H. Kion vi legas, kara?<br \/>\nP. &#8230;..<br \/>\nH. Petro, \u0109u vi fari\u011dis surda? Kion vi legas?<br \/>\nP. Ho, pardonu min, Helena. Mi legas artikolon pri la aktualaj problemoj de la hodiaua mondo. La verkinto de la artikolo avertas pri la dan\u011dero de venonta milito.<br \/>\nH. Milito estas abomenajo. La sola milito, kiun mi povus aprobi, estas tiu, kiu havas justan celon. \u0108iu socio minacata de fremda armeo rajtas defendi sin kontra\u016d atako. Minacate, oni defendas sin.<br \/>\nP. Konsentite, jes. Sed registaroj emas mensogi pri siaj veraj celoj. \u0108u vi fidele obeus \u0109iun ordonon kaj \u0109iun le\u011don, e\u0109 de malbona registaro?<br \/>\nH. Eble jes, pro timo; (\u015dercas) same kiel mi obeas \u0109iun vian ordonon!<br \/>\nP. Estas neeble, diskuti kun vi politikajn aferojn. \u0108iam vi komencas \u015derci.<br \/>\nH. (serioze) Tamen \u015dajnas al mi, ke \u0109iam tiuj, kiuj estas plej fortaj, au plej bone armitaj, venkas la malpli fortajn. Jen \u0109io.<br \/>\nP. Sed anta\u016d momento vi volis paroli pri justaj celoj I<br \/>\nH. Ve! Ne \u0109iam venkas justa celo.<br \/>\nP. La\u016d mi, esence kulpas la homa avaro kaj stulteco. Tio memorigas min pri poemo. \u0108u vi memoras tiun ezopan fablon de la poeto Kalocsay? Gi komenci\u011das jene:<br \/>\nLa \u0109eval\u2019 kaj bovo ie &#8230;<\/p>\n<p>EZOPA FABLO<\/p>\n<p>La \u0109eval\u2019 kaj bovo ie<br \/>\nEkdisputis energie<br \/>\nPri l\u2019merito<br \/>\nEn milito.<\/p>\n<p><img decoding=\"async\" loading=\"lazy\" class=\"alignnone size-medium\" src=\"https:\/\/reto.cn\/parola_lingvo\/jen_nia_mondo_2\/chevalo.png\" width=\"167\" height=\"142\" \/><\/p>\n<p>Diris la \u0109eval\u2019 incite:<br \/>\n&#8216;Eh, malsprite<br \/>\nEstus dubi nian gloron<br \/>\nKaj valoron.<br \/>\nLa \u0109evaloj<br \/>\nAl bataloj<br \/>\nKuri \u0109iam estas pretaj<br \/>\nJe I\u2019trumpetaj<br \/>\nSonoj,<br \/>\n(Iomn heipis anka\u016d spronoj)<br \/>\nKaj la \u015dar\u011don de l&#8217;kanonoj<br \/>\nTra abruptaj \u015dtonoj<br \/>\nKiuj trenis?<br \/>\nNur nil&#8217; \u2014 la \u0109evalo henis.<\/p>\n<p>Bov&#8217; respond is dum rema\u0109o:<br \/>\n&#8216;\u0108evala\u0109o!<br \/>\nVi ja vane fanfaronas,<br \/>\n\u0108ar ni donas<br \/>\nTamen la plej grandan servon!<\/p>\n<p><img decoding=\"async\" loading=\"lazy\" class=\"alignnone size-medium\" src=\"https:\/\/reto.cn\/parola_lingvo\/jen_nia_mondo_2\/bovo.png\" width=\"183\" height=\"136\" \/><br \/>\nJa al si la cerbon<br \/>\nLa mar\u015dalo vane rompas,<br \/>\nVane pompas<br \/>\nLa kura\u011do<br \/>\nSe I&#8217;fura\u011do<br \/>\nMankas.<br \/>\nKaj al kiu dankas<br \/>\nLa viandon la soldat&#8217; malsata?<br \/>\nAl la bovo malsatata!<br \/>\nVia gloro sole \u015dajnas<br \/>\n\u0108iun venkon bovo gajnas.\u2019<\/p>\n<p>Pa\u015dtis sin melankolie<br \/>\nAnka\u016d la azeno tie.<br \/>\n\u011ci malpla\u0109e a\u016ddis,<br \/>\nKe sin ili la\u016ddis.<\/p>\n<p><img decoding=\"async\" loading=\"lazy\" class=\"alignnone size-medium\" src=\"https:\/\/reto.cn\/parola_lingvo\/jen_nia_mondo_2\/azeno.png\" width=\"220\" height=\"172\" \/><br \/>\n\u011ci iais<br \/>\nKaj balais<br \/>\nLa aeron per oreioj,<br \/>\nKaj ekkriis: &#8216;Bagateloj!<br \/>\nJen la vero<br \/>\nSur la tero<br \/>\nSe azenoj ne amasus,<br \/>\nLa milif e\u0109 ne okazusl&#8217;<\/p>\n<p>K. Kalocsay<\/p>\n<\/div>\n<p>\u8fd4\u56de\u00a0<a href=\"https:\/\/reto.cn\/php\/hanyu\/parola_lingvo\/jen-nia-mondo-2\/\">Jen Nia Mondo 2 \u8fd9\u662f\u6211\u4eec\u7684\u4e16\u754c\uff08\u4e8c\uff09<\/a><\/p>\n","protected":false},"excerpt":{"rendered":"<p>\t\t\t\t<![CDATA[]]>\t\t<\/p>\n","protected":false},"author":1,"featured_media":0,"parent":8639,"menu_order":0,"comment_status":"open","ping_status":"closed","template":"","meta":{"footnotes":""},"_links":{"self":[{"href":"https:\/\/reto.cn\/php\/hanyu\/wp-json\/wp\/v2\/pages\/8730"}],"collection":[{"href":"https:\/\/reto.cn\/php\/hanyu\/wp-json\/wp\/v2\/pages"}],"about":[{"href":"https:\/\/reto.cn\/php\/hanyu\/wp-json\/wp\/v2\/types\/page"}],"author":[{"embeddable":true,"href":"https:\/\/reto.cn\/php\/hanyu\/wp-json\/wp\/v2\/users\/1"}],"replies":[{"embeddable":true,"href":"https:\/\/reto.cn\/php\/hanyu\/wp-json\/wp\/v2\/comments?post=8730"}],"version-history":[{"count":0,"href":"https:\/\/reto.cn\/php\/hanyu\/wp-json\/wp\/v2\/pages\/8730\/revisions"}],"up":[{"embeddable":true,"href":"https:\/\/reto.cn\/php\/hanyu\/wp-json\/wp\/v2\/pages\/8639"}],"wp:attachment":[{"href":"https:\/\/reto.cn\/php\/hanyu\/wp-json\/wp\/v2\/media?parent=8730"}],"curies":[{"name":"wp","href":"https:\/\/api.w.org\/{rel}","templated":true}]}}