{"id":9762,"date":"2022-02-02T18:18:57","date_gmt":"2022-02-02T10:18:57","guid":{"rendered":"https:\/\/reto.cn\/php\/hanyu\/?page_id=9762"},"modified":"2022-03-17T14:01:23","modified_gmt":"2022-03-17T06:01:23","slug":"antauparolo","status":"publish","type":"page","link":"https:\/\/reto.cn\/php\/hanyu\/lernado-de-esperanto\/voc-legitaj-esperantaj-libroj\/denaska-kongresano\/antauparolo\/","title":{"rendered":"ANTA\u016cPAROLO"},"content":{"rendered":"<p>Por nun-epoka leganto la novelo prezentas oportunan formon de literaturo. Ne-ampleksa kaj tempo\u015dpara \u011di tamen kapablas redoni kernan enhavon de tuta romano. Oni povas kompari novelon kun bildoarta skizo. Ofte \u011dia minimume detala trajto montri\u011das pli vera kaj pli rekte peras artan impreson ol finlaborita pentra\u0135o. Simpleco estas bazo de arto entute.<\/p>\n<p>Jen novelaro en via mano. Bonfide eklegu, banala\u0135oj ne tedos vin. Vi trovos fre\u015dajn ideojn, kelkfoje ion trafan kaj ne-atenditan. Enuaj detaloj forestas. Sten Johansson skribas esperantan esperanton en klara stilo sen fiodoro pro simileco de tradukita nacilingva frazkolekto.<\/p>\n<p>Negranda verko, jes. Sed kvalito pli gravas ol kvanto. \u0108iu bonstila verko tre utilas por la evoluo kaj vivo de nia lingvo. La riveretoj kune plenigas la maron.<\/p>\n<p style=\"text-align: right;\"><em>Stig Jacobson<\/em><\/p>\n<p>&nbsp;<\/p>\n<p>reveni al <a href=\"https:\/\/reto.cn\/php\/hanyu\/voc-legitaj-esperantaj-libroj\/denaska-kongresano\/\">Denaska kongresano<\/a><br \/>\n\u8fd4\u56de <a href=\"https:\/\/reto.cn\/php\/hanyu\/voc-legitaj-esperantaj-libroj\/denaska-kongresano\/\">Denaska kongresano<\/a> \u76ee\u5f55<\/p>\n<p>\u7eff\u7f51\uff0c\u4e2d\u56fd\u4e16\u754c\u8bed\u7f51\u7ad9<br \/>\nVerda Reto, \u0109ina esperanta retejo<br \/>\n<a href=\"https:\/\/reto.cn\">https:\/\/reto.cn<\/a><\/p>\n","protected":false},"excerpt":{"rendered":"<p>Por nun-epoka leganto la novelo prezentas oportunan for\u2026 <span class=\"read-more\"><a href=\"https:\/\/reto.cn\/php\/hanyu\/lernado-de-esperanto\/voc-legitaj-esperantaj-libroj\/denaska-kongresano\/antauparolo\/\">\u7ee7\u7eed\u9605\u8bfb Legi pli &raquo;<\/a><\/span><\/p>\n","protected":false},"author":1,"featured_media":0,"parent":9746,"menu_order":0,"comment_status":"open","ping_status":"closed","template":"","meta":{"footnotes":""},"_links":{"self":[{"href":"https:\/\/reto.cn\/php\/hanyu\/wp-json\/wp\/v2\/pages\/9762"}],"collection":[{"href":"https:\/\/reto.cn\/php\/hanyu\/wp-json\/wp\/v2\/pages"}],"about":[{"href":"https:\/\/reto.cn\/php\/hanyu\/wp-json\/wp\/v2\/types\/page"}],"author":[{"embeddable":true,"href":"https:\/\/reto.cn\/php\/hanyu\/wp-json\/wp\/v2\/users\/1"}],"replies":[{"embeddable":true,"href":"https:\/\/reto.cn\/php\/hanyu\/wp-json\/wp\/v2\/comments?post=9762"}],"version-history":[{"count":0,"href":"https:\/\/reto.cn\/php\/hanyu\/wp-json\/wp\/v2\/pages\/9762\/revisions"}],"up":[{"embeddable":true,"href":"https:\/\/reto.cn\/php\/hanyu\/wp-json\/wp\/v2\/pages\/9746"}],"wp:attachment":[{"href":"https:\/\/reto.cn\/php\/hanyu\/wp-json\/wp\/v2\/media?parent=9762"}],"curies":[{"name":"wp","href":"https:\/\/api.w.org\/{rel}","templated":true}]}}