{"id":9768,"date":"2022-02-02T18:27:17","date_gmt":"2022-02-02T10:27:17","guid":{"rendered":"https:\/\/reto.cn\/php\/hanyu\/?page_id=9768"},"modified":"2025-09-07T00:12:59","modified_gmt":"2025-09-06T16:12:59","slug":"la-cokolada-biskvito","status":"publish","type":"page","link":"https:\/\/reto.cn\/php\/hanyu\/lernado-de-esperanto\/voc-legitaj-esperantaj-libroj\/denaska-kongresano\/la-cokolada-biskvito\/","title":{"rendered":"LA \u0108OKOLADA BISKVITO"},"content":{"rendered":"<h3 style=\"text-align: center;\">LA \u0108OKOLADA BISKVITO<\/h3>\n<h3 style=\"text-align: center;\">\u5de7\u514b\u529b\u997c\u5e72<\/h3>\n<p style=\"text-align: center;\"><em>(Unua premio de la bran\u0109o prozo en la Belartaj Konkursoj de 1988)<\/em><\/p>\n<p><audio src=\"https:\/\/reto.cn\/audi\/denask\/biskvito.mp3\" controls=\"controls\"><\/audio><\/p>\n<p>Ventkapulino mi estas, kiu \u0109iam perdas \u0109ion. \u0108e mi \u0109iam mankas io esenca, perdi\u011das jen umo jen a\u0135o. \u0108i-foje mi perdis laboron, bonan laboron, pro biskvita morda\u0135o.<\/p>\n<p>Mi ricevis oficon kiel sekretariino de klinikestro en la urba hospitalo. \u0108io estis jam preta, oni diris, mi devis nur veni duafoje por viziti la \u0109efulon mem. Unuafoje li estis en ia kriza konferenco kaj ne povis renkonti min.<\/p>\n<p>Je la deka kaj duono mi devis anonci min. Kiel kutime mi iris trame. \u011denerale mi \u0109iam malfruas, sed je tiu grava okazo mi rezervis tro da tempo por la veturo kaj devis atendi duonan horon en la hospitalo. Mi decidis vigligi min per taso da kafo en la kafeterio \u0109e la \u0109efenirejo. Kun la kafo mi a\u0109etis \u0109okoladan biskviton.<\/p>\n<p>La kafejo estis plenplena de atendantoj, sed mi trovis liberan tablon, kie mi metis mian kafon. Kompreneble mi lasis la mansaketon \u0109e la kasejo, kaj devis reiri por preni \u011din. Feli\u0109e neniu fripono jam pin\u0109is \u011din.<\/p>\n<p>Revenante mi konstatis, ke teda, griz-hara eksterlandano prenis lokon \u0109e mia tablo. Nu ja, nenio direbla, \u0109iuj tabloj estas okupitaj, plejparte de unuopuloj. Prenante mian biskviton mi tamen surprizi\u011dis, por ne diri pli. En la biskvito estis bela spuro de dentoj, mankis al \u011di unu morda\u0135o, kaj trovi\u011dis neniu dubo kie ser\u0109i tiun morda\u0135on. Anta\u016d la maljunulo staris taso da kafo kaj nenio plu. amen mi klare vidis lin ka\u015de ma\u0109i kaj gluti ion. Li anka\u016d gapis al mia biskvito kaj videble ru\u011di\u011dis. Nu vere, se iu iam havis ka\u016dzon ru\u011di\u011di&#8230;<\/p>\n<p>Feli\u0109e, mi ne suferas de bacilofobio, kaj pri imundeficito mi jam scias \u0109ion, do mi decidis ne permesi al tiu na\u016dza fremdu- lo embarasi min. Kviete, kun \u015dajnigita delekti\u011do, mi frandis la reston de mia \u0109okolada biskvito, kaj refre\u015digis min per la kafo. Dume la vira\u0109o da\u016dre rigarda\u0109is min. \u201d\u0108e ni\u201d, mi pensis, \u201dvi ne da\u016drigu viajn \u015dtelajn kutimojn!\u201d<\/p>\n<p>Fine li foriris, kiel batita hundo. Sed revenis? Jes, revenis kun propra \u0109okolada biskvito, \u0109i-foje sendube honeste a\u0109etita. Bone, mi ironie ridetis al li. Li metis sian biskviton anta\u016d si kaj gustumis sian kafon. Tiam bona ideo kaptis min. \u201dOkulon pro okulo, denton pro dento\u201d, diras la Biblio, \u0109u ne? Mi rapide prenis lian biskviton, formordis unu pecon kaj \u011duis tiun, remetante la reston anta\u016d lin, rigardante lin kun rideto kaj klini\u011dante malanta\u016den sur la \u015dtal-kaj-plasta se\u011do. \u201dKvite\u201d, mi pensis, \u201de\u0109 bis-kvite!\u201d, kaj ridis la\u016dte pro la senintenca vortludo. Tiam la eksterlandano definitive foriris, plene venkita, lasante siajn biskviton kaj kafon.<\/p>\n<p>Tre kontenta pri mi mem mi rimarkis, ke estas tempo iri al la estonta laborejo por renkonti la estron. Facile mi trovis la oficejon, kie mi devis atendi ankora\u016d dek minutojn anta\u016d la pordo de la klinikestro. Mi malla\u016dte ekzercis prononci lian nomon, kiu estas de fremda origino. Fine mi povis iri en lian \u0109ambron. Li mem ankora\u016d ne alvenis, kaj mi eksidis sur sofon. Faldante mian mantelon sur la genuojn mi konstatis, ke el \u011dia granda po\u015do falis io \u2014 \u0109okolada biskvito! Evidente \u011di estis la mia, do la sola kiun mi a\u0109etis, kiu neatentite glitis en la po\u015don, kiam mi portis mian kafon al la tablo.<\/p>\n<p>\u011custe tiam venis la klinikestro, gri-zhara enmigrinto, \u015dajne ankora\u016d beda\u016dranta siajn du \u0109okoladajn biskvitojn, el kiuj li povis gustumi nur unu solan morda\u0135on.<\/p>\n<h3 style=\"text-align: center;\">\u5de7\u514b\u529b\u997c\u5e72<\/h3>\n<p style=\"text-align: center;\">\uff081988\u5e74\u7f8e\u672f\u7ade\u8d5b\u6563\u6587\u7ec4\u4e00\u7b49\u5956\uff09<\/p>\n<p class=\"ds-markdown-paragraph\">\u6211\u662f\u4e2a\u9a6c\u5927\u54c8\uff0c\u603b\u662f\u4e22\u4e09\u843d\u56db\u3002\u6211\u8001\u662f\u7f3a\u8fd9\u5c11\u90a3\uff0c\u4e0d\u662f\u4e22\u4e86\u8fd9\u4e2a\u5c31\u662f\u4e22\u4e86\u90a3\u4e2a\u3002\u8fd9\u6b21\uff0c\u6211\u56e0\u4e3a\u4e00\u53e3\u997c\u5e72\u4e22\u4e86\u4e00\u4efd\u5de5\u4f5c\uff0c\u4e00\u4efd\u597d\u5de5\u4f5c\u3002<\/p>\n<p class=\"ds-markdown-paragraph\">\u6211\u5728\u5e02\u7acb\u533b\u9662\u5f97\u5230\u4e86\u4e00\u4efd\u8bca\u6240\u4e3b\u4efb\u79d8\u4e66\u7684\u804c\u4f4d\u3002\u90a3\u8fb9\u8bf4\u4e00\u5207\u90fd\u5df2\u5c31\u7eea\uff0c\u6211\u53ea\u9700\u518d\u53bb\u4e00\u6b21\u89c1\u4e3b\u4efb\u672c\u4eba\u5373\u53ef\u3002\u7b2c\u4e00\u6b21\u4ed6\u53bb\u53c2\u52a0\u67d0\u4e2a\u7d27\u6025\u4f1a\u8bae\u4e86\uff0c\u6ca1\u80fd\u89c1\u6211\u3002<\/p>\n<p class=\"ds-markdown-paragraph\">\u6211\u9700\u8981\u5728\u5341\u70b9\u534a\u62a5\u5230\u3002\u548c\u5f80\u5e38\u4e00\u6837\uff0c\u6211\u5750\u7535\u8f66\u53bb\u7684\u3002\u867d\u7136\u6211\u901a\u5e38\u603b\u662f\u8fdf\u5230\uff0c\u4f46\u8fd9\u6b21\u91cd\u8981\u7684\u573a\u5408\uff0c\u6211\u7ed9\u8def\u7a0b\u9884\u7559\u4e86\u8fc7\u591a\u7684\u65f6\u95f4\uff0c\u7ed3\u679c\u4e0d\u5f97\u4e0d\u5728\u533b\u9662\u91cc\u7b49\u4e86\u534a\u4e2a\u5c0f\u65f6\u3002\u6211\u51b3\u5b9a\u5230\u4e3b\u5165\u53e3\u5904\u7684\u5496\u5561\u9986\u559d\u676f\u5496\u5561\u63d0\u63d0\u795e\u3002\u4e70\u5496\u5561\u65f6\uff0c\u6211\u8fd8\u4e70\u4e86\u4e00\u5757\u5de7\u514b\u529b\u997c\u5e72\u3002<\/p>\n<p class=\"ds-markdown-paragraph\">\u5496\u5561\u9986\u91cc\u6324\u6ee1\u4e86\u7b49\u5019\u7684\u4eba\uff0c\u4f46\u6211\u627e\u5230\u4e86\u4e00\u5f20\u7a7a\u684c\u5b50\uff0c\u628a\u5496\u5561\u653e\u5728\u4e86\u4e0a\u9762\u3002\u4e0d\u7528\u8bf4\uff0c\u6211\u628a\u624b\u888b\u5fd8\u5728\u6536\u94f6\u53f0\u4e86\uff0c\u53ea\u5f97\u56de\u53bb\u53d6\u3002\u5e78\u597d\u8fd8\u6ca1\u88ab\u5c0f\u5077\u5077\u8d70\u3002<\/p>\n<p class=\"ds-markdown-paragraph\">\u56de\u6765\u65f6\uff0c\u6211\u53d1\u73b0\u4e00\u4e2a\u8ba8\u538c\u7684\u3001\u7070\u5934\u53d1\u7684\u5916\u56fd\u4eba\u5360\u4e86\u6211\u90a3\u5f20\u684c\u5b50\u3002\u55ef\uff0c\u786e\u5b9e\uff0c\u4e5f\u6ca1\u4ec0\u4e48\u597d\u8bf4\u7684\uff0c\u6240\u6709\u684c\u5b50\u90fd\u5750\u6ee1\u4e86\uff0c\u5927\u90e8\u5206\u90fd\u662f\u4e00\u4e2a\u4eba\u5750\u7684\u3002\u7136\u800c\uff0c\u5f53\u6211\u62ff\u8d77\u6211\u7684\u997c\u5e72\u65f6\uff0c\u6211\u5403\u60ca\u4e86\uff0c\u751a\u81f3\u4e0d\u6b62\u662f\u5403\u60ca\u3002\u997c\u5e72\u4e0a\u6709\u4e00\u6392\u6e05\u6670\u7684\u7259\u5370\uff0c\u5b83\u88ab\u54ac\u6389\u4e86\u4e00\u53e3\uff0c\u800c\u4e14\u6beb\u65e0\u7591\u95ee\u8be5\u53bb\u54ea\u513f\u627e\u90a3\u4e00\u53e3\u3002\u90a3\u4e2a\u8001\u5934\u9762\u524d\u653e\u7740\u4e00\u676f\u5496\u5561\uff0c\u522b\u7684\u4ec0\u4e48\u4e5f\u6ca1\u6709\u3002\u540c\u65f6\u6211\u6e05\u695a\u5730\u770b\u5230\u4ed6\u5728\u5077\u5077\u5730\u5480\u56bc\u548c\u541e\u54bd\u7740\u4ec0\u4e48\u3002\u4ed6\u4e5f\u76ef\u7740\u6211\u7684\u997c\u5e72\uff0c\u8138\u660e\u663e\u7ea2\u4e86\u3002\u55ef\uff0c\u771f\u7684\uff0c\u5982\u679c\u6709\u4eba\u6709\u7406\u7531\u8138\u7ea2\u7684\u8bdd\u2026\u2026<\/p>\n<p class=\"ds-markdown-paragraph\">\u5e78\u597d\uff0c\u6211\u6ca1\u6709\u7ec6\u83cc\u6050\u60e7\u75c7\uff0c\u800c\u4e14\u5bf9\u201c\u4e0d\u5e72\u51c0\u201d\u4e5f\u65e9\u5df2\u4e60\u4ee5\u4e3a\u5e38\uff0c\u6240\u4ee5\u6211\u51b3\u5b9a\u4e0d\u8ba9\u8fd9\u4e2a\u8ba8\u538c\u7684\u5916\u56fd\u4eba\u641e\u5f97\u6211\u96be\u582a\u3002\u6211\u5e73\u9759\u5730\uff0c\u5047\u88c5\u5f88\u4eab\u53d7\u5730\uff0c\u5403\u6389\u4e86\u6211\u7684\u5de7\u514b\u529b\u997c\u5e72\u5269\u4e0b\u7684\u90e8\u5206\uff0c\u5e76\u7528\u5496\u5561refresh\u4e86\u4e00\u4e0b\u81ea\u5df1\u3002\u671f\u95f4\u90a3\u4e2a\u8ba8\u538c\u7684\u7537\u4eba\u4e00\u76f4\u76ef\u7740\u6211\u770b\u3002\u201c\u5728\u6211\u4eec\u8fd9\u513f\uff0c\u201d\u6211\u60f3\uff0c\u201c\u4f60\u53ef\u522b\u7ee7\u7eed\u4f60\u5077\u6478\u7684\u4e60\u60ef\uff01\u201d<\/p>\n<p class=\"ds-markdown-paragraph\">\u6700\u540e\u4ed6\u50cf\u6761\u6328\u4e86\u6253\u7684\u72d7\u4e00\u6837\u6e9c\u8d70\u4e86\u3002\u4f46\u53c8\u56de\u6765\u4e86\uff1f\u662f\u7684\uff0c\u56de\u6765\u4e86\uff0c\u5e26\u7740\u4ed6\u81ea\u5df1\u7684\u4e00\u5757\u5de7\u514b\u529b\u997c\u5e72\uff0c\u8fd9\u6b21\u6beb\u65e0\u7591\u95ee\u662f\u8bda\u5b9e\u5730\u4e70\u6765\u7684\u3002\u597d\u5427\uff0c\u6211\u5bf9\u4ed6\u8bbd\u523a\u5730\u7b11\u4e86\u7b11\u3002\u4ed6\u628a\u4ed6\u7684\u997c\u5e72\u653e\u5728\u81ea\u5df1\u9762\u524d\uff0c\u54c1\u5c1d\u7740\u4ed6\u7684\u5496\u5561\u3002\u8fd9\u65f6\u6211\u6709\u4e86\u4e2a\u597d\u4e3b\u610f\u3002\u201c\u4ee5\u773c\u8fd8\u773c\uff0c\u4ee5\u7259\u8fd8\u7259\u201d\uff0c\u5723\u7ecf\u4e0a\u4e0d\u662f\u8fd9\u4e48\u8bf4\u5417\uff1f\u6211\u8fc5\u901f\u62ff\u8d77\u4ed6\u7684\u997c\u5e72\uff0c\u54ac\u4e0b\u4e00\u5757\uff0c\u4eab\u53d7\u5730\u56bc\u7740\uff0c\u628a\u5269\u4e0b\u7684\u653e\u56de\u4ed6\u9762\u524d\uff0c\u5fae\u7b11\u7740\u770b\u7740\u4ed6\uff0c\u8eab\u5b50\u5411\u540e\u9760\u5728\u94a2\u5851\u6905\u5b50\u4e0a\u3002\u201c\u626f\u5e73\u4e86\uff0c\u201d\u6211\u60f3\uff0c\u201c\u751a\u81f3\u997c\u5e72\u4e5f\u5e73\u4e86\uff01\u201d\uff0c\u6211\u4e3a\u8fd9\u4e2a\u65e0\u610f\u4e2d\u7684\u53cc\u5173\u8bed\u5927\u7b11\u8d77\u6765\u3002\u8fd9\u65f6\u90a3\u4e2a\u5916\u56fd\u4eba\u5f7b\u5e95\u5730\u8d70\u4e86\uff0c\u5b8c\u5168\u88ab\u51fb\u8d25\u4e86\uff0c\u7559\u4e0b\u4e86\u4ed6\u7684\u997c\u5e72\u548c\u5496\u5561\u3002<\/p>\n<p class=\"ds-markdown-paragraph\">\u6211\u5bf9\u81ea\u5df1\u975e\u5e38\u6ee1\u610f\uff0c\u6ce8\u610f\u5230\u8be5\u53bb\u672a\u6765\u7684\u5de5\u4f5c\u5730\u70b9\u89c1\u4e3b\u4efb\u4e86\u3002\u6211\u8f7b\u677e\u5730\u627e\u5230\u4e86\u529e\u516c\u5ba4\uff0c\u5728\u8bca\u6240\u4e3b\u4efb\u7684\u95e8\u524d\u53c8\u7b49\u4e86\u5341\u5206\u949f\u3002\u6211\u8f7b\u58f0\u7ec3\u4e60\u7740\u53d1\u97f3\u4ed6\u7684\u540d\u5b57\uff0c\u90a3\u662f\u500b\u5916\u56fd\u540d\u5b57\u3002\u7ec8\u4e8e\u6211\u53ef\u4ee5\u8fdb\u4ed6\u7684\u623f\u95f4\u4e86\u3002\u4ed6\u672c\u4eba\u8fd8\u6ca1\u5230\uff0c\u6211\u5728\u4e00\u5f20\u6c99\u53d1\u4e0a\u5750\u4e86\u4e0b\u6765\u3002\u628a\u5927\u8863\u53e0\u653e\u5728\u819d\u76d6\u4e0a\u65f6\uff0c\u6211\u6ce8\u610f\u5230\u6709\u4e1c\u897f\u4ece\u5b83\u7684\u5927\u53e3\u888b\u91cc\u6389\u4e86\u51fa\u6765\u2014\u2014\u4e00\u5757\u5de7\u514b\u529b\u997c\u5e72\uff01\u5f88\u660e\u663e\u8fd9\u662f\u6211\u7684\uff0c\u4e5f\u5c31\u662f\u6211\u4e70\u7684\u90a3\u552f\u4e00\u4e00\u5757\uff0c\u5b83\u5728\u6211\u7aef\u5496\u5561\u5230\u684c\u5b50\u65f6\uff0c\u6ca1\u6ce8\u610f\u6ed1\u8fdb\u4e86\u53e3\u888b\u91cc\u3002<\/p>\n<p class=\"ds-markdown-paragraph\">\u6b63\u5728\u90a3\u65f6\uff0c\u8bca\u6240\u4e3b\u4efb\u8fdb\u6765\u4e86\uff0c\u4e00\u4e2a\u7070\u5934\u53d1\u7684\u79fb\u6c11\uff0c\u770b\u8d77\u6765\u8fd8\u5728\u4e3a\u4ed6\u7684\u4e24\u5757\u5de7\u514b\u529b\u997c\u5e72\u611f\u5230\u60cb\u60dc\uff0c\u800c\u4ed6\u6bcf\u5757\u90fd\u53ea\u5c1d\u4e86\u4e00\u53e3\u3002<\/p>\n<p>\uff08DeepSeek \u7ffb\u8bd1\uff09<\/p>\n<p>reveni al\u00a0<a href=\"https:\/\/reto.cn\/php\/hanyu\/voc-legitaj-esperantaj-libroj\/denaska-kongresano\/\">Denaska kongresano<\/a><br \/>\n\u8fd4\u56de\u00a0<a href=\"https:\/\/reto.cn\/php\/hanyu\/voc-legitaj-esperantaj-libroj\/denaska-kongresano\/\">Denaska kongresano<\/a>\u00a0\u76ee\u5f55<\/p>\n<p>\u7eff\u7f51\uff0c\u4e2d\u56fd\u4e16\u754c\u8bed\u7f51\u7ad9<br \/>\nVerda Reto, \u0109ina esperanta retejo<br \/>\n<a href=\"https:\/\/reto.cn\/\">https:\/\/reto.cn<\/a><\/p>\n","protected":false},"excerpt":{"rendered":"<p>LA \u0108OKOLADA BISKVITO \u5de7\u514b\u529b\u997c\u5e72 (Unua premio de la bran\u0109o pr\u2026 <span class=\"read-more\"><a href=\"https:\/\/reto.cn\/php\/hanyu\/lernado-de-esperanto\/voc-legitaj-esperantaj-libroj\/denaska-kongresano\/la-cokolada-biskvito\/\">\u7ee7\u7eed\u9605\u8bfb Legi pli &raquo;<\/a><\/span><\/p>\n","protected":false},"author":1,"featured_media":0,"parent":9746,"menu_order":0,"comment_status":"open","ping_status":"closed","template":"","meta":{"footnotes":""},"_links":{"self":[{"href":"https:\/\/reto.cn\/php\/hanyu\/wp-json\/wp\/v2\/pages\/9768"}],"collection":[{"href":"https:\/\/reto.cn\/php\/hanyu\/wp-json\/wp\/v2\/pages"}],"about":[{"href":"https:\/\/reto.cn\/php\/hanyu\/wp-json\/wp\/v2\/types\/page"}],"author":[{"embeddable":true,"href":"https:\/\/reto.cn\/php\/hanyu\/wp-json\/wp\/v2\/users\/1"}],"replies":[{"embeddable":true,"href":"https:\/\/reto.cn\/php\/hanyu\/wp-json\/wp\/v2\/comments?post=9768"}],"version-history":[{"count":0,"href":"https:\/\/reto.cn\/php\/hanyu\/wp-json\/wp\/v2\/pages\/9768\/revisions"}],"up":[{"embeddable":true,"href":"https:\/\/reto.cn\/php\/hanyu\/wp-json\/wp\/v2\/pages\/9746"}],"wp:attachment":[{"href":"https:\/\/reto.cn\/php\/hanyu\/wp-json\/wp\/v2\/media?parent=9768"}],"curies":[{"name":"wp","href":"https:\/\/api.w.org\/{rel}","templated":true}]}}